{"id":6259,"date":"2014-03-15T18:28:21","date_gmt":"2014-03-15T17:28:21","guid":{"rendered":"http:\/\/codexvirtualis.fr\/codex\/?page_id=6259"},"modified":"2014-03-15T18:36:00","modified_gmt":"2014-03-15T17:36:00","slug":"laraignee-1","status":"publish","type":"page","link":"https:\/\/codexvirtualis.fr\/codex\/portraits\/laraignee-1","title":{"rendered":"L&rsquo;Araign\u00e9e (1)"},"content":{"rendered":"<p> &nbsp; <\/p>\n<figure style=\"width: 300px\" class=\"wp-caption alignnone\"><a rel=\"lightbox\" href=\"\/documents\/images\/portraits\/spider-portrait-web.jpg\" target=\"_blank\"><img decoding=\"async\" src=\"\/documents\/images\/portraits\/spider-portrait-web.jpg\" width=\"300\" alt=\"L'Araign\u00e9e\" class \/><\/a><figcaption class=\"wp-caption-text\">L&rsquo;Araign\u00e9e (N. Prunet)<\/figcaption><\/figure>\n<p> &nbsp; <\/p>\n<p>J&rsquo;aime l&rsquo;araign\u00e9e<\/p>\n<p>J&rsquo;aime l&rsquo;araign\u00e9e et j&rsquo;aime l&rsquo;ortie,<br \/>\nParce qu&rsquo;on les hait ;<br \/>\nEt que rien n&rsquo;exauce et que tout ch\u00e2tie<br \/>\nLeur morne souhait ;<\/p>\n<p>Parce qu&rsquo;elles sont maudites, ch\u00e9tives,<br \/>\nNoirs \u00eatres rampants ;<br \/>\nParce qu&rsquo;elles sont les tristes captives<br \/>\nDe leur guet-apens ;<\/p>\n<p>Parce qu&rsquo;elles sont prises dans leur oeuvre ;<br \/>\n\u00d4 sort ! fatals noeuds !<br \/>\nParce que l&rsquo;ortie est une couleuvre,<br \/>\nL&rsquo;araign\u00e9e un gueux ;<\/p>\n<p>Parce qu&rsquo;elles ont l&rsquo;ombre des ab\u00eemes,<br \/>\nParce qu&rsquo;on les fuit,<br \/>\nParce qu&rsquo;elles sont toutes deux victimes<br \/>\nDe la sombre nuit.<\/p>\n<p>Passants, faites gr\u00e2ce \u00e0 la plante obscure,<br \/>\nAu pauvre animal.<br \/>\nPlaignez la laideur, plaignez la piq\u00fbre,<br \/>\nOh ! plaignez le mal !<\/p>\n<p>Il n&rsquo;est rien qui n&rsquo;ait sa m\u00e9lancolie ;<br \/>\nTout veut un baiser.<br \/>\nDans leur fauve horreur, pour peu qu&rsquo;on oublie<br \/>\nDe les \u00e9craser,<\/p>\n<p>Pour peu qu&rsquo;on leur jette un oeil moins superbe,<br \/>\nTout bas, loin du jour,<br \/>\nLa vilaine b\u00eate et la mauvaise herbe<br \/>\nMurmurent : Amour !<\/p>\n<p>Victor Hugo<\/p>\n<p> &nbsp; <\/p>\n<hr \/>\n","protected":false},"excerpt":{"rendered":"<p>&nbsp; &nbsp; J&rsquo;aime l&rsquo;araign\u00e9e J&rsquo;aime l&rsquo;araign\u00e9e et j&rsquo;aime l&rsquo;ortie, Parce qu&rsquo;on les hait ; Et que rien n&rsquo;exauce et que tout ch\u00e2tie Leur morne souhait ; Parce qu&rsquo;elles sont maudites, ch\u00e9tives, Noirs \u00eatres rampants ; Parce qu&rsquo;elles sont les tristes captives De leur guet-apens ; Parce qu&rsquo;elles sont prises dans leur oeuvre ; \u00d4 sort [&hellip;]<\/p>\n","protected":false},"author":2,"featured_media":0,"parent":2333,"menu_order":0,"comment_status":"closed","ping_status":"closed","template":"","meta":{"site-sidebar-layout":"default","site-content-layout":"","ast-site-content-layout":"default","site-content-style":"default","site-sidebar-style":"default","ast-global-header-display":"","ast-banner-title-visibility":"","ast-main-header-display":"","ast-hfb-above-header-display":"","ast-hfb-below-header-display":"","ast-hfb-mobile-header-display":"","site-post-title":"","ast-breadcrumbs-content":"","ast-featured-img":"","footer-sml-layout":"","ast-disable-related-posts":"","theme-transparent-header-meta":"","adv-header-id-meta":"","stick-header-meta":"","header-above-stick-meta":"","header-main-stick-meta":"","header-below-stick-meta":"","astra-migrate-meta-layouts":"default","ast-page-background-enabled":"default","ast-page-background-meta":{"desktop":{"background-color":"var(--ast-global-color-4)","background-image":"","background-repeat":"repeat","background-position":"center center","background-size":"auto","background-attachment":"scroll","background-type":"","background-media":"","overlay-type":"","overlay-color":"","overlay-opacity":"","overlay-gradient":""},"tablet":{"background-color":"","background-image":"","background-repeat":"repeat","background-position":"center center","background-size":"auto","background-attachment":"scroll","background-type":"","background-media":"","overlay-type":"","overlay-color":"","overlay-opacity":"","overlay-gradient":""},"mobile":{"background-color":"","background-image":"","background-repeat":"repeat","background-position":"center center","background-size":"auto","background-attachment":"scroll","background-type":"","background-media":"","overlay-type":"","overlay-color":"","overlay-opacity":"","overlay-gradient":""}},"ast-content-background-meta":{"desktop":{"background-color":"var(--ast-global-color-5)","background-image":"","background-repeat":"repeat","background-position":"center center","background-size":"auto","background-attachment":"scroll","background-type":"","background-media":"","overlay-type":"","overlay-color":"","overlay-opacity":"","overlay-gradient":""},"tablet":{"background-color":"var(--ast-global-color-5)","background-image":"","background-repeat":"repeat","background-position":"center center","background-size":"auto","background-attachment":"scroll","background-type":"","background-media":"","overlay-type":"","overlay-color":"","overlay-opacity":"","overlay-gradient":""},"mobile":{"background-color":"var(--ast-global-color-5)","background-image":"","background-repeat":"repeat","background-position":"center center","background-size":"auto","background-attachment":"scroll","background-type":"","background-media":"","overlay-type":"","overlay-color":"","overlay-opacity":"","overlay-gradient":""}},"footnotes":""},"class_list":["post-6259","page","type-page","status-publish","hentry"],"aioseo_notices":[],"jetpack_sharing_enabled":true,"_links":{"self":[{"href":"https:\/\/codexvirtualis.fr\/codex\/wp-json\/wp\/v2\/pages\/6259","targetHints":{"allow":["GET"]}}],"collection":[{"href":"https:\/\/codexvirtualis.fr\/codex\/wp-json\/wp\/v2\/pages"}],"about":[{"href":"https:\/\/codexvirtualis.fr\/codex\/wp-json\/wp\/v2\/types\/page"}],"author":[{"embeddable":true,"href":"https:\/\/codexvirtualis.fr\/codex\/wp-json\/wp\/v2\/users\/2"}],"replies":[{"embeddable":true,"href":"https:\/\/codexvirtualis.fr\/codex\/wp-json\/wp\/v2\/comments?post=6259"}],"version-history":[{"count":7,"href":"https:\/\/codexvirtualis.fr\/codex\/wp-json\/wp\/v2\/pages\/6259\/revisions"}],"predecessor-version":[{"id":6266,"href":"https:\/\/codexvirtualis.fr\/codex\/wp-json\/wp\/v2\/pages\/6259\/revisions\/6266"}],"up":[{"embeddable":true,"href":"https:\/\/codexvirtualis.fr\/codex\/wp-json\/wp\/v2\/pages\/2333"}],"wp:attachment":[{"href":"https:\/\/codexvirtualis.fr\/codex\/wp-json\/wp\/v2\/media?parent=6259"}],"curies":[{"name":"wp","href":"https:\/\/api.w.org\/{rel}","templated":true}]}}