{"id":6233,"date":"2014-03-04T21:38:36","date_gmt":"2014-03-04T20:38:36","guid":{"rendered":"http:\/\/codexvirtualis.fr\/codex\/?page_id=6233"},"modified":"2014-03-04T22:12:39","modified_gmt":"2014-03-04T21:12:39","slug":"lanemone-de-mer","status":"publish","type":"page","link":"https:\/\/codexvirtualis.fr\/codex\/portraits\/lanemone-de-mer","title":{"rendered":"L&rsquo;An\u00e9mone de mer"},"content":{"rendered":"<p> &nbsp; <\/p>\n<figure style=\"width: 300px\" class=\"wp-caption alignnone\"><a rel=\"lightbox\" href=\"\/documents\/images\/portraits\/actinia-equina_01-WEB.jpg\" target=\"_blank\"><img decoding=\"async\" src=\"\/documents\/images\/portraits\/actinia-equina_01-WEB.jpg\" width=\"300\" alt=\"L'Actinie commune\" class \/><\/a><figcaption class=\"wp-caption-text\">L&rsquo;Actinie commune (<em>Actinia equina<\/em> &#8211; N. Prunet)<\/figcaption><\/figure>\n<p> &nbsp; <\/p>\n<p>L\u2019an\u00e9mone qui r\u00e9gnait sur la mer<\/p>\n<p>L\u2019an\u00e9mone qui r\u00e9gnait sur la mer<br \/>\nr\u00e8gne encore c\u2019est entendu<br \/>\nMais si peu elle est perdue<br \/>\nElle est perdue au fond des mers<br \/>\nElle se souvient de ses diamants<br \/>\nsuspendus \u00e0 l\u2019arc-en-ciel<br \/>\nsuspendus dans la ros\u00e9e<br \/>\net les hu\u00eetres b\u00e2illent alentour<br \/>\npour lui offrir des perles<br \/>\nMais l\u2019an\u00e9mone qui r\u00e9gnait sur la mer<br \/>\nne r\u00e8gne presque plus et l\u2019ancre de fer<br \/>\nl\u2019a mordue cruellement et elle mourra tant\u00f4t.<\/p>\n<p>Robert Desnos<\/p>\n<p> &nbsp; <\/p>\n<hr \/>\n","protected":false},"excerpt":{"rendered":"<p>&nbsp; &nbsp; L\u2019an\u00e9mone qui r\u00e9gnait sur la mer L\u2019an\u00e9mone qui r\u00e9gnait sur la mer r\u00e8gne encore c\u2019est entendu Mais si peu elle est perdue Elle est perdue au fond des mers Elle se souvient de ses diamants suspendus \u00e0 l\u2019arc-en-ciel suspendus dans la ros\u00e9e et les hu\u00eetres b\u00e2illent alentour pour lui offrir des perles Mais [&hellip;]<\/p>\n","protected":false},"author":2,"featured_media":0,"parent":2333,"menu_order":0,"comment_status":"closed","ping_status":"closed","template":"","meta":{"site-sidebar-layout":"default","site-content-layout":"","ast-site-content-layout":"default","site-content-style":"default","site-sidebar-style":"default","ast-global-header-display":"","ast-banner-title-visibility":"","ast-main-header-display":"","ast-hfb-above-header-display":"","ast-hfb-below-header-display":"","ast-hfb-mobile-header-display":"","site-post-title":"","ast-breadcrumbs-content":"","ast-featured-img":"","footer-sml-layout":"","ast-disable-related-posts":"","theme-transparent-header-meta":"","adv-header-id-meta":"","stick-header-meta":"","header-above-stick-meta":"","header-main-stick-meta":"","header-below-stick-meta":"","astra-migrate-meta-layouts":"default","ast-page-background-enabled":"default","ast-page-background-meta":{"desktop":{"background-color":"var(--ast-global-color-4)","background-image":"","background-repeat":"repeat","background-position":"center center","background-size":"auto","background-attachment":"scroll","background-type":"","background-media":"","overlay-type":"","overlay-color":"","overlay-opacity":"","overlay-gradient":""},"tablet":{"background-color":"","background-image":"","background-repeat":"repeat","background-position":"center center","background-size":"auto","background-attachment":"scroll","background-type":"","background-media":"","overlay-type":"","overlay-color":"","overlay-opacity":"","overlay-gradient":""},"mobile":{"background-color":"","background-image":"","background-repeat":"repeat","background-position":"center center","background-size":"auto","background-attachment":"scroll","background-type":"","background-media":"","overlay-type":"","overlay-color":"","overlay-opacity":"","overlay-gradient":""}},"ast-content-background-meta":{"desktop":{"background-color":"var(--ast-global-color-5)","background-image":"","background-repeat":"repeat","background-position":"center center","background-size":"auto","background-attachment":"scroll","background-type":"","background-media":"","overlay-type":"","overlay-color":"","overlay-opacity":"","overlay-gradient":""},"tablet":{"background-color":"var(--ast-global-color-5)","background-image":"","background-repeat":"repeat","background-position":"center center","background-size":"auto","background-attachment":"scroll","background-type":"","background-media":"","overlay-type":"","overlay-color":"","overlay-opacity":"","overlay-gradient":""},"mobile":{"background-color":"var(--ast-global-color-5)","background-image":"","background-repeat":"repeat","background-position":"center center","background-size":"auto","background-attachment":"scroll","background-type":"","background-media":"","overlay-type":"","overlay-color":"","overlay-opacity":"","overlay-gradient":""}},"footnotes":""},"class_list":["post-6233","page","type-page","status-publish","hentry"],"aioseo_notices":[],"jetpack_sharing_enabled":true,"_links":{"self":[{"href":"https:\/\/codexvirtualis.fr\/codex\/wp-json\/wp\/v2\/pages\/6233","targetHints":{"allow":["GET"]}}],"collection":[{"href":"https:\/\/codexvirtualis.fr\/codex\/wp-json\/wp\/v2\/pages"}],"about":[{"href":"https:\/\/codexvirtualis.fr\/codex\/wp-json\/wp\/v2\/types\/page"}],"author":[{"embeddable":true,"href":"https:\/\/codexvirtualis.fr\/codex\/wp-json\/wp\/v2\/users\/2"}],"replies":[{"embeddable":true,"href":"https:\/\/codexvirtualis.fr\/codex\/wp-json\/wp\/v2\/comments?post=6233"}],"version-history":[{"count":4,"href":"https:\/\/codexvirtualis.fr\/codex\/wp-json\/wp\/v2\/pages\/6233\/revisions"}],"predecessor-version":[{"id":6236,"href":"https:\/\/codexvirtualis.fr\/codex\/wp-json\/wp\/v2\/pages\/6233\/revisions\/6236"}],"up":[{"embeddable":true,"href":"https:\/\/codexvirtualis.fr\/codex\/wp-json\/wp\/v2\/pages\/2333"}],"wp:attachment":[{"href":"https:\/\/codexvirtualis.fr\/codex\/wp-json\/wp\/v2\/media?parent=6233"}],"curies":[{"name":"wp","href":"https:\/\/api.w.org\/{rel}","templated":true}]}}