{"id":5708,"date":"2013-09-29T17:42:14","date_gmt":"2013-09-29T15:42:14","guid":{"rendered":"http:\/\/codexvirtualis.fr\/codex\/?page_id=5708"},"modified":"2017-08-30T10:56:04","modified_gmt":"2017-08-30T08:56:04","slug":"les-balanes","status":"publish","type":"page","link":"https:\/\/codexvirtualis.fr\/codex\/cabinet-de-curiosites-virtuel\/des-animaux-meconnus\/les-balanes","title":{"rendered":"Les Balanes"},"content":{"rendered":"<p> &nbsp; <\/p>\n<h2>De surprenants h\u00f4tes du bord de mer<\/h2>\n<figure style=\"width: 300px\" class=\"wp-caption alignnone\"><a rel=\"lightbox\" href=\"\/documents\/images\/balanes\/IMGP2063_Balanes_2007-WEB.jpg\" target=\"_blank\"><img decoding=\"async\" src=\"\/documents\/images\/balanes\/IMGP2063_Balanes_2007-WEB.jpg\" width=\"300\" alt=\"Balanes de diverses esp\u00e8ces\" class \/><\/a><figcaption class=\"wp-caption-text\">Balanes de diverses esp\u00e8ces (Roscoff, f\u00e9vrier 2007)<\/figcaption><\/figure>\n<p>Lorsque le regard se porte vers le bas \u00e0 l&rsquo;occasion d&rsquo;une promenade en bord de mer, les rochers apparaissent souvent couverts de petits c\u00f4nes tronqu\u00e9s, dont la couleur varie du blanc au gris. Certains sont \u00e9galement install\u00e9s sur des coquilles de Moules, de Patelles&#8230;<\/p>\n<p>\u00c0 mar\u00e9e basse, il est difficile d&rsquo;imaginer que ces petites pyramides \u00e9merg\u00e9es sont en r\u00e9alit\u00e9 des animaux appartenant au groupe des Arthropodes. Il s&rsquo;agit de petits crustac\u00e9s commun\u00e9ment appel\u00e9s Balanes, dont il existe de nombreuses esp\u00e8ces.<\/p>\n<p>Selon l&rsquo;\u00e2ge de l&rsquo;individu et l&rsquo;esp\u00e8ce \u00e0 laquelle il appartient, le diam\u00e8tre ext\u00e9rieur est g\u00e9n\u00e9ralement compris entre 1 et 15 mm.<\/p>\n<p> &nbsp; <\/p>\n<h2>Plan d&rsquo;organisation<\/h2>\n<h3>\u00c0 quoi ressemblent-elles ?<\/h3>\n<figure style=\"width: 300px\" class=\"wp-caption alignnone\"><a rel=\"lightbox\" href=\"\/documents\/images\/balanes\/elminius_modestus02-09-WEB.jpg\" target=\"_blank\"><img decoding=\"async\" src=\"\/documents\/images\/balanes\/elminius_modestus02-09-WEB.jpg\" width=\"300\" alt=\"Balane de l'esp\u00e8ce Austrominius modestus\" class \/><\/a><figcaption class=\"wp-caption-text\">Balane de l&rsquo;esp\u00e8ce <em>Austrominius modestus<\/em> (Roscoff, 2009)<\/figcaption><\/figure>\n<p> &nbsp; <\/p>\n<p>Le corps de l&rsquo;animal produit une enveloppe rigide, calcifi\u00e9e et de forme conique, \u00e0 l&rsquo;int\u00e9rieur de laquelle il est r\u00e9tract\u00e9 en conditions d&rsquo;\u00e9mersion et qui le prot\u00e8ge en particulier du dess\u00e8chement.<\/p>\n<p> &nbsp; <\/p>\n<figure style=\"width: 300px\" class=\"wp-caption alignnone\"><a rel=\"lightbox\" href=\"\/documents\/images\/balanes\/balane_morphologie.png\" target=\"_blank\"><img decoding=\"async\" src=\"\/documents\/images\/balanes\/balane_morphologie.png\" width=\"300\" alt=\"Morphologie d'une Balane\" class \/><\/a><figcaption class=\"wp-caption-text\">Morphologie d&rsquo;une Balane (d&rsquo;apr\u00e8s Brusca R.C., Brusca G.J.)<\/figcaption><\/figure>\n<p> &nbsp; <\/p>\n<p>Appel\u00e9e capitulum, cette enveloppe est form\u00e9e de deux parties :<\/p>\n<p><span style=\"color: #999999;\">&bull; <\/span>une muraille compos\u00e9e de quatre ou six plaques qualifi\u00e9es de rostrale, car\u00e9nale, rostro-lat\u00e9rale et car\u00e9no-lat\u00e9rale ;<\/p>\n<p><span style=\"color: #999999;\">&bull; <\/span>un opercule form\u00e9 de quatre plaques constituant un tergum c\u00f4t\u00e9 car\u00e8ne et un scutum c\u00f4t\u00e9 rostre.<\/p>\n<p> &nbsp; <\/p>\n<figure style=\"width: 300px\" class=\"wp-caption alignnone\"><a rel=\"lightbox\" href=\"\/documents\/images\/balanes\/DSCN3442_Balanus_2005-WEB.jpg\" target=\"_blank\"><img decoding=\"async\" src=\"\/documents\/images\/balanes\/DSCN3442_Balanus_2005-WEB.jpg\" width=\"300\" alt=\"Balane de l'esp\u00e8ce Semibalanus balanoides\" class \/><\/a><figcaption class=\"wp-caption-text\">Balane de l&rsquo;esp\u00e8ce <em>Semibalanus balanoides<\/em> (Roscoff, 2005)<\/figcaption><\/figure>\n<p> &nbsp; <\/p>\n<figure style=\"width: 300px\" class=\"wp-caption alignnone\"><a rel=\"lightbox\" href=\"\/documents\/images\/balanes\/balanusperf01-07-WEB.jpg\" target=\"_blank\"><img decoding=\"async\" src=\"\/documents\/images\/balanes\/balanusperf01-07-WEB.jpg\" width=\"300\" alt=\"Balane de l'esp\u00e8ce Perforatus perforatus\" class \/><\/a><figcaption class=\"wp-caption-text\">Balane de l&rsquo;esp\u00e8ce <em>Perforatus perforatus<\/em> (Morgat, 2007)<\/figcaption><\/figure>\n<p> &nbsp; <\/p>\n<p>Parmi les crit\u00e8res permettant d&rsquo;identifier les esp\u00e8ces figurent le nombre de plaques composant la muraille, la position de la plaque rostrale par rapport aux plaques rostro-lat\u00e9rales, les dimensions relatives du tergum et du scutum.<\/p>\n<p>Ainsi les esp\u00e8ces appartenant aux genres <em>Balanus<\/em> et <em>Chthamalus<\/em> poss\u00e8dent une muraille de six plaques quand l&rsquo;esp\u00e8ce <em>Austrominius modestus<\/em> pr\u00e9sente une muraille de quatre plaques.<br \/>\nDans le genre <em>Balanus<\/em>, la plaque rostrale recouvre les plaques rostro-lat\u00e9rales alors qu&rsquo;il est recouvert dans le genre <em>Chthamalus<\/em>.<\/p>\n<p> &nbsp; <\/p>\n<figure style=\"width: 300px\" class=\"wp-caption alignnone\"><a rel=\"lightbox\" href=\"\/documents\/images\/balanes\/Balanes-WEB.jpg\" target=\"_blank\"><img decoding=\"async\" src=\"\/documents\/images\/balanes\/Balanes-WEB.jpg\" width=\"300\" alt=\"Balanes d\u00e9ploy\u00e9es\" class \/><\/a><figcaption class=\"wp-caption-text\">Balanes d\u00e9ploy\u00e9es (avril 2011 &#8211; N. Prunet)<\/figcaption><\/figure>\n<p> &nbsp; <\/p>\n<p>Immerg\u00e9es les Balanes d\u00e9ploient des expansions hors du capitulum, \u00e0 la faveur d&rsquo;une ouverture de l&rsquo;opercule, r\u00e9v\u00e9lant que les c\u00f4nes observ\u00e9s \u00e0 mar\u00e9e basse sont bien des animaux.<\/p>\n<p>Dans son enveloppe rigide, l&rsquo;animal est suspendu par la r\u00e9gion c\u00e9phalique. <\/p>\n<p> &nbsp; <\/p>\n<figure style=\"width: 300px\" class=\"wp-caption alignnone\"><a rel=\"lightbox\" href=\"\/documents\/images\/balanes\/balane_anatomie.png\" target=\"_blank\"><img decoding=\"async\" src=\"\/documents\/images\/balanes\/balane_anatomie.png\" width=\"300\" alt=\"Anatomie d'une Balane\" class \/><\/a><figcaption class=\"wp-caption-text\">Anatomie d&rsquo;une Balane (d&rsquo;apr\u00e8s Brusca R.C., Brusca G.J.)<\/figcaption><\/figure>\n<p>La t\u00eate est accol\u00e9e \u00e0 la face interne du scutum. Elle est principalement mat\u00e9rialis\u00e9e par la bouche associ\u00e9e \u00e0 des <a href=\"\/codex\/glossaire\/glossaire-de-p-a-s#piece-buccale\" target=\"_blank\">pi\u00e8ces buccales<\/a>. <\/p>\n<p>Le <a href=\"\/codex\/glossaire\/glossaire-de-t-a-z#thorax\" target=\"_blank\">thorax<\/a> est plus d\u00e9velopp\u00e9 et individualis\u00e9. Courb\u00e9 en U, il est form\u00e9 de six <a href=\"\/codex\/glossaire\/glossaire-de-p-a-s#segment\" target=\"_blank\">segments<\/a> portant de longs <a href=\"\/codex\/glossaire\/glossaire-de-a-a-c#appendice\" target=\"_blank\">appendices<\/a> compos\u00e9s de deux rames, d\u00e9sign\u00e9s par le terme cirres.<br \/>\nLes cirres des deux ou trois paires ant\u00e9rieures sont relativement courts et couverts de soies tr\u00e8s serr\u00e9es alors que les cirres des paires post\u00e9rieures sont tr\u00e8s longs, constitu\u00e9s de nombreux articles portant chacun de longues soies.<\/p>\n<p>La pr\u00e9sence de cirres est \u00e0 l&rsquo;origine du nom du groupe auquel appartiennent les Balanes, d\u00e9sign\u00e9 par le terme Cirrip\u00e8des.<\/p>\n<p> &nbsp; <\/p>\n<h2>\u00c9l\u00e9ments de biologie<\/h2>\n<h3>O\u00f9 et comment vivent-elles ?<\/h3>\n<p>Les Balanes sont des animaux vivant fix\u00e9s sur un support rigide, rocher, coquille voire coques des navires.<\/p>\n<p> &nbsp; <\/p>\n\n\t<!-- Begin Video.js -->\n\t<video id=\"example_video_id_549730874\" class=\"video-js vjs-default-skin\" width=\"550\" height=\"309\" poster=\"\/documents\/videos\/balanes\/balane_image_video_01.jpg\" controls preload=\"none\" data-setup='[]'>\n\t\t<source src=\"https:\/documents\/videos\/balanes\/balane_f.mp4\" type='video\/mp4' \/>\n\t\t\n\t\t\n\t<\/video>\n\t<!-- End Video.js -->\n\n<p> &nbsp; <\/p>\n<p>Lorsqu&rsquo;elles sont immerg\u00e9es, les plaques du scutum et du tergum s&rsquo;\u00e9cartent, m\u00e9nageant une ouverture m\u00e9diane dans l&rsquo;opercule.<br \/>\nLes cirres sont alors alternativement d\u00e9ploy\u00e9s et r\u00e9tract\u00e9s dans le capitulum.<\/p>\n<p>Un cycle se d\u00e9roule en quatre phases :<\/p>\n<p><span style=\"color: #999999;\">&bull; <\/span>les cirres post\u00e9rieurs sont d\u00e9ploy\u00e9s, ce qui provoque une d\u00e9pression dans le capitulum et en cons\u00e9quence une entr\u00e9e d\u2019eau ;<\/p>\n<p><span style=\"color: #999999;\">&bull; <\/span>l\u2019eau circule dans le capitulum et traverse le filtre constitu\u00e9 par les cirres ant\u00e9rieurs, qui retient les petites particules flottantes ;<\/p>\n<p><span style=\"color: #999999;\">&bull; <\/span>les cirres d\u00e9ploy\u00e9s basculent vers l\u2019avant et glanent les particules en suspension dans l&rsquo;eau environnante ; <\/p>\n<p><span style=\"color: #999999;\">&bull; <\/span>le thorax se r\u00e9tracte, amenant les particules pi\u00e9g\u00e9es par les cirres post\u00e9rieurs \u00e0 la bouche, ce faisant il chasse l\u2019eau du capitulum.<\/p>\n<p>Ainsi, les Balanes se nourrissent des particules en suspension dans l&rsquo;eau de mer, qu&rsquo;elles r\u00e9cup\u00e8rent en filtrant cette derni\u00e8re \u00e0 travers les soies de leurs cirres.<br \/>\nElles pratiquent une alimentation appel\u00e9e suspensivorie, il s&rsquo;agit d&rsquo;une microphagie par filtration.<\/p>\n<p> &nbsp; <\/p>\n<p>Bien que fix\u00e9es, les Balanes r\u00e9alisent une reproduction sexu\u00e9e avec accouplement.<\/p>\n<p>Il s&rsquo;agit d&rsquo;organismes hermaphrodites, d\u00e9veloppant \u00e0 la fois des gonades femelles, les ovaires, et des gonades m\u00e2les, les testicules.<br \/>\nIls poss\u00e8dent un long p\u00e9nis extensible, gr\u00e2ce auquel ils peuvent transmettre leurs spermatozo\u00efdes aux individus voisins.<\/p>\n<p>Apr\u00e8s la f\u00e9condation, le d\u00e9veloppement des \u0153ufs se d\u00e9roule dans la cavit\u00e9 du capitulum.<\/p>\n<p> &nbsp; <\/p>\n\n\t<!-- Begin Video.js -->\n\t<video id=\"example_video_id_1800091298\" class=\"video-js vjs-default-skin\" width=\"550\" height=\"309\" poster=\"\/documents\/videos\/balanes\/nauplius_image_video_02.jpg\" controls preload=\"none\" data-setup='[]'>\n\t\t<source src=\"https:\/documents\/videos\/balanes\/nauplius_01_f.mp4\" type='video\/mp4' \/>\n\t\t\n\t\t\n\t<\/video>\n\t<!-- End Video.js -->\n\n<p> &nbsp; <\/p>\n<p>Il conduit \u00e0 des <a href=\"\/codex\/glossaire\/glossaire-de-i-a-o#larve\" target=\"_blank\">larves<\/a> nageuses qui sont lib\u00e9r\u00e9es par l&rsquo;\u00e9closion et se d\u00e9versent dans l&rsquo;eau lors d&rsquo;une p\u00e9riode d&rsquo;immersion.<\/p>\n<p> &nbsp; <\/p>\n\n\t<!-- Begin Video.js -->\n\t<video id=\"example_video_id_437383044\" class=\"video-js vjs-default-skin\" width=\"550\" height=\"309\" poster=\"\/documents\/videos\/balanes\/nauplius_image_video_03.jpg\" controls preload=\"none\" data-setup='[]'>\n\t\t<source src=\"https:\/documents\/videos\/balanes\/nauplius_02_f.mp4\" type='video\/mp4' \/>\n\t\t\n\t\t\n\t<\/video>\n\t<!-- End Video.js -->\n\n<p> &nbsp; <\/p>\n<p>Appel\u00e9es nauplius, elles \u00e9voluent dans le plancton. <\/p>\n<p>Leur corps, en forme de goutte, n&rsquo;est pas segment\u00e9. Il  porte trois paires d&rsquo;appendices \u00e0 r\u00f4le locomoteur et alimentaire. \u00c0 l&rsquo;avant, un \u0153il unique est pr\u00e9sent, ainsi que deux petites cornes lat\u00e9rales, caract\u00e9ristiques du groupe des Cirrip\u00e8des.<\/p>\n<p>La larve nauplius grandit \u00e0 la faveur de <a href=\"\/codex\/glossaire\/glossaire-de-i-a-o#mue\" target=\"_blank\">mues<\/a>, avant de se transformer en une autre forme larvaire appel\u00e9e cypris.<\/p>\n<p>Celle-ci recherche un substrat favorable, y adh\u00e8re et subit une <a href=\"\/codex\/glossaire\/glossaire-de-i-a-o#metamorphose\" target=\"_blank\">m\u00e9tamorphose<\/a>. Elle  donne ainsi naissance \u00e0 une jeune Balane fix\u00e9e.<br \/>\nSa taille augmente gr\u00e2ce \u00e0 des mues, mais elles ne concernent pas le capitulum qui pr\u00e9sente une croissance continue, par addition de mati\u00e8re.<\/p>\n<p>Les groupes de Balanes, parfois importants, observ\u00e9s sur les rochers sont li\u00e9s \u00e0 l&rsquo;existence \u00e0 un processus d&rsquo;attraction des larves par les individus d\u00e9j\u00e0 install\u00e9s.<\/p>\n<p> &nbsp; <\/p>\n<h2>Pour en savoir plus sur les Balanes<\/h2>\n<p>Consulter :<\/p>\n<p><span style=\"color: #999999;\">&bull; <\/span>Brusca R.C., Brusca G.J., 2002 \u2013 Invertebrates. Sinauer associates, 936p., Sunderland (USA)<\/p>\n<p><span style=\"color: #999999;\">&bull; <\/span>la page du site Tree of life d\u00e9di\u00e9e aux <a href=\"http:\/\/tolweb.org\/Cirripedia\/8127\" target=\"_blank\">Cirrip\u00e8des<\/a><\/p>\n<p><span style=\"color: #999999;\">&bull; <\/span>le site collaboratif <a href=\"http:\/\/cirripedia.myspecies.info\/\" target=\"_blank\">Discover Cirripedia<\/a> (en anglais), pr\u00e9sentant les Cirrip\u00e8des<\/p>\n<p> &nbsp; <\/p>\n","protected":false},"excerpt":{"rendered":"<p>&nbsp; De surprenants h\u00f4tes du bord de mer Lorsque le regard se porte vers le bas \u00e0 l&rsquo;occasion d&rsquo;une promenade en bord de mer, les rochers apparaissent souvent couverts de petits c\u00f4nes tronqu\u00e9s, dont la couleur varie du blanc au gris. Certains sont \u00e9galement install\u00e9s sur des coquilles de Moules, de Patelles&#8230; \u00c0 mar\u00e9e basse, [&hellip;]<\/p>\n","protected":false},"author":1,"featured_media":0,"parent":1740,"menu_order":0,"comment_status":"closed","ping_status":"closed","template":"","meta":{"site-sidebar-layout":"default","site-content-layout":"","ast-site-content-layout":"default","site-content-style":"default","site-sidebar-style":"default","ast-global-header-display":"","ast-banner-title-visibility":"","ast-main-header-display":"","ast-hfb-above-header-display":"","ast-hfb-below-header-display":"","ast-hfb-mobile-header-display":"","site-post-title":"","ast-breadcrumbs-content":"","ast-featured-img":"","footer-sml-layout":"","ast-disable-related-posts":"","theme-transparent-header-meta":"","adv-header-id-meta":"","stick-header-meta":"","header-above-stick-meta":"","header-main-stick-meta":"","header-below-stick-meta":"","astra-migrate-meta-layouts":"default","ast-page-background-enabled":"default","ast-page-background-meta":{"desktop":{"background-color":"var(--ast-global-color-4)","background-image":"","background-repeat":"repeat","background-position":"center center","background-size":"auto","background-attachment":"scroll","background-type":"","background-media":"","overlay-type":"","overlay-color":"","overlay-opacity":"","overlay-gradient":""},"tablet":{"background-color":"","background-image":"","background-repeat":"repeat","background-position":"center center","background-size":"auto","background-attachment":"scroll","background-type":"","background-media":"","overlay-type":"","overlay-color":"","overlay-opacity":"","overlay-gradient":""},"mobile":{"background-color":"","background-image":"","background-repeat":"repeat","background-position":"center center","background-size":"auto","background-attachment":"scroll","background-type":"","background-media":"","overlay-type":"","overlay-color":"","overlay-opacity":"","overlay-gradient":""}},"ast-content-background-meta":{"desktop":{"background-color":"var(--ast-global-color-5)","background-image":"","background-repeat":"repeat","background-position":"center center","background-size":"auto","background-attachment":"scroll","background-type":"","background-media":"","overlay-type":"","overlay-color":"","overlay-opacity":"","overlay-gradient":""},"tablet":{"background-color":"var(--ast-global-color-5)","background-image":"","background-repeat":"repeat","background-position":"center center","background-size":"auto","background-attachment":"scroll","background-type":"","background-media":"","overlay-type":"","overlay-color":"","overlay-opacity":"","overlay-gradient":""},"mobile":{"background-color":"var(--ast-global-color-5)","background-image":"","background-repeat":"repeat","background-position":"center center","background-size":"auto","background-attachment":"scroll","background-type":"","background-media":"","overlay-type":"","overlay-color":"","overlay-opacity":"","overlay-gradient":""}},"footnotes":""},"class_list":["post-5708","page","type-page","status-publish","hentry"],"aioseo_notices":[],"jetpack_sharing_enabled":true,"_links":{"self":[{"href":"https:\/\/codexvirtualis.fr\/codex\/wp-json\/wp\/v2\/pages\/5708","targetHints":{"allow":["GET"]}}],"collection":[{"href":"https:\/\/codexvirtualis.fr\/codex\/wp-json\/wp\/v2\/pages"}],"about":[{"href":"https:\/\/codexvirtualis.fr\/codex\/wp-json\/wp\/v2\/types\/page"}],"author":[{"embeddable":true,"href":"https:\/\/codexvirtualis.fr\/codex\/wp-json\/wp\/v2\/users\/1"}],"replies":[{"embeddable":true,"href":"https:\/\/codexvirtualis.fr\/codex\/wp-json\/wp\/v2\/comments?post=5708"}],"version-history":[{"count":52,"href":"https:\/\/codexvirtualis.fr\/codex\/wp-json\/wp\/v2\/pages\/5708\/revisions"}],"predecessor-version":[{"id":10218,"href":"https:\/\/codexvirtualis.fr\/codex\/wp-json\/wp\/v2\/pages\/5708\/revisions\/10218"}],"up":[{"embeddable":true,"href":"https:\/\/codexvirtualis.fr\/codex\/wp-json\/wp\/v2\/pages\/1740"}],"wp:attachment":[{"href":"https:\/\/codexvirtualis.fr\/codex\/wp-json\/wp\/v2\/media?parent=5708"}],"curies":[{"name":"wp","href":"https:\/\/api.w.org\/{rel}","templated":true}]}}