{"id":5339,"date":"2013-08-13T12:17:22","date_gmt":"2013-08-13T10:17:22","guid":{"rendered":"http:\/\/codexvirtualis.fr\/codex\/?page_id=5339"},"modified":"2013-08-13T14:42:31","modified_gmt":"2013-08-13T12:42:31","slug":"tissu-nerveux-central","status":"publish","type":"page","link":"https:\/\/codexvirtualis.fr\/codex\/de-lorganisation-interne\/premiers-pas-histologiques\/le-tissu-nerveux\/tissu-nerveux-central","title":{"rendered":"La diversit\u00e9 du tissu nerveux central"},"content":{"rendered":"<p> &nbsp; <\/p>\n<p><a name=\"moelle_epiniere_triton_14\"><\/a><figure style=\"width: 300px\" class=\"wp-caption alignnone\"><a rel=\"lightbox\" href=\"\/documents\/images\/histologie\/moelle_epiniere_14_triton-WEB.jpg\" target=\"_blank\"><img decoding=\"async\" src=\"\/documents\/images\/histologie\/moelle_epiniere_14_triton-WEB.jpg\" width=\"300\" alt=\"Moelle \u00e9pini\u00e8re de Triton\" class \/><\/a><figcaption class=\"wp-caption-text\">Moelle \u00e9pini\u00e8re de Triton en coupe transversale<\/figcaption><\/figure><\/p>\n<p style=\"text-align: right;\"><a rel=\"lightbox\" href=\"\/documents\/images\/histologie\/moelle_epiniere_14_triton_legende-WEB.jpg\" target=\"_blank\">Voir l&rsquo;image l\u00e9gend\u00e9e<\/a><\/p>\n<p> &nbsp; <\/p>\n<h2>Substance grise<\/h2>\n<p><a name=\"moelle_epiniere_grenouille_120\"><\/a><figure style=\"width: 300px\" class=\"wp-caption alignnone\"><a rel=\"lightbox\" href=\"\/documents\/images\/histologie\/moelle_epiniere_120_grenouille-WEB.jpg\" target=\"_blank\"><img decoding=\"async\" src=\"\/documents\/images\/histologie\/moelle_epiniere_120_grenouille-WEB.jpg\" width=\"300\" alt=\"Moelle \u00e9pini\u00e8re de Grenouille\" class \/><\/a><figcaption class=\"wp-caption-text\">Moelle \u00e9pini\u00e8re de Grenouille en coupe longitudinale<\/figcaption><\/figure><\/p>\n<p style=\"text-align: right;\"><a rel=\"lightbox\" href=\"\/documents\/images\/histologie\/moelle_epiniere_120_grenouille_legende-WEB.jpg\" target=\"_blank\">Voir l&rsquo;image l\u00e9gend\u00e9e<\/a><\/p>\n<p> &nbsp; <\/p>\n<h2>Substance blanche<\/h2>\n<p><a name=\"moelle_epiniere_grenouille_119\"><\/a><figure style=\"width: 300px\" class=\"wp-caption alignnone\"><a rel=\"lightbox\" href=\"\/documents\/images\/histologie\/moelle_epiniere_119_grenouille-WEB.jpg\" target=\"_blank\"><img decoding=\"async\" src=\"\/documents\/images\/histologie\/moelle_epiniere_119_grenouille-WEB.jpg\" width=\"300\" alt=\"Moelle \u00e9pini\u00e8re de Grenouille\" class \/><\/a><figcaption class=\"wp-caption-text\">Moelle \u00e9pini\u00e8re de Grenouille en coupe longitudinale<\/figcaption><\/figure><\/p>\n<p style=\"text-align: right;\"><a rel=\"lightbox\" href=\"\/documents\/images\/histologie\/moelle_epiniere_119_grenouille_legende-WEB.jpg\" target=\"_blank\">Voir l&rsquo;image l\u00e9gend\u00e9e<\/a><\/p>\n<p> &nbsp; <\/p>\n","protected":false},"excerpt":{"rendered":"<p>&nbsp; Voir l&rsquo;image l\u00e9gend\u00e9e &nbsp; Substance grise Voir l&rsquo;image l\u00e9gend\u00e9e &nbsp; Substance blanche Voir l&rsquo;image l\u00e9gend\u00e9e &nbsp;<\/p>\n","protected":false},"author":2,"featured_media":0,"parent":5335,"menu_order":1,"comment_status":"closed","ping_status":"closed","template":"","meta":{"site-sidebar-layout":"default","site-content-layout":"","ast-site-content-layout":"default","site-content-style":"default","site-sidebar-style":"default","ast-global-header-display":"","ast-banner-title-visibility":"","ast-main-header-display":"","ast-hfb-above-header-display":"","ast-hfb-below-header-display":"","ast-hfb-mobile-header-display":"","site-post-title":"","ast-breadcrumbs-content":"","ast-featured-img":"","footer-sml-layout":"","ast-disable-related-posts":"","theme-transparent-header-meta":"","adv-header-id-meta":"","stick-header-meta":"","header-above-stick-meta":"","header-main-stick-meta":"","header-below-stick-meta":"","astra-migrate-meta-layouts":"default","ast-page-background-enabled":"default","ast-page-background-meta":{"desktop":{"background-color":"var(--ast-global-color-4)","background-image":"","background-repeat":"repeat","background-position":"center center","background-size":"auto","background-attachment":"scroll","background-type":"","background-media":"","overlay-type":"","overlay-color":"","overlay-opacity":"","overlay-gradient":""},"tablet":{"background-color":"","background-image":"","background-repeat":"repeat","background-position":"center center","background-size":"auto","background-attachment":"scroll","background-type":"","background-media":"","overlay-type":"","overlay-color":"","overlay-opacity":"","overlay-gradient":""},"mobile":{"background-color":"","background-image":"","background-repeat":"repeat","background-position":"center center","background-size":"auto","background-attachment":"scroll","background-type":"","background-media":"","overlay-type":"","overlay-color":"","overlay-opacity":"","overlay-gradient":""}},"ast-content-background-meta":{"desktop":{"background-color":"var(--ast-global-color-5)","background-image":"","background-repeat":"repeat","background-position":"center center","background-size":"auto","background-attachment":"scroll","background-type":"","background-media":"","overlay-type":"","overlay-color":"","overlay-opacity":"","overlay-gradient":""},"tablet":{"background-color":"var(--ast-global-color-5)","background-image":"","background-repeat":"repeat","background-position":"center center","background-size":"auto","background-attachment":"scroll","background-type":"","background-media":"","overlay-type":"","overlay-color":"","overlay-opacity":"","overlay-gradient":""},"mobile":{"background-color":"var(--ast-global-color-5)","background-image":"","background-repeat":"repeat","background-position":"center center","background-size":"auto","background-attachment":"scroll","background-type":"","background-media":"","overlay-type":"","overlay-color":"","overlay-opacity":"","overlay-gradient":""}},"footnotes":""},"class_list":["post-5339","page","type-page","status-publish","hentry"],"aioseo_notices":[],"jetpack_sharing_enabled":true,"_links":{"self":[{"href":"https:\/\/codexvirtualis.fr\/codex\/wp-json\/wp\/v2\/pages\/5339","targetHints":{"allow":["GET"]}}],"collection":[{"href":"https:\/\/codexvirtualis.fr\/codex\/wp-json\/wp\/v2\/pages"}],"about":[{"href":"https:\/\/codexvirtualis.fr\/codex\/wp-json\/wp\/v2\/types\/page"}],"author":[{"embeddable":true,"href":"https:\/\/codexvirtualis.fr\/codex\/wp-json\/wp\/v2\/users\/2"}],"replies":[{"embeddable":true,"href":"https:\/\/codexvirtualis.fr\/codex\/wp-json\/wp\/v2\/comments?post=5339"}],"version-history":[{"count":11,"href":"https:\/\/codexvirtualis.fr\/codex\/wp-json\/wp\/v2\/pages\/5339\/revisions"}],"predecessor-version":[{"id":5361,"href":"https:\/\/codexvirtualis.fr\/codex\/wp-json\/wp\/v2\/pages\/5339\/revisions\/5361"}],"up":[{"embeddable":true,"href":"https:\/\/codexvirtualis.fr\/codex\/wp-json\/wp\/v2\/pages\/5335"}],"wp:attachment":[{"href":"https:\/\/codexvirtualis.fr\/codex\/wp-json\/wp\/v2\/media?parent=5339"}],"curies":[{"name":"wp","href":"https:\/\/api.w.org\/{rel}","templated":true}]}}