{"id":5228,"date":"2013-08-17T18:29:56","date_gmt":"2013-08-17T16:29:56","guid":{"rendered":"http:\/\/codexvirtualis.fr\/codex\/?page_id=5228"},"modified":"2013-08-18T17:45:21","modified_gmt":"2013-08-18T15:45:21","slug":"lepidopteres","status":"publish","type":"page","link":"https:\/\/codexvirtualis.fr\/codex\/cabinet-de-curiosites-virtuel\/de-lidentification-des-animaux\/quel-insecte\/lepidopteres","title":{"rendered":"Les L\u00e9pidopt\u00e8res"},"content":{"rendered":"<p> &nbsp; <\/p>\n<p><em>\u00c9tymologiquement, le terme L\u00e9pidopt\u00e8re provient de \u00ab\u00a0lepidos\u00a0\u00bb signifiant \u00ab\u00a0\u00e9caille, \u00e9cailleux\u00a0\u00bb et de \u00ab\u00a0pteron\u00a0\u00bb signifiant \u00ab\u00a0aile\u00a0\u00bb. Il s&rsquo;agit d&rsquo;une r\u00e9f\u00e9rence aux ailes recouvertes d\u2019\u00e9cailles poss\u00e9d\u00e9es par les membres du groupe.<\/em><\/p>\n<p> &nbsp; <\/p>\n<p>Le taxon des L\u00e9pidopt\u00e8res comporte 170\u00a0000 esp\u00e8ces environ.<\/p>\n<p>Certaines ont des m\u0153urs diurnes et d&rsquo;autres nocturnes.<br \/>\nDe mani\u00e8re g\u00e9n\u00e9rale, le r\u00e9gime alimentaire de l\u2019adulte est compos\u00e9 de substances liquides, en particulier de nectar,  aspir\u00e9es \u00e0 l&rsquo;aide d&rsquo;une trompe.<\/p>\n<p> &nbsp; <\/p>\n<h2>Caract\u00e9ristiques morphologiques<\/h2>\n<p>Les L\u00e9pidopt\u00e8res correspondent aux Papillons du langage courant\u00a0; la Pi\u00e9ride du chou, le Paon de jour, la Phal\u00e8ne picot\u00e9e, la Mite des v\u00eatements en sont quelques exemples.<br \/>\nLeur envergure varie de 3 \u00e0 300\u00a0mm.<\/p>\n<p> &nbsp; <\/p>\n<figure style=\"width: 300px\" class=\"wp-caption alignnone\"><a rel=\"lightbox\" href=\"\/documents\/images\/ordres_insectes\/IMGP6567_pieris_bis-WEB.jpg\" target=\"_blank\"><img decoding=\"async\" class=\" \" title=\"Pi\u00e9ride du chou (L\u00e9pidopt\u00e8re, rhopaloc\u00e8re)\" src=\"\/documents\/images\/ordres_insectes\/IMGP6567_pieris_bis-WEB.jpg\" alt=\"Pi\u00e9ride du chou\" width=\"300\"\/><\/a><figcaption class=\"wp-caption-text\">Pi\u00e9ride du chou (L\u00e9pidopt\u00e8re, rhopaloc\u00e8re)<\/figcaption><\/figure>\n<p> &nbsp; <\/p>\n<p style=\"text-align: right;\"><a rel=\"lightbox\" href=\"\/documents\/images\/ordres_insectes\/IMGP6567_pieris_bis_legende-WEB.jpg\" target=\"_blank\">voir l&rsquo;image l\u00e9gend\u00e9e<\/a><\/p>\n<p> &nbsp; <\/p>\n<p>Le corps est typiquement recouvert d\u2019\u00e9cailles et vivement color\u00e9 du fait de la pigmentation et\u00a0\/\u00a0ou d\u2019une coloration structurale.<\/p>\n<p>\u00c0 l&rsquo;avant, la t\u00eate est volumineuse et porte une paire d&rsquo;antennes variant d&rsquo;une esp\u00e8ce \u00e0 l&rsquo;autre et d&rsquo;un sexe \u00e0 l&rsquo;autre.<br \/>\nElle pr\u00e9sente deux yeux compos\u00e9s de grande taille et souvent deux ocelles masqu\u00e9s.<br \/>\nEn association avec la bouche, les pi\u00e8ces buccales sont agenc\u00e9es en une longue trompe enroul\u00e9e sous la t\u00eate au repos. Elles sont parfois absentes, chez les esp\u00e8ces ne se nourrissant pas au stade adulte.<\/p>\n<p>Le thorax est compos\u00e9 de trois segments, le deuxi\u00e8me \u00e9tant le plus d\u00e9velopp\u00e9.<br \/>\nDeux  paires d\u2019ailes membraneuses dorsales sont pr\u00e9sentes, plus ou moins recouvertes d\u2019\u00e9cailles imbriqu\u00e9es, aux nervures peu visibles. Les ailes ant\u00e9rieures tendent \u00e0 \u00eatre plus grandes que les ailes post\u00e9rieures, un dispositif de couplage variable les rendant solidaires d&rsquo;un m\u00eame c\u00f4t\u00e9.<\/p>\n<p>\u00c0 l&rsquo;arri\u00e8re, l&rsquo;abdomen est cylindrique, sans caract\u00e8re notable.<\/p>\n<p>Un organe auditif est parfois pr\u00e9sent au niveau du m\u00e9tathorax ou de l&rsquo;abdomen.<\/p>\n<p> &nbsp; <\/p>\n<h2>Diversit\u00e9<\/h2>\n<table>\n<tr>\n<td><strong>Rhopaloc\u00e8res<\/strong><\/td>\n<td><strong>H\u00e9t\u00e9roc\u00e8res<\/strong><\/td>\n<\/tr>\n<tr>\n<td>25\u00a0000 esp\u00e8ces<\/td>\n<td>120\u00a0000 esp\u00e8ces<\/td>\n<\/tr>\n<tr>\n<td>Pi\u00e9ride, Paon de jour, Machaon, Nacr\u00e9<\/td>\n<td>Phal\u00e8ne, Mite, \u00c9caille, Sphinx<\/td>\n<\/tr>\n<tr>\n<td><em>\u00e9tymologie\u00a0: antennes en massue<\/em><\/td>\n<td><em>\u00e9tymologie\u00a0: autres antennes<\/em><\/td>\n<\/tr>\n<tr>\n<td>m\u0153urs diurnes<\/td>\n<td>m\u0153urs nocturnes<\/td>\n<\/tr>\n<tr>\n<td>couleurs g\u00e9n\u00e9ralement vives<\/td>\n<td>couleurs g\u00e9n\u00e9ralement ternes<\/td>\n<\/tr>\n<tr>\n<td>ailes en position verticale au repos<\/td>\n<td>ailes \u00e0 plat ou en toit au-dessus du corps au repos<\/td>\n<\/tr>\n<tr>\n<td>antennes \u00e0 extr\u00e9mit\u00e9 renfl\u00e9e en massue<\/td>\n<td>antennes de formes vari\u00e9es mais non renfl\u00e9e en massue \u00e0 l\u2019extr\u00e9mit\u00e9<\/td>\n<\/tr>\n<\/table>\n<p> &nbsp; <\/p>\n<p>Les caract\u00e8res distinctifs d\u00e9crits ci-dessus sont d&rsquo;un usage commode mais n&rsquo;ont pas de valeur syst\u00e9matique.<\/p>\n<p> &nbsp; <\/p>\n<h2>Cycle de vie<\/h2>\n<p>Selon les esp\u00e8ces, une \u00e0 trois g\u00e9n\u00e9rations annuelles sont d\u00e9nombr\u00e9es.<\/p>\n<p>Apr\u00e8s l&rsquo;accouplement, la femelle d\u00e9pose de 50 \u00e0 1\u00a0000 \u0153ufs selon les esp\u00e8ces, le plus souvent sur la plante nourrici\u00e8re de la descendance.<\/p>\n<p>Une fois le d\u00e9veloppement embryonnaire termin\u00e9 c&rsquo;est \u00e0 dire deux \u00e0 trois semaines apr\u00e8s l&rsquo;accouplement, l&rsquo;\u00e9closion lib\u00e8re une larve \u00e9ruciforme (chenille) poss\u00e9dant une t\u00eate bien form\u00e9e munie de pi\u00e8ces buccales de type broyeur, un thorax portant trois paires de pattes et un abdomen portant au maximum cinq paires de fausses pattes.<\/p>\n<p>Le d\u00e9veloppement post-embryonnaire est compos\u00e9 d\u2019une succession de stades larvaires s\u00e9par\u00e9s par des mues larvaires au nombre de trois \u00e0 neuf, puis d&rsquo;un stade nymphal issu d\u2019une mue larvo-nymphale, correspondant \u00e0 une chrysalide.<br \/>\nIl dure de trois semaines \u00e0 neuf mois.<\/p>\n<p>L&rsquo;\u00e9mergence de l\u2019imago implique une mue nympho-imaginale.<\/p>\n<p>En relation avec les caract\u00e9ristiques de leur d\u00e9veloppement, les L\u00e9pidopt\u00e8res sont des Insectes qualifi\u00e9s d&rsquo;holom\u00e9taboles (larve et m\u00e9tamorphose) et d&rsquo;endopt\u00e9rygotes (\u00e9bauches d&rsquo;ailes internes).<\/p>\n<p> &nbsp; <\/p>\n<hr \/>\n","protected":false},"excerpt":{"rendered":"<p>&nbsp; \u00c9tymologiquement, le terme L\u00e9pidopt\u00e8re provient de \u00ab\u00a0lepidos\u00a0\u00bb signifiant \u00ab\u00a0\u00e9caille, \u00e9cailleux\u00a0\u00bb et de \u00ab\u00a0pteron\u00a0\u00bb signifiant \u00ab\u00a0aile\u00a0\u00bb. Il s&rsquo;agit d&rsquo;une r\u00e9f\u00e9rence aux ailes recouvertes d\u2019\u00e9cailles poss\u00e9d\u00e9es par les membres du groupe. &nbsp; Le taxon des L\u00e9pidopt\u00e8res comporte 170\u00a0000 esp\u00e8ces environ. Certaines ont des m\u0153urs diurnes et d&rsquo;autres nocturnes. De mani\u00e8re g\u00e9n\u00e9rale, le r\u00e9gime alimentaire de l\u2019adulte [&hellip;]<\/p>\n","protected":false},"author":2,"featured_media":0,"parent":5386,"menu_order":14,"comment_status":"closed","ping_status":"closed","template":"","meta":{"site-sidebar-layout":"default","site-content-layout":"","ast-site-content-layout":"default","site-content-style":"default","site-sidebar-style":"default","ast-global-header-display":"","ast-banner-title-visibility":"","ast-main-header-display":"","ast-hfb-above-header-display":"","ast-hfb-below-header-display":"","ast-hfb-mobile-header-display":"","site-post-title":"","ast-breadcrumbs-content":"","ast-featured-img":"","footer-sml-layout":"","ast-disable-related-posts":"","theme-transparent-header-meta":"","adv-header-id-meta":"","stick-header-meta":"","header-above-stick-meta":"","header-main-stick-meta":"","header-below-stick-meta":"","astra-migrate-meta-layouts":"default","ast-page-background-enabled":"default","ast-page-background-meta":{"desktop":{"background-color":"var(--ast-global-color-4)","background-image":"","background-repeat":"repeat","background-position":"center center","background-size":"auto","background-attachment":"scroll","background-type":"","background-media":"","overlay-type":"","overlay-color":"","overlay-opacity":"","overlay-gradient":""},"tablet":{"background-color":"","background-image":"","background-repeat":"repeat","background-position":"center center","background-size":"auto","background-attachment":"scroll","background-type":"","background-media":"","overlay-type":"","overlay-color":"","overlay-opacity":"","overlay-gradient":""},"mobile":{"background-color":"","background-image":"","background-repeat":"repeat","background-position":"center center","background-size":"auto","background-attachment":"scroll","background-type":"","background-media":"","overlay-type":"","overlay-color":"","overlay-opacity":"","overlay-gradient":""}},"ast-content-background-meta":{"desktop":{"background-color":"var(--ast-global-color-5)","background-image":"","background-repeat":"repeat","background-position":"center center","background-size":"auto","background-attachment":"scroll","background-type":"","background-media":"","overlay-type":"","overlay-color":"","overlay-opacity":"","overlay-gradient":""},"tablet":{"background-color":"var(--ast-global-color-5)","background-image":"","background-repeat":"repeat","background-position":"center center","background-size":"auto","background-attachment":"scroll","background-type":"","background-media":"","overlay-type":"","overlay-color":"","overlay-opacity":"","overlay-gradient":""},"mobile":{"background-color":"var(--ast-global-color-5)","background-image":"","background-repeat":"repeat","background-position":"center center","background-size":"auto","background-attachment":"scroll","background-type":"","background-media":"","overlay-type":"","overlay-color":"","overlay-opacity":"","overlay-gradient":""}},"footnotes":""},"class_list":["post-5228","page","type-page","status-publish","hentry"],"aioseo_notices":[],"jetpack_sharing_enabled":true,"_links":{"self":[{"href":"https:\/\/codexvirtualis.fr\/codex\/wp-json\/wp\/v2\/pages\/5228","targetHints":{"allow":["GET"]}}],"collection":[{"href":"https:\/\/codexvirtualis.fr\/codex\/wp-json\/wp\/v2\/pages"}],"about":[{"href":"https:\/\/codexvirtualis.fr\/codex\/wp-json\/wp\/v2\/types\/page"}],"author":[{"embeddable":true,"href":"https:\/\/codexvirtualis.fr\/codex\/wp-json\/wp\/v2\/users\/2"}],"replies":[{"embeddable":true,"href":"https:\/\/codexvirtualis.fr\/codex\/wp-json\/wp\/v2\/comments?post=5228"}],"version-history":[{"count":4,"href":"https:\/\/codexvirtualis.fr\/codex\/wp-json\/wp\/v2\/pages\/5228\/revisions"}],"predecessor-version":[{"id":5233,"href":"https:\/\/codexvirtualis.fr\/codex\/wp-json\/wp\/v2\/pages\/5228\/revisions\/5233"}],"up":[{"embeddable":true,"href":"https:\/\/codexvirtualis.fr\/codex\/wp-json\/wp\/v2\/pages\/5386"}],"wp:attachment":[{"href":"https:\/\/codexvirtualis.fr\/codex\/wp-json\/wp\/v2\/media?parent=5228"}],"curies":[{"name":"wp","href":"https:\/\/api.w.org\/{rel}","templated":true}]}}