{"id":5223,"date":"2013-08-17T18:29:11","date_gmt":"2013-08-17T16:29:11","guid":{"rendered":"http:\/\/codexvirtualis.fr\/codex\/?page_id=5223"},"modified":"2013-08-18T17:44:08","modified_gmt":"2013-08-18T15:44:08","slug":"trichopteres","status":"publish","type":"page","link":"https:\/\/codexvirtualis.fr\/codex\/cabinet-de-curiosites-virtuel\/de-lidentification-des-animaux\/quel-insecte\/trichopteres","title":{"rendered":"Les Trichopt\u00e8res"},"content":{"rendered":"<p> &nbsp; <\/p>\n<p><em>\u00c9tymologiquement, le terme Trichopt\u00e8re d\u00e9rive de \u00ab\u00a0tricho\u00a0\u00bb signifiant \u00ab\u00a0poil\u00a0\u00bb et de \u00ab\u00a0pteron\u00a0\u00bb signifiant \u00ab\u00a0aile\u00a0\u00bb. Il est une r\u00e9f\u00e9rence aux ailes velues, recouvertes de soies, qu&rsquo;arborent les repr\u00e9sentants du groupe.<\/em><\/p>\n<p> &nbsp; <\/p>\n<p>Le taxon des Trichopt\u00e8res comporte environ 12\u00a0000 esp\u00e8ces.<\/p>\n<p>Il s&rsquo;agit d&rsquo;Insectes \u00e9voluant le plus souvent \u00e0 proximit\u00e9 de l\u2019eau. Ils demeurent cach\u00e9s dans la v\u00e9g\u00e9tation des rives pendant la journ\u00e9e et sont actifs, volent, au cr\u00e9puscule.<br \/>\nLes adultes se nourrissent rarement.<\/p>\n<p> &nbsp; <\/p>\n<h2>Caract\u00e9ristiques morphologiques<\/h2>\n<p>Les Phryganes sont des Trichopt\u00e8res fr\u00e9quemment observ\u00e9s.<\/p>\n<p> &nbsp; <\/p>\n<figure style=\"width: 300px\" class=\"wp-caption alignnone\"><a rel=\"lightbox\" href=\"\/documents\/images\/ordres_insectes\/phrygane101_10bis-WEB.jpg\" target=\"_blank\"><img decoding=\"async\" class=\" \" title=\"Phrygane (Trichopt\u00e8re)\" src=\"\/documents\/images\/ordres_insectes\/phrygane101_10bis-WEB.jpg\" alt=\"Phrygane\" width=\"300\"\/><\/a><figcaption class=\"wp-caption-text\">Phrygane (Trichopt\u00e8re)<\/figcaption><\/figure>\n<p> &nbsp; <\/p>\n<p style=\"text-align: right;\"><a rel=\"lightbox\" href=\"\/documents\/images\/ordres_insectes\/phrygane101_10bis_legende-WEB.jpg\" target=\"_blank\">voir l&rsquo;image l\u00e9gend\u00e9e<\/a><\/p>\n<p> &nbsp; <\/p>\n<p>Le corps, dont la longueur varie de 5 \u00e0 20\u00a0mm, est de couleur brun\u00e2tre, plut\u00f4t terne.<\/p>\n<p>La t\u00eate, ant\u00e9rieure, porte une paire de longues antennes filiformes dirig\u00e9es vers l&rsquo;avant au repos, dont la longueur exc\u00e8de parfois celle des ailes.<br \/>\nElle pr\u00e9sente \u00e9galement deux volumineux yeux compos\u00e9s et parfois des ocelles.<br \/>\nEn association avec la bouche, les pi\u00e8ces buccales sont peu d\u00e9velopp\u00e9es voire atrophi\u00e9es, \u00e0 l&rsquo;exception des palpes. Parfois une trompe permettant l&rsquo;aspiration des liquides est pr\u00e9sente.<\/p>\n<p>En arri\u00e8re, le thorax est form\u00e9 de trois segments, le premier \u00e9tant de petite taille. Les deux suivants portent chacun une paire d&rsquo;ailes membraneuses, couvertes de petites soies serr\u00e9es. Les ailes ant\u00e9rieures sont assez \u00e9troites, plus opaques et velues que les ailes post\u00e9rieures, larges. Ailes ant\u00e9rieures et post\u00e9rieures d&rsquo;un m\u00eame c\u00f4t\u00e9 sont coupl\u00e9es par un pli de l\u2019aile ant\u00e9rieure, accroch\u00e9 sur l\u2019aile post\u00e9rieure. Au repos, les ailes forment un toit au-dessus du corps.<br \/>\nVentralement, les trois paires de pattes portent des \u00e9pines sur toute leur longueur et de longs \u00e9perons sur les tibias.<\/p>\n<p>L&rsquo;abdomen, post\u00e9rieur, est d\u00e9pourvu de caract\u00e8re notable.<\/p>\n<p> &nbsp; <\/p>\n<h2>Cycle de vie<\/h2>\n<p>La dur\u00e9e de vie des Trichopt\u00e8res est d&rsquo;une ann\u00e9e, le d\u00e9veloppement repr\u00e9sentant l&rsquo;essentiel de cette dur\u00e9e, avec deux \u00e0 trois semaines pour le d\u00e9veloppement embryonnaire.<\/p>\n<p>L&rsquo; accouplement a lieu dans la v\u00e9g\u00e9tation et est suivi du d\u00e9p\u00f4t des \u0153ufs par la femelle, en  cordon ou en amas sur les v\u00e9g\u00e9taux des rives ou directement dans l\u2019eau.<\/p>\n<p>L&rsquo;\u00e9closion lib\u00e8re des larves le plus souvent aquatiques, campod\u00e9iformes ou \u00e9ruciformes. Leur t\u00eate est prot\u00e9g\u00e9e par une cuticule rigide, leurs pi\u00e8ces buccales sont broyeuses, leur  thorax relativement rigide est muni de pattes bien d\u00e9velopp\u00e9es et leur abdomen est mou.<br \/>\nElles sont le plus souvent prot\u00e9g\u00e9es par un fourreau de soie sur lequel sont agr\u00e9g\u00e9s divers mat\u00e9riaux.<\/p>\n<p>Le d\u00e9veloppement post-embryonnaire est compos\u00e9 de cinq \u00e0 six stades larvaires s\u00e9par\u00e9s par des mues larvaires et d&rsquo;un stade nymphal issu d\u2019une mue larvo-nymphale, se d\u00e9roulant dans le fourreau ou dans un cocon de soie.<\/p>\n<p>L&rsquo;imago en \u00e9merge \u00e0 la faveur de la mue nympho-imaginale se produisant apr\u00e8s que la nymphe soit remont\u00e9e \u00e0 la surface.<\/p>\n<p>En raison des caract\u00e9ristiques de leur cycle de vie, les Trichopt\u00e8res sont des Insectes dits holom\u00e9taboles (larve, m\u00e9tamorphose) et endopt\u00e9rygotes (\u00e9bauches des ailes internes).<\/p>\n<p> &nbsp; <\/p>\n<hr \/>\n","protected":false},"excerpt":{"rendered":"<p>&nbsp; \u00c9tymologiquement, le terme Trichopt\u00e8re d\u00e9rive de \u00ab\u00a0tricho\u00a0\u00bb signifiant \u00ab\u00a0poil\u00a0\u00bb et de \u00ab\u00a0pteron\u00a0\u00bb signifiant \u00ab\u00a0aile\u00a0\u00bb. Il est une r\u00e9f\u00e9rence aux ailes velues, recouvertes de soies, qu&rsquo;arborent les repr\u00e9sentants du groupe. &nbsp; Le taxon des Trichopt\u00e8res comporte environ 12\u00a0000 esp\u00e8ces. Il s&rsquo;agit d&rsquo;Insectes \u00e9voluant le plus souvent \u00e0 proximit\u00e9 de l\u2019eau. Ils demeurent cach\u00e9s dans la [&hellip;]<\/p>\n","protected":false},"author":2,"featured_media":0,"parent":5386,"menu_order":13,"comment_status":"closed","ping_status":"closed","template":"","meta":{"site-sidebar-layout":"default","site-content-layout":"","ast-site-content-layout":"default","site-content-style":"default","site-sidebar-style":"default","ast-global-header-display":"","ast-banner-title-visibility":"","ast-main-header-display":"","ast-hfb-above-header-display":"","ast-hfb-below-header-display":"","ast-hfb-mobile-header-display":"","site-post-title":"","ast-breadcrumbs-content":"","ast-featured-img":"","footer-sml-layout":"","ast-disable-related-posts":"","theme-transparent-header-meta":"","adv-header-id-meta":"","stick-header-meta":"","header-above-stick-meta":"","header-main-stick-meta":"","header-below-stick-meta":"","astra-migrate-meta-layouts":"default","ast-page-background-enabled":"default","ast-page-background-meta":{"desktop":{"background-color":"var(--ast-global-color-4)","background-image":"","background-repeat":"repeat","background-position":"center center","background-size":"auto","background-attachment":"scroll","background-type":"","background-media":"","overlay-type":"","overlay-color":"","overlay-opacity":"","overlay-gradient":""},"tablet":{"background-color":"","background-image":"","background-repeat":"repeat","background-position":"center center","background-size":"auto","background-attachment":"scroll","background-type":"","background-media":"","overlay-type":"","overlay-color":"","overlay-opacity":"","overlay-gradient":""},"mobile":{"background-color":"","background-image":"","background-repeat":"repeat","background-position":"center center","background-size":"auto","background-attachment":"scroll","background-type":"","background-media":"","overlay-type":"","overlay-color":"","overlay-opacity":"","overlay-gradient":""}},"ast-content-background-meta":{"desktop":{"background-color":"var(--ast-global-color-5)","background-image":"","background-repeat":"repeat","background-position":"center center","background-size":"auto","background-attachment":"scroll","background-type":"","background-media":"","overlay-type":"","overlay-color":"","overlay-opacity":"","overlay-gradient":""},"tablet":{"background-color":"var(--ast-global-color-5)","background-image":"","background-repeat":"repeat","background-position":"center center","background-size":"auto","background-attachment":"scroll","background-type":"","background-media":"","overlay-type":"","overlay-color":"","overlay-opacity":"","overlay-gradient":""},"mobile":{"background-color":"var(--ast-global-color-5)","background-image":"","background-repeat":"repeat","background-position":"center center","background-size":"auto","background-attachment":"scroll","background-type":"","background-media":"","overlay-type":"","overlay-color":"","overlay-opacity":"","overlay-gradient":""}},"footnotes":""},"class_list":["post-5223","page","type-page","status-publish","hentry"],"aioseo_notices":[],"jetpack_sharing_enabled":true,"_links":{"self":[{"href":"https:\/\/codexvirtualis.fr\/codex\/wp-json\/wp\/v2\/pages\/5223","targetHints":{"allow":["GET"]}}],"collection":[{"href":"https:\/\/codexvirtualis.fr\/codex\/wp-json\/wp\/v2\/pages"}],"about":[{"href":"https:\/\/codexvirtualis.fr\/codex\/wp-json\/wp\/v2\/types\/page"}],"author":[{"embeddable":true,"href":"https:\/\/codexvirtualis.fr\/codex\/wp-json\/wp\/v2\/users\/2"}],"replies":[{"embeddable":true,"href":"https:\/\/codexvirtualis.fr\/codex\/wp-json\/wp\/v2\/comments?post=5223"}],"version-history":[{"count":3,"href":"https:\/\/codexvirtualis.fr\/codex\/wp-json\/wp\/v2\/pages\/5223\/revisions"}],"predecessor-version":[{"id":5226,"href":"https:\/\/codexvirtualis.fr\/codex\/wp-json\/wp\/v2\/pages\/5223\/revisions\/5226"}],"up":[{"embeddable":true,"href":"https:\/\/codexvirtualis.fr\/codex\/wp-json\/wp\/v2\/pages\/5386"}],"wp:attachment":[{"href":"https:\/\/codexvirtualis.fr\/codex\/wp-json\/wp\/v2\/media?parent=5223"}],"curies":[{"name":"wp","href":"https:\/\/api.w.org\/{rel}","templated":true}]}}