{"id":5216,"date":"2013-08-17T18:16:39","date_gmt":"2013-08-17T16:16:39","guid":{"rendered":"http:\/\/codexvirtualis.fr\/codex\/?page_id=5216"},"modified":"2013-08-18T17:30:57","modified_gmt":"2013-08-18T15:30:57","slug":"thysanoures","status":"publish","type":"page","link":"https:\/\/codexvirtualis.fr\/codex\/cabinet-de-curiosites-virtuel\/de-lidentification-des-animaux\/quel-insecte\/thysanoures","title":{"rendered":"Les Thysanoures"},"content":{"rendered":"<p> &nbsp; <\/p>\n<p><em>\u00c9tymologiquement, le terme Thysanoure d\u00e9rive de \u00ab\u00a0thysanos\u00a0\u00bb signifiant \u00ab\u00a0frange\u00a0\u00bb et \u00ab\u00a0oura\u00a0\u00bb\u00a0signifiant \u00ab\u00a0queue\u00a0\u00bb. Il est une r\u00e9f\u00e9rence aux soies port\u00e9es par les cerques et l&rsquo;\u00e9piprocte.<\/p>\n<p> &nbsp; <\/p>\n<p>Le taxon des Thysanoures est peu nombreux, comportant environ 400 esp\u00e8ces.<\/p>\n<p>Ses repr\u00e9sentants sont rencontr\u00e9s dans les habitations, o\u00f9 ils se nourrissent de d\u00e9chets, de papier, de farine etc.<\/p>\n<p> &nbsp; <\/p>\n<h2>Caract\u00e9ristiques morphologiques<\/h2>\n<p>Le Poisson d&rsquo;argent est un exemple de Thysanoure fr\u00e9quemment observ\u00e9.<\/p>\n<p> &nbsp; <\/p>\n<figure style=\"width: 300px\" class=\"wp-caption alignnone\"><a rel=\"lightbox\" href=\"\/documents\/images\/ordres_insectes\/thysanoure_01-WEB.jpg\" target=\"_blank\"><img decoding=\"async\" class=\" \" title=\"Poisson d'argent (L\u00e9pisme - Thysanoure)\" src=\"\/documents\/images\/ordres_insectes\/thysanoure_01-WEB.jpg\" alt=\"Poisson d'argent\" width=\"300\" \/><\/a><figcaption class=\"wp-caption-text\">Poisson d'argent<\/figcaption><\/figure>\n<p> &nbsp; <\/p>\n<p style=\"text-align: right;\"><a rel=\"lightbox\" href=\"\/documents\/images\/ordres_insectes\/thysanoure_01bis_legende-WEB.jpg\" target=\"_blank\">voir l&rsquo;image l\u00e9gend\u00e9e<\/a><\/p>\n<p> &nbsp; <\/p>\n<p>D&rsquo;une longueur de 20\u00a0mm, le corps a une forme effil\u00e9e et est recouvert d&rsquo;\u00e9cailles brillantes.<\/p>\n<p>\u00c0 l&rsquo;avant, la t\u00eate est munie de deux petits yeux compos\u00e9s situ\u00e9s en position lat\u00e9rale et ne se touchant pas, et de deux antennes longues et fines.<br \/>\nLes pi\u00e8ces buccales sont de type broyeur.<\/p>\n<p>En arri\u00e8re de la t\u00eate, le thorax porte ventralement trois paires de pattes mais est d\u00e9pourvu d&rsquo;aile.<\/p>\n<p>L&rsquo;abdomen, post\u00e9rieur, est quant \u00e0 lui muni de petits appendices, et est termin\u00e9 par trois prolongements (deux cerques lat\u00e9raux et une expansion m\u00e9diane appel\u00e9e \u00e9piprocte).<br \/>\nTous sont bord\u00e9s de soies.<\/p>\n<p> &nbsp; <\/p>\n<h2>Cycle de vie<\/h2>\n<p>La dur\u00e9e de vie du Poisson d&rsquo;argent est de l&rsquo;ordre de 4 \u00e0 5 ans.<\/p>\n<p>Apr\u00e8s l&rsquo;accouplement, la femelle pond des \u0153ufs au sein desquels se d\u00e9roule le d\u00e9veloppement embryonnaire.<br \/>\nLeur \u00e9closion lib\u00e8re des individus juv\u00e9niles, semblables aux adultes en termes de morphologie, d&rsquo;anatomie mais aussi de mode et de milieu de vie.<\/p>\n<p>Les individus juv\u00e9niles connaissent alors un d\u00e9veloppement post-embryonnaire  caract\u00e9ris\u00e9 par une augmentation de taille et de masse. Cette croissance est r\u00e9alis\u00e9e \u00e0 la faveur de mues, processus au cours desquels la cuticule rigide qui recouvre le corps est renouvel\u00e9e, remplac\u00e9e par une nouvelle cuticule temporairement souple, qui autorise l&rsquo;accroissement des dimensions.<br \/>\nCe n&rsquo;est qu&rsquo;apr\u00e8s les premi\u00e8res mues que les \u00e9cailles apparaissent.<\/p>\n<p>Ainsi, six stades au moins sont d\u00e9nombr\u00e9s entre l&rsquo;\u00e9closion et l&rsquo;acquisition de la maturit\u00e9 sexuelle, qui d\u00e9termine la fin du d\u00e9veloppement post-embryonnaire.<\/p>\n<p>L&rsquo;individu est alors devenu un imago, capable de reproduction. Les mues se poursuivent pendant la phase imaginale du cycle de vie.<\/p>\n<p>Du fait des caract\u00e9ristiques de leur cycle de vie et en particulier de l&rsquo;absence de larve et de m\u00e9tamorphose, les Thysanoures sont qualifi\u00e9s d&rsquo;am\u00e9taboles.<\/p>\n<p> &nbsp; <\/p>\n<hr \/>\n<p><\/em><\/p>\n","protected":false},"excerpt":{"rendered":"<p>&nbsp; \u00c9tymologiquement, le terme Thysanoure d\u00e9rive de \u00ab\u00a0thysanos\u00a0\u00bb signifiant \u00ab\u00a0frange\u00a0\u00bb et \u00ab\u00a0oura\u00a0\u00bb\u00a0signifiant \u00ab\u00a0queue\u00a0\u00bb. Il est une r\u00e9f\u00e9rence aux soies port\u00e9es par les cerques et l&rsquo;\u00e9piprocte. &nbsp; Le taxon des Thysanoures est peu nombreux, comportant environ 400 esp\u00e8ces. Ses repr\u00e9sentants sont rencontr\u00e9s dans les habitations, o\u00f9 ils se nourrissent de d\u00e9chets, de papier, de farine etc. [&hellip;]<\/p>\n","protected":false},"author":2,"featured_media":0,"parent":5386,"menu_order":1,"comment_status":"closed","ping_status":"closed","template":"","meta":{"site-sidebar-layout":"default","site-content-layout":"","ast-site-content-layout":"default","site-content-style":"default","site-sidebar-style":"default","ast-global-header-display":"","ast-banner-title-visibility":"","ast-main-header-display":"","ast-hfb-above-header-display":"","ast-hfb-below-header-display":"","ast-hfb-mobile-header-display":"","site-post-title":"","ast-breadcrumbs-content":"","ast-featured-img":"","footer-sml-layout":"","ast-disable-related-posts":"","theme-transparent-header-meta":"","adv-header-id-meta":"","stick-header-meta":"","header-above-stick-meta":"","header-main-stick-meta":"","header-below-stick-meta":"","astra-migrate-meta-layouts":"default","ast-page-background-enabled":"default","ast-page-background-meta":{"desktop":{"background-color":"var(--ast-global-color-4)","background-image":"","background-repeat":"repeat","background-position":"center center","background-size":"auto","background-attachment":"scroll","background-type":"","background-media":"","overlay-type":"","overlay-color":"","overlay-opacity":"","overlay-gradient":""},"tablet":{"background-color":"","background-image":"","background-repeat":"repeat","background-position":"center center","background-size":"auto","background-attachment":"scroll","background-type":"","background-media":"","overlay-type":"","overlay-color":"","overlay-opacity":"","overlay-gradient":""},"mobile":{"background-color":"","background-image":"","background-repeat":"repeat","background-position":"center center","background-size":"auto","background-attachment":"scroll","background-type":"","background-media":"","overlay-type":"","overlay-color":"","overlay-opacity":"","overlay-gradient":""}},"ast-content-background-meta":{"desktop":{"background-color":"var(--ast-global-color-5)","background-image":"","background-repeat":"repeat","background-position":"center center","background-size":"auto","background-attachment":"scroll","background-type":"","background-media":"","overlay-type":"","overlay-color":"","overlay-opacity":"","overlay-gradient":""},"tablet":{"background-color":"var(--ast-global-color-5)","background-image":"","background-repeat":"repeat","background-position":"center center","background-size":"auto","background-attachment":"scroll","background-type":"","background-media":"","overlay-type":"","overlay-color":"","overlay-opacity":"","overlay-gradient":""},"mobile":{"background-color":"var(--ast-global-color-5)","background-image":"","background-repeat":"repeat","background-position":"center center","background-size":"auto","background-attachment":"scroll","background-type":"","background-media":"","overlay-type":"","overlay-color":"","overlay-opacity":"","overlay-gradient":""}},"footnotes":""},"class_list":["post-5216","page","type-page","status-publish","hentry"],"aioseo_notices":[],"jetpack_sharing_enabled":true,"_links":{"self":[{"href":"https:\/\/codexvirtualis.fr\/codex\/wp-json\/wp\/v2\/pages\/5216","targetHints":{"allow":["GET"]}}],"collection":[{"href":"https:\/\/codexvirtualis.fr\/codex\/wp-json\/wp\/v2\/pages"}],"about":[{"href":"https:\/\/codexvirtualis.fr\/codex\/wp-json\/wp\/v2\/types\/page"}],"author":[{"embeddable":true,"href":"https:\/\/codexvirtualis.fr\/codex\/wp-json\/wp\/v2\/users\/2"}],"replies":[{"embeddable":true,"href":"https:\/\/codexvirtualis.fr\/codex\/wp-json\/wp\/v2\/comments?post=5216"}],"version-history":[{"count":5,"href":"https:\/\/codexvirtualis.fr\/codex\/wp-json\/wp\/v2\/pages\/5216\/revisions"}],"predecessor-version":[{"id":5222,"href":"https:\/\/codexvirtualis.fr\/codex\/wp-json\/wp\/v2\/pages\/5216\/revisions\/5222"}],"up":[{"embeddable":true,"href":"https:\/\/codexvirtualis.fr\/codex\/wp-json\/wp\/v2\/pages\/5386"}],"wp:attachment":[{"href":"https:\/\/codexvirtualis.fr\/codex\/wp-json\/wp\/v2\/media?parent=5216"}],"curies":[{"name":"wp","href":"https:\/\/api.w.org\/{rel}","templated":true}]}}