{"id":5178,"date":"2013-08-17T18:24:34","date_gmt":"2013-08-17T16:24:34","guid":{"rendered":"http:\/\/codexvirtualis.fr\/codex\/?page_id=5178"},"modified":"2013-08-18T17:39:45","modified_gmt":"2013-08-18T15:39:45","slug":"hymenopteres","status":"publish","type":"page","link":"https:\/\/codexvirtualis.fr\/codex\/cabinet-de-curiosites-virtuel\/de-lidentification-des-animaux\/quel-insecte\/hymenopteres","title":{"rendered":"Les Hym\u00e9nopt\u00e8res"},"content":{"rendered":"<p> &nbsp; <\/p>\n<p><em>\u00c9tymologiquement, le terme Hym\u00e9nopt\u00e8re provient de \u00ab\u00a0hymen\u00a0\u00bb signifiant \u00ab\u00a0membrane\u00a0\u00bb et de  \u00ab\u00a0pteron\u00a0\u00bb signifiant \u00ab\u00a0aile\u00a0\u00bb. Il est une r\u00e9f\u00e9rence aux ailes membraneuses que poss\u00e8dent les membres du groupe.<\/em><\/p>\n<p> &nbsp; <\/p>\n<p>Le taxon des Hym\u00e9nopt\u00e8res comporte plus de 100\u00a0000 esp\u00e8ces.<\/p>\n<p>Nombre d&rsquo;entre elles sont parasites, d&rsquo;animaux ou de v\u00e9g\u00e9taux, alors que d&rsquo;autres sont sociales.<br \/>\nLe r\u00e9gime alimentaire des Hym\u00e9nopt\u00e8res est principalement constitu\u00e9 de pollen ou de nectar mais il existe \u00e9galement des esp\u00e8ces carnivores.<\/p>\n<p> &nbsp; <\/p>\n<h2>Caract\u00e9ristiques morphologiques<\/h2>\n<p>Gu\u00eapes, Abeilles et Fourmis sont parmi les Hym\u00e9nopt\u00e8res les plus fr\u00e9quemment rencontr\u00e9s.<\/p>\n<p> &nbsp; <\/p>\n<figure style=\"width: 300px\" class=\"wp-caption alignnone\"><a rel=\"lightbox\" href=\"\/documents\/images\/ordres_insectes\/guepe101_10bis-WEB.jpg\" target=\"_blank\"><img decoding=\"async\" class=\" \" title=\"Gu\u00eape (Hym\u00e9nopt\u00e8re)\" src=\"\/documents\/images\/ordres_insectes\/guepe101_10bis-WEB.jpg\" alt=\"Gu\u00eape\" width=\"300\"\/><\/a><figcaption class=\"wp-caption-text\">Gu\u00eape (Hym\u00e9nopt\u00e8re)<\/figcaption><\/figure>\n<p> &nbsp; <\/p>\n<p style=\"text-align: right;\"><a rel=\"lightbox\" href=\"\/documents\/images\/ordres_insectes\/guepe101_10bis_legende-WEB.jpg\" target=\"_blank\">voir l&rsquo;image l\u00e9gend\u00e9e<\/a><\/p>\n<p> &nbsp; <\/p>\n<p>Ce sont des Insectes dont la longueur varie de 2,5 \u00e0 50\u00a0mm.<\/p>\n<p>Ils poss\u00e8dent une t\u00eate recouverte d&rsquo;une cuticule dure et rigide, pouvant pivoter librement gr\u00e2ce \u00e0 un cou \u00e9troit.<br \/>\nElle porte une paire d&rsquo;antennes, variables en fonction des esp\u00e8ces, ainsi que deux grands yeux compos\u00e9s et trois ocelles.<br \/>\nLes pi\u00e8ces buccales, de type broyeur, \u00e9voluent vers le type suceur muni d&rsquo;une langue permettant d\u2019aspirer le nectar.<\/p>\n<p>Le thorax qui lui fait suite est compos\u00e9 de trois segments mais il est fusionn\u00e9 avec le premier segment abdominal.<br \/>\nIl poss\u00e8de g\u00e9n\u00e9ralement deux paires d\u2019ailes membraneuses, parcourues par de nombreuses nervures d\u00e9limitant de grandes cellules (il existe des individus apt\u00e8res, chez les Fourmis notamment). Les ailes ant\u00e9rieures sont plus grandes que les ailes post\u00e9rieures, auxquelles elles sont coupl\u00e9es par des crochets port\u00e9s par les ailes post\u00e9rieures.<\/p>\n<p>\u00c0 l&rsquo;arri\u00e8re, l&rsquo;abdomen est caract\u00e9ris\u00e9 par la fusion du premier segment (propod\u00e9um) avec le thorax et par un \u00e9tranglement entre les deux premiers segments, formant un p\u00e9doncule ou p\u00e9tiole de longueur variable. La partie de l\u2019abdomen situ\u00e9e en arri\u00e8re du p\u00e9doncule est  appel\u00e9e gastre.<br \/>\nLa femelle poss\u00e8de g\u00e9n\u00e9ralement ovipositeur bien d\u00e9velopp\u00e9\u00a0; il est  parfois modifi\u00e9 en aiguillon ou dard.<\/p>\n<p> &nbsp; <\/p>\n<h2>Diversit\u00e9<\/h2>\n<table>\n<tr>\n<td><strong>Apocrites<\/strong><\/td>\n<td><strong>Symphytes<\/strong><\/td>\n<\/tr>\n<tr>\n<td>Abeilles, Gu\u00eapes, Fourmis<\/td>\n<td>Tenthr\u00e8des<\/td>\n<\/tr>\n<tr>\n<td>pr\u00e9sence d&rsquo;une taille entre les deux premiers segments de l\u2019abdomen<\/td>\n<td>absence de taille entre les deux premiers segments de l\u2019abdomen<\/td>\n<\/tr>\n<tr>\n<td>souvent sociaux, parfois parasites<\/td>\n<td>g\u00e9n\u00e9ralement pos\u00e9s sur les v\u00e9g\u00e9taux<\/td>\n<\/tr>\n<tr>\n<td>cuticule souvent recouverte de soies, ou coriace, ou go\u00fbt \u00e2cre, signal\u00e9s par des couleurs vives<\/td>\n<td>larves \u00e9ruciformes avec plus de 5 paires de fausses pattes abdominales, libres ou creusant des galeries dans les v\u00e9g\u00e9taux<\/td>\n<\/tr>\n<tr>\n<td><\/td>\n<td>ovipositeur ressemblant souvent \u00e0 une scie<\/td>\n<\/tr>\n<\/table>\n<p> &nbsp; <\/p>\n<h2>Cycle de vie<\/h2>\n<p>Suite \u00e0 l&rsquo;accouplement, la femelle d\u00e9pose ses \u0153ufs, son ovipositeur lui permettant de forer des trous ou de r\u00e9aliser des incisions dans les tissus v\u00e9g\u00e9taux ou animaux.<\/p>\n<p>L&rsquo;\u00e9closion des \u0153ufs lib\u00e8re, \u00e0 la fin du d\u00e9veloppement embryonnaire, des larves \u00e9ruciformes ou apodes.<br \/>\nElles connaissent un d\u00e9veloppement post-embryonnaire compos\u00e9 d\u2019une succession de stades larvaires s\u00e9par\u00e9s par des mues larvaires.<br \/>\nIl se termine par un stade nymphal issu d\u2019une mue larvo-nymphale. La nymphe poss\u00e8de g\u00e9n\u00e9ralement des appendices libres et est enferm\u00e9e dans un cocon, parfois tr\u00e8s peu visible.<\/p>\n<p>L&rsquo;imago en \u00e9merge \u00e0 la faveur d\u2019une mue nympho-imaginale.<\/p>\n<p>En relation avec l&rsquo;existence d&rsquo;une phase larvaire et d&rsquo;une m\u00e9tamorphose au cours de leur cycle de vie, les Hym\u00e9nopt\u00e8res sont qualifi\u00e9s d&rsquo;Insectes holom\u00e9taboles.<br \/>\nLe d\u00e9veloppement de leurs ailes sous forme d&rsquo;\u00e9bauches internes est caract\u00e9ristique des Insectes endopt\u00e9rygotes.<br \/>\nDe nombreuses esp\u00e8ces pratiquent par ailleurs la parth\u00e9nogen\u00e8se.<\/p>\n<p> &nbsp; <\/p>\n<hr \/>\n","protected":false},"excerpt":{"rendered":"<p>&nbsp; \u00c9tymologiquement, le terme Hym\u00e9nopt\u00e8re provient de \u00ab\u00a0hymen\u00a0\u00bb signifiant \u00ab\u00a0membrane\u00a0\u00bb et de \u00ab\u00a0pteron\u00a0\u00bb signifiant \u00ab\u00a0aile\u00a0\u00bb. Il est une r\u00e9f\u00e9rence aux ailes membraneuses que poss\u00e8dent les membres du groupe. &nbsp; Le taxon des Hym\u00e9nopt\u00e8res comporte plus de 100\u00a0000 esp\u00e8ces. Nombre d&rsquo;entre elles sont parasites, d&rsquo;animaux ou de v\u00e9g\u00e9taux, alors que d&rsquo;autres sont sociales. Le r\u00e9gime alimentaire [&hellip;]<\/p>\n","protected":false},"author":2,"featured_media":0,"parent":5386,"menu_order":8,"comment_status":"closed","ping_status":"closed","template":"","meta":{"site-sidebar-layout":"default","site-content-layout":"","ast-site-content-layout":"default","site-content-style":"default","site-sidebar-style":"default","ast-global-header-display":"","ast-banner-title-visibility":"","ast-main-header-display":"","ast-hfb-above-header-display":"","ast-hfb-below-header-display":"","ast-hfb-mobile-header-display":"","site-post-title":"","ast-breadcrumbs-content":"","ast-featured-img":"","footer-sml-layout":"","ast-disable-related-posts":"","theme-transparent-header-meta":"","adv-header-id-meta":"","stick-header-meta":"","header-above-stick-meta":"","header-main-stick-meta":"","header-below-stick-meta":"","astra-migrate-meta-layouts":"default","ast-page-background-enabled":"default","ast-page-background-meta":{"desktop":{"background-color":"var(--ast-global-color-4)","background-image":"","background-repeat":"repeat","background-position":"center center","background-size":"auto","background-attachment":"scroll","background-type":"","background-media":"","overlay-type":"","overlay-color":"","overlay-opacity":"","overlay-gradient":""},"tablet":{"background-color":"","background-image":"","background-repeat":"repeat","background-position":"center center","background-size":"auto","background-attachment":"scroll","background-type":"","background-media":"","overlay-type":"","overlay-color":"","overlay-opacity":"","overlay-gradient":""},"mobile":{"background-color":"","background-image":"","background-repeat":"repeat","background-position":"center center","background-size":"auto","background-attachment":"scroll","background-type":"","background-media":"","overlay-type":"","overlay-color":"","overlay-opacity":"","overlay-gradient":""}},"ast-content-background-meta":{"desktop":{"background-color":"var(--ast-global-color-5)","background-image":"","background-repeat":"repeat","background-position":"center center","background-size":"auto","background-attachment":"scroll","background-type":"","background-media":"","overlay-type":"","overlay-color":"","overlay-opacity":"","overlay-gradient":""},"tablet":{"background-color":"var(--ast-global-color-5)","background-image":"","background-repeat":"repeat","background-position":"center center","background-size":"auto","background-attachment":"scroll","background-type":"","background-media":"","overlay-type":"","overlay-color":"","overlay-opacity":"","overlay-gradient":""},"mobile":{"background-color":"var(--ast-global-color-5)","background-image":"","background-repeat":"repeat","background-position":"center center","background-size":"auto","background-attachment":"scroll","background-type":"","background-media":"","overlay-type":"","overlay-color":"","overlay-opacity":"","overlay-gradient":""}},"footnotes":""},"class_list":["post-5178","page","type-page","status-publish","hentry"],"aioseo_notices":[],"jetpack_sharing_enabled":true,"_links":{"self":[{"href":"https:\/\/codexvirtualis.fr\/codex\/wp-json\/wp\/v2\/pages\/5178","targetHints":{"allow":["GET"]}}],"collection":[{"href":"https:\/\/codexvirtualis.fr\/codex\/wp-json\/wp\/v2\/pages"}],"about":[{"href":"https:\/\/codexvirtualis.fr\/codex\/wp-json\/wp\/v2\/types\/page"}],"author":[{"embeddable":true,"href":"https:\/\/codexvirtualis.fr\/codex\/wp-json\/wp\/v2\/users\/2"}],"replies":[{"embeddable":true,"href":"https:\/\/codexvirtualis.fr\/codex\/wp-json\/wp\/v2\/comments?post=5178"}],"version-history":[{"count":4,"href":"https:\/\/codexvirtualis.fr\/codex\/wp-json\/wp\/v2\/pages\/5178\/revisions"}],"predecessor-version":[{"id":5182,"href":"https:\/\/codexvirtualis.fr\/codex\/wp-json\/wp\/v2\/pages\/5178\/revisions\/5182"}],"up":[{"embeddable":true,"href":"https:\/\/codexvirtualis.fr\/codex\/wp-json\/wp\/v2\/pages\/5386"}],"wp:attachment":[{"href":"https:\/\/codexvirtualis.fr\/codex\/wp-json\/wp\/v2\/media?parent=5178"}],"curies":[{"name":"wp","href":"https:\/\/api.w.org\/{rel}","templated":true}]}}