{"id":5130,"date":"2013-08-17T18:22:55","date_gmt":"2013-08-17T16:22:55","guid":{"rendered":"http:\/\/codexvirtualis.fr\/codex\/?page_id=5130"},"modified":"2013-08-18T17:36:19","modified_gmt":"2013-08-18T15:36:19","slug":"dermapteres","status":"publish","type":"page","link":"https:\/\/codexvirtualis.fr\/codex\/cabinet-de-curiosites-virtuel\/de-lidentification-des-animaux\/quel-insecte\/dermapteres","title":{"rendered":"Les Dermapt\u00e8res"},"content":{"rendered":"<p> &nbsp; <\/p>\n<p><em>\u00c9tymologiquement, le terme \u00ab\u00a0Dermapt\u00e8re\u00a0\u00bb d\u00e9rive de \u00ab\u00a0derma\u00a0\u00bb signifiant \u00ab\u00a0peau\u00a0\u00bb et \u00ab\u00a0pteron\u00a0\u00bb signifiant \u00ab\u00a0aile\u00a0\u00bb. Il est une r\u00e9f\u00e9rence aux ailes post\u00e9rieures rappelant une desquamation, qui caract\u00e9risent le groupe.<\/em><\/p>\n<p> &nbsp; <\/p>\n<p>Le taxon des Dermapt\u00e8res compte environ 1\u00a0800 esp\u00e8ces.<\/p>\n<p>Il s&rsquo;agit d&rsquo;Insectes de m\u0153urs nocturnes, trouvant refuge dans des fissures le jour, dont le  r\u00e9gime alimentaire est diversifi\u00e9 (comportant des v\u00e9g\u00e9taux, des charognes et d\u00e9bris mais aussi des Insectes vivants).<\/p>\n<p>Si certaines esp\u00e8ces traversent l\u2019hiver enfouies dans le sol, d\u2019autres restent cantonn\u00e9es  aux r\u00e9gions m\u00e9ridionales.<\/p>\n<p> &nbsp; <\/p>\n<h2>Caract\u00e9ristiques morphologiques<\/h2>\n<p>Le Forficule, commun\u00e9ment appel\u00e9 Perce-oreille, est un repr\u00e9sentant des Dermapt\u00e8res assez fr\u00e9quemment observ\u00e9.\t<\/p>\n<p> &nbsp; <\/p>\n<figure style=\"width: 300px\" class=\"wp-caption alignnone\"><a rel=\"lightbox\" href=\"\/documents\/images\/ordres_insectes\/IMGP6234_forficule_bis-WEB.jpg\" target=\"_blank\"><img decoding=\"async\" class=\" \" title=Forficule (femelle \u2013 Dermapt\u00e8re)\" src=\"\/documents\/images\/ordres_insectes\/IMGP6234_forficule_bis-WEB.jpg\" alt=\"Forficule\" width=\"300\" \/><\/a><figcaption class=\"wp-caption-text\">Forficule (femelle \u2013 Dermapt\u00e8re)<\/figcaption><\/figure>\n<p> &nbsp; <\/p>\n<p style=\"text-align: right;\"><a rel=\"lightbox\" href=\"\/documents\/images\/ordres_insectes\/IMGP6234_forficule_bis_legende-WEB.jpg\" target=\"_blank\">voir l&rsquo;image l\u00e9gend\u00e9e<\/a><\/p>\n<p> &nbsp; <\/p>\n<p>Le corps est allong\u00e9 et aplati dorso-ventralement, de couleur plut\u00f4t sombre allant du brun au noir.<\/p>\n<p>\u00c0 l&rsquo;avant, la t\u00eate est large, horizontale.<br \/>\nElle porte de grands yeux compos\u00e9s lat\u00e9raux et de longues antennes filiformes, ainsi que des pi\u00e8ces buccales broyeuses dirig\u00e9es vers l&rsquo;avant.<\/p>\n<p>Le thorax qui suit est form\u00e9 d\u2019un prothorax bien visible, le m\u00e9sothorax et le m\u00e9tathorax \u00e9tant par contre cach\u00e9s par les ailes.<br \/>\nLes ailes ant\u00e9rieures sont courtes et transform\u00e9es en \u00e9lytres, alors que les ailes post\u00e9rieures sont grandes, de forme semi-circulaire et fines, ressemblant \u00e0 une desquamation.<\/p>\n<p>L&rsquo;abdomen, post\u00e9rieur, est termin\u00e9 par des cerques modifi\u00e9s en pinces, incurv\u00e9es et puissantes chez le m\u00e2le, droites et se rejoignant \u00e0 peine chez la femelle.<\/p>\n<p> &nbsp; <\/p>\n<h2>Cycle de vie<\/h2>\n<p>La reproduction intervient \u00e0 l&rsquo;automne.<\/p>\n<p>Apr\u00e8s l\u2019accouplement, la femelle d\u00e9pose ses \u0153ufs dans le sol, et en assure la surveillance et l\u2019entretien pendant l\u2019hiver.<\/p>\n<p>Ils \u00e9closent au printemps, lib\u00e9rant des individus juv\u00e9niles ressemblant aux adultes, que la femelle soigne \u00e9galement.<\/p>\n<p>Le d\u00e9veloppement post-embryonnaire comprend le plus souvent quatre stades s\u00e9par\u00e9s par des mues, au cours desquelles les ailes se forment progressivement sous forme d\u2019\u00e9bauches externes, de m\u00eame que les antennes et les pinces.<\/p>\n<p>L&rsquo;imago \u00e9merge \u00e0 la faveur d&rsquo;une mue imaginale intervenant \u00e0 la fin de l\u2019\u00e9t\u00e9.<\/p>\n<p>L&rsquo;absence de larve et de m\u00e9tamorphose au cours du cycle de vie permet de qualifier les Dermapt\u00e8res d&rsquo;Insectes h\u00e9t\u00e9rom\u00e9taboles paurom\u00e9taboles.<\/p>\n<p> &nbsp; <\/p>\n<hr \/>\n","protected":false},"excerpt":{"rendered":"<p>&nbsp; \u00c9tymologiquement, le terme \u00ab\u00a0Dermapt\u00e8re\u00a0\u00bb d\u00e9rive de \u00ab\u00a0derma\u00a0\u00bb signifiant \u00ab\u00a0peau\u00a0\u00bb et \u00ab\u00a0pteron\u00a0\u00bb signifiant \u00ab\u00a0aile\u00a0\u00bb. Il est une r\u00e9f\u00e9rence aux ailes post\u00e9rieures rappelant une desquamation, qui caract\u00e9risent le groupe. &nbsp; Le taxon des Dermapt\u00e8res compte environ 1\u00a0800 esp\u00e8ces. Il s&rsquo;agit d&rsquo;Insectes de m\u0153urs nocturnes, trouvant refuge dans des fissures le jour, dont le r\u00e9gime alimentaire est [&hellip;]<\/p>\n","protected":false},"author":2,"featured_media":0,"parent":5386,"menu_order":6,"comment_status":"closed","ping_status":"closed","template":"","meta":{"site-sidebar-layout":"default","site-content-layout":"","ast-site-content-layout":"default","site-content-style":"default","site-sidebar-style":"default","ast-global-header-display":"","ast-banner-title-visibility":"","ast-main-header-display":"","ast-hfb-above-header-display":"","ast-hfb-below-header-display":"","ast-hfb-mobile-header-display":"","site-post-title":"","ast-breadcrumbs-content":"","ast-featured-img":"","footer-sml-layout":"","ast-disable-related-posts":"","theme-transparent-header-meta":"","adv-header-id-meta":"","stick-header-meta":"","header-above-stick-meta":"","header-main-stick-meta":"","header-below-stick-meta":"","astra-migrate-meta-layouts":"default","ast-page-background-enabled":"default","ast-page-background-meta":{"desktop":{"background-color":"var(--ast-global-color-4)","background-image":"","background-repeat":"repeat","background-position":"center center","background-size":"auto","background-attachment":"scroll","background-type":"","background-media":"","overlay-type":"","overlay-color":"","overlay-opacity":"","overlay-gradient":""},"tablet":{"background-color":"","background-image":"","background-repeat":"repeat","background-position":"center center","background-size":"auto","background-attachment":"scroll","background-type":"","background-media":"","overlay-type":"","overlay-color":"","overlay-opacity":"","overlay-gradient":""},"mobile":{"background-color":"","background-image":"","background-repeat":"repeat","background-position":"center center","background-size":"auto","background-attachment":"scroll","background-type":"","background-media":"","overlay-type":"","overlay-color":"","overlay-opacity":"","overlay-gradient":""}},"ast-content-background-meta":{"desktop":{"background-color":"var(--ast-global-color-5)","background-image":"","background-repeat":"repeat","background-position":"center center","background-size":"auto","background-attachment":"scroll","background-type":"","background-media":"","overlay-type":"","overlay-color":"","overlay-opacity":"","overlay-gradient":""},"tablet":{"background-color":"var(--ast-global-color-5)","background-image":"","background-repeat":"repeat","background-position":"center center","background-size":"auto","background-attachment":"scroll","background-type":"","background-media":"","overlay-type":"","overlay-color":"","overlay-opacity":"","overlay-gradient":""},"mobile":{"background-color":"var(--ast-global-color-5)","background-image":"","background-repeat":"repeat","background-position":"center center","background-size":"auto","background-attachment":"scroll","background-type":"","background-media":"","overlay-type":"","overlay-color":"","overlay-opacity":"","overlay-gradient":""}},"footnotes":""},"class_list":["post-5130","page","type-page","status-publish","hentry"],"aioseo_notices":[],"jetpack_sharing_enabled":true,"_links":{"self":[{"href":"https:\/\/codexvirtualis.fr\/codex\/wp-json\/wp\/v2\/pages\/5130","targetHints":{"allow":["GET"]}}],"collection":[{"href":"https:\/\/codexvirtualis.fr\/codex\/wp-json\/wp\/v2\/pages"}],"about":[{"href":"https:\/\/codexvirtualis.fr\/codex\/wp-json\/wp\/v2\/types\/page"}],"author":[{"embeddable":true,"href":"https:\/\/codexvirtualis.fr\/codex\/wp-json\/wp\/v2\/users\/2"}],"replies":[{"embeddable":true,"href":"https:\/\/codexvirtualis.fr\/codex\/wp-json\/wp\/v2\/comments?post=5130"}],"version-history":[{"count":8,"href":"https:\/\/codexvirtualis.fr\/codex\/wp-json\/wp\/v2\/pages\/5130\/revisions"}],"predecessor-version":[{"id":5144,"href":"https:\/\/codexvirtualis.fr\/codex\/wp-json\/wp\/v2\/pages\/5130\/revisions\/5144"}],"up":[{"embeddable":true,"href":"https:\/\/codexvirtualis.fr\/codex\/wp-json\/wp\/v2\/pages\/5386"}],"wp:attachment":[{"href":"https:\/\/codexvirtualis.fr\/codex\/wp-json\/wp\/v2\/media?parent=5130"}],"curies":[{"name":"wp","href":"https:\/\/api.w.org\/{rel}","templated":true}]}}