{"id":4165,"date":"2012-08-10T15:28:51","date_gmt":"2012-08-10T13:28:51","guid":{"rendered":"http:\/\/codexvirtualis.fr\/codex\/?page_id=4165"},"modified":"2012-08-10T15:37:53","modified_gmt":"2012-08-10T13:37:53","slug":"le-tissu-conjonctif","status":"publish","type":"page","link":"https:\/\/codexvirtualis.fr\/codex\/de-lorganisation-interne\/premiers-pas-histologiques\/le-tissu-conjonctif","title":{"rendered":"Le tissu conjonctif"},"content":{"rendered":"<p> &nbsp; <\/p>\n<p>Le tissu conjonctif constitue un support structural, m\u00e9tabolique et de d\u00e9fense pour l&rsquo;organisme.<br \/>\nIl est ainsi impliqu\u00e9 dans le soutien de l&rsquo;organisme et des autres tissus, la nutrition et le stockage de substances \u00e0 vocation nutritive, les r\u00e9actions de d\u00e9fense de l&rsquo;organisme.<\/p>\n<p> &nbsp; <\/p>\n<h2>Organisation<\/h2>\n<p>Un tissu conjonctif est compos\u00e9 de cellules entre lesquelles un mat\u00e9riel extracellulaire abondant est pr\u00e9sent.<\/p>\n<p> &nbsp; <\/p>\n<p>Deux cat\u00e9gories de cellules sont distingu\u00e9es :<\/p>\n<p><span style=\"color: #999999;\">\u2022 <\/span>les cellules fixes (ou r\u00e9sidentes), assurant la production et le renouvellement du mat\u00e9riel extracellulaire ;<\/p>\n<p><span style=\"color: #999999;\">\u2022 <\/span>les cellules mobiles (ou de passage), impliqu\u00e9es dans les r\u00e9actions de d\u00e9fense.<\/p>\n<p> &nbsp; <\/p>\n<p>Le mat\u00e9riel extracellulaire est pour sa part compos\u00e9 de :<\/p>\n<p><span style=\"color: #999999;\">\u2022 <\/span>substance fondamentale, form\u00e9e de mol\u00e9cules associant prot\u00e9ines et glucides, dont la consistance est celle d&rsquo;un gel hydrat\u00e9 ;<\/p>\n<p><span style=\"color: #999999;\">\u2022 <\/span>prot\u00e9ines fibreuses telles le collag\u00e8ne et l&rsquo;\u00e9lastine, \u00e0 l&rsquo;origine de propri\u00e9t\u00e9s m\u00e9caniques comme la r\u00e9sistance \u00e0 la tension ou l&rsquo;\u00e9lasticit\u00e9 ;<\/p>\n<p><span style=\"color: #999999;\">\u2022 <\/span>glycoprot\u00e9ines de structure, responsables des interactions avec les cellules.<\/p>\n<p> &nbsp; <\/p>\n<p>G\u00e9n\u00e9ralement, le tissu conjonctif est irrigu\u00e9.<\/p>\n<p> &nbsp; <\/p>\n<h2>Diversit\u00e9<\/h2>\n<p>Trois principales cat\u00e9gories de tissus conjonctifs sont identifi\u00e9es, en relation avec leur fonction majeure, les types cellulaires qu&rsquo;ils contiennent et la composition du mat\u00e9riel extracellulaire.<\/p>\n<p>Ce sont les :<\/p>\n<p><span style=\"color: #999999;\">\u2022 <\/span>tissu conjonctif fibreux<br \/>\n\u00e0 l&rsquo;int\u00e9rieur des organes, il est situ\u00e9 entre les tissus \u00e9pith\u00e9lial, musculaire et nerveux et joue \u00e0 la fois un r\u00f4le de tissu de remplissage et un r\u00f4le de support m\u00e9tabolique, tout en \u00e9tant le si\u00e8ge des r\u00e9actions de d\u00e9fense<br \/>\n\u00e0 l&rsquo;ext\u00e9rieur des organes, il forme une enveloppe, reliant parfois les organes les uns aux autres<br \/>\nun tissu conjonctif fibreux contient fr\u00e9quemment des cellules isol\u00e9es sp\u00e9cialis\u00e9es dans le stockage de lipides, appel\u00e9es adipocytes  <\/p>\n<p><span style=\"color: #999999;\">\u2022 <\/span>tissu adipeux<br \/>\nregroupement d&rsquo;adipocytes sp\u00e9cialis\u00e9s dans la mise en r\u00e9serve de lipides, le tissu adipeux a une fonction m\u00e9tabolique essentielle mais il est \u00e9galement responsable de l&rsquo;isolation thermique et de la protection m\u00e9canique des organes, en relation avec les propri\u00e9t\u00e9s des lipides qu&rsquo;il contient<\/p>\n<p><span style=\"color: #999999;\">\u2022 <\/span>tissus squelettiques<br \/>\nrigides ou semi-rigides, les tissus squelettiques ont pour fonction principale le soutien de l&rsquo;organisme.<\/p>\n<p> &nbsp; <\/p>\n<h3>Tissu conjonctif fibreux<\/h3>\n<p> &nbsp; <\/p>\n<table>\n<tbody>\n<tr>\n<td><a rel=\"lightbox\" href=\"\/documents\/images\/histologie\/tegument_120-WEB.jpg\" target=\"_blank\"><img decoding=\"async\" alt=\"T\u00e9gument de L\u00e9zard\" src=\"\/documents\/images\/histologie\/tegument_120-WEB.jpg\" title=\"T\u00e9gument de L\u00e9zard\" width=\"75\" \/><\/a><\/td>\n<td><a href=\"\/codex\/de-lorganisation-interne\/premiers-pas-histologiques\/le-tissu-conjonctif\/tissu-conjonctif-fibreux#tegument-lezard\" target=\"_blank\">T\u00e9gument de L\u00e9zard<\/a><\/td>\n<td>Tissu conjonctif<\/td>\n<td>fibreux<\/td>\n<td>l\u00e2che<\/td>\n<\/tr>\n<\/tbody>\n<\/table>\n<p style=\"text-align: right;\">Cliquer sur l&rsquo;image pour l&rsquo;agrandir et sur le titre pour acc\u00e9der \u00e0 l&rsquo;image l\u00e9gend\u00e9e<\/p>\n<p> &nbsp; <\/p>\n<p>Le tissu conjonctif fibreux est form\u00e9 de :<\/p>\n<p><span style=\"color: #999999;\">\u2022 <\/span>fibrocytes, cellules fixes de forme fusel\u00e9e poss\u00e9dant un volumineux noyau allong\u00e9, et d\u00e9veloppant des expansions qui s&rsquo;\u00e9tendent \u00e0 travers le mat\u00e9riel extracellulaire et permettent le contact des cellules entre elles<br \/>\nles fibrocytes assurent l&rsquo;entretien du mat\u00e9riel extracellulaire et d\u00e9rivent de fibroblastes responsables de sa production<\/p>\n<p><span style=\"color: #999999;\">\u2022 <\/span>cellules de d\u00e9fense, mobiles et de forme arrondie<\/p>\n<p><span style=\"color: #999999;\">\u2022 <\/span>mat\u00e9riel extracellulaire comportant de nombreuses fibres prot\u00e9iques, baignant dans une substance fondamentale relativement abondante.<\/p>\n<p> &nbsp; <\/p>\n<h3>Tissu adipeux<\/h3>\n<p> &nbsp; <\/p>\n<table>\n<tbody>\n<tr>\n<td><a rel=\"lightbox\" href=\"\/documents\/images\/histologie\/tissu_adipeux_114-WEB.jpg\" target=\"_blank\"><img decoding=\"async\" alt=\"Tissu adipeux de Souris\" src=\"\/documents\/images\/histologie\/tissu_adipeux_114-WEB.jpg\" title=\"Tissu adipeux de Souris\" width=\"75\" \/><\/a><\/td>\n<td><a href=\"\/codex\/de-lorganisation-interne\/premiers-pas-histologiques\/le-tissu-conjonctif\/tissus-adipeux#tissu-adipeux-blanc\" target=\"_blank\">Tissu adipeux de Souris<\/a><\/td>\n<td>Tissu conjonctif<\/td>\n<td>adipeux<\/td>\n<td>blanc<\/td>\n<\/tr>\n<tr>\n<td><a rel=\"lightbox\" href=\"\/documents\/images\/histologie\/tissu_adipeux_148-WEB.jpg\" target=\"_blank\"><img decoding=\"async\" alt=\"Tissu adipeux de Souris\" src=\"\/documents\/images\/histologie\/tissu_adipeux_148-WEB.jpg\" title=\"Tissu adipeux de Souris\" width=\"75\" \/><\/a><\/td>\n<td><a href=\"\/codex\/de-lorganisation-interne\/premiers-pas-histologiques\/le-tissu-conjonctif\/tissus-adipeux#tissu-adipeux-blanc\" target=\"_blank\">Tissu adipeux de Souris<\/a><\/td>\n<td>Tissu conjonctif<\/td>\n<td>adipeux<\/td>\n<td>blanc<\/td>\n<\/tr>\n<tr>\n<td><a rel=\"lightbox\" href=\"\/documents\/images\/histologie\/Graisse_brune_40-WEB.jpg\" target=\"_blank\"><img decoding=\"async\" alt=\"Tissu adipeux de Souris\" src=\"\/documents\/images\/histologie\/Graisse_brune_40-WEB.jpg\" title=\"Tissu adipeux de Souris\" width=\"75\" \/><\/a><\/td>\n<td><a href=\"\/codex\/de-lorganisation-interne\/premiers-pas-histologiques\/le-tissu-conjonctif\/tissus-adipeux#tissu-adipeux-brun\" target=\"_blank\">Tissu adipeux de Souris<\/a>\n<\/td>\n<td>Tissu conjonctif<\/td>\n<td>adipeux<\/td>\n<td>brun<\/td>\n<\/tr>\n<tr>\n<td><a rel=\"lightbox\" href=\"\/documents\/images\/histologie\/Tissu_adip_brun_100-WEB.jpg\" target=\"_blank\"><img decoding=\"async\" alt=\"Tissu adipeux de Souris\" src=\"\/documents\/images\/histologie\/Tissu_adip_brun_100-WEB.jpg\" title=\"Tissu adipeux de Souris\" width=\"75\" \/><\/a><\/td>\n<td><a href=\"\/codex\/de-lorganisation-interne\/premiers-pas-histologiques\/le-tissu-conjonctif\/tissus-adipeux#tissu-adipeux-brun\" target=\"_blank\">Tissu adipeux de Souris<\/a>\n<\/td>\n<td>Tissu conjonctif<\/td>\n<td>adipeux<\/td>\n<td>brun<\/td>\n<\/tr>\n<\/tbody>\n<\/table>\n<p style=\"text-align: right;\">Cliquer sur l&rsquo;image pour l&rsquo;agrandir et sur le titre pour acc\u00e9der \u00e0 l&rsquo;image l\u00e9gend\u00e9e<\/p>\n<p> &nbsp; <\/p>\n<p>Le tissu adipeux est essentiellement form\u00e9 de cellules, les adipocytes, et comporte tr\u00e8s peu de mat\u00e9riel extracellulaire.<\/p>\n<p>Chez les Mammif\u00e8res deux cat\u00e9gories de tissus adipeux sont distingu\u00e9es, en relation avec leur couleur \u00e0 l&rsquo;\u00e9chelle anatomique et la structure des cellules qui les composent.<br \/>\nIls r\u00e9alisent \u00e9galement des fonctions distinctes.<\/p>\n<p>Ce sont :<\/p>\n<p><span style=\"color: #999999;\">\u2022 <\/span>le tissu adipeux blanc, constitu\u00e9 de cellules volumineuses pr\u00e9sentant une gouttelette lipidique unique, de grande taille, qui occupe l&rsquo;essentiel de leur volume, le cytoplasme formant une fine couronne p\u00e9riph\u00e9rique et contenant le noyau aplati<br \/>\nle tissu adipeux blanc est \u00e0 la fois une r\u00e9serve \u00e9nerg\u00e9tique, un isolant thermique et une protection m\u00e9canique<\/p>\n<p><span style=\"color: #999999;\">\u2022 <\/span>le tissu adipeux brun, form\u00e9 de cellules de taille plus modeste, poss\u00e9dant un cytoplasme relativement abondant dans lequel de nombreuses petites gouttelettes lipidiques sont pr\u00e9sentes, et dont le noyau est renfl\u00e9 et p\u00e9riph\u00e9rique<br \/>\nle tissu adipeux brun contribue \u00e0 la thermor\u00e9gulation (contr\u00f4le de la temp\u00e9rature corporelle), par le biais de la production de chaleur.<\/p>\n<p> &nbsp; <\/p>\n<h3>Tissus squelettiques<\/h3>\n<p> &nbsp; <\/p>\n<table>\n<tbody>\n<tr>\n<td><a rel=\"lightbox\" href=\"\/documents\/images\/histologie\/ceinture_pectorale_51-WEB.jpg\" target=\"_blank\"><img decoding=\"async\" alt=\"Cartilage de Triton\" src=\"\/documents\/images\/histologie\/ceinture_pectorale_51-WEB.jpg\" title=\"Cartilage de Triton\" width=\"75\" \/><\/a><\/td>\n<td><a href=\"\/codex\/de-lorganisation-interne\/premiers-pas-histologiques\/le-tissu-conjonctif\/tissus-squelettiques#tissu-cartilagineux\" target=\"_blank\">Cartilage de Triton<\/a><\/td>\n<td>Tissu conjonctif<\/td>\n<td>squelettique<\/td>\n<td>cartilagineux<\/td>\n<\/tr>\n<tr>\n<td><a rel=\"lightbox\" href=\"\/documents\/images\/histologie\/ceinture_pectorale_54-WEB.jpg\" target=\"_blank\"><img decoding=\"async\" alt=\"Cartilage de Triton\" src=\"\/documents\/images\/histologie\/ceinture_pectorale_54-WEB.jpg\" title=\"Cartilage de Triton\" width=\"75\" \/><\/a><\/td>\n<td><a href=\"\/codex\/de-lorganisation-interne\/premiers-pas-histologiques\/le-tissu-conjonctif\/tissus-squelettiques#tissu-cartilagineux\" target=\"_blank\">Cartilage de Triton<\/a><\/td>\n<td>Tissu conjonctif<\/td>\n<td>squelettique<\/td>\n<td>cartilagineux<\/td>\n<\/tr>\n<tr>\n<td><a rel=\"lightbox\" href=\"\/documents\/images\/histologie\/cartilage_99-WEB.jpg\" target=\"_blank\"><img decoding=\"async\" alt=\"Cartilage de Triton\" src=\"\/documents\/images\/histologie\/cartilage_99-WEB.jpg\" title=\"Cartilage de Triton\" width=\"75\" \/><\/a><\/td>\n<td><a href=\"\/codex\/de-lorganisation-interne\/premiers-pas-histologiques\/le-tissu-conjonctif\/tissus-squelettiques#tissu-cartilagineux\" target=\"_blank\">Cartilage de Triton<\/a><\/td>\n<td>Tissu conjonctif<\/td>\n<td>squelettique<\/td>\n<td>cartilagineux<\/td>\n<\/tr>\n<tr>\n<td><a rel=\"lightbox\" href=\"\/documents\/images\/histologie\/ceinture_pectorale_53-WEB.jpg\" target=\"_blank\"><img decoding=\"async\" alt=\"Os de Triton\" src=\"\/documents\/images\/histologie\/ceinture_pectorale_53-WEB.jpg\" title=\"Os de Triton\" width=\"75\" \/><\/a><\/td>\n<td><a href=\"\/codex\/de-lorganisation-interne\/premiers-pas-histologiques\/le-tissu-conjonctif\/tissus-squelettiques#tissu-osseux\" target=\"_blank\">Os de Triton<\/a><\/td>\n<td>Tissu conjonctif<\/td>\n<td>squelettique<\/td>\n<td>osseux<\/td>\n<\/tr>\n<tr>\n<td><a rel=\"lightbox\" href=\"\/documents\/images\/histologie\/vue_generale_01-WEB.jpg\" target=\"_blank\"><img decoding=\"async\" alt=\"Os de Mammif\u00e8re\" src=\"\/documents\/images\/histologie\/vue_generale_01-WEB.jpg\" title=\"Os de Mammif\u00e8re\" width=\"75\" \/><\/a><\/td>\n<td><a href=\"\/codex\/de-lorganisation-interne\/premiers-pas-histologiques\/le-tissu-conjonctif\/tissus-squelettiques#tissu-osseux\" target=\"_blank\">Os de Mammif\u00e8re<\/a><\/td>\n<td>Tissu conjonctif<\/td>\n<td>squelettique<\/td>\n<td>osseux<\/td>\n<\/tr>\n<tr>\n<td><a rel=\"lightbox\" href=\"\/documents\/images\/histologie\/osteon_06-WEB.jpg\" target=\"_blank\"><img decoding=\"async\" alt=\"Os de Mammif\u00e8re\" src=\"\/documents\/images\/histologie\/osteon_06-WEB.jpg\" title=\"Os de Mammif\u00e8re\" width=\"75\" \/><\/a><\/td>\n<td><a href=\"\/codex\/de-lorganisation-interne\/premiers-pas-histologiques\/le-tissu-conjonctif\/tissus-squelettiques#tissu-osseux\" target=\"_blank\">Os de Mammif\u00e8re<\/a><\/td>\n<td>Tissu conjonctif<\/td>\n<td>squelettique<\/td>\n<td>osseux<\/td>\n<\/tr>\n<tr>\n<td><a rel=\"lightbox\" href=\"\/documents\/images\/histologie\/osteon_10-WEB.jpg\" target=\"_blank\"><img decoding=\"async\" alt=\"Os de Mammif\u00e8re\" src=\"\/documents\/images\/histologie\/osteon_10-WEB.jpg\" title=\"Os de Mammif\u00e8re\" width=\"75\" \/><\/a><\/td>\n<td><a href=\"\/codex\/de-lorganisation-interne\/premiers-pas-histologiques\/le-tissu-conjonctif\/tissus-squelettiques#tissu-osseux\" target=\"_blank\">Os de Mammif\u00e8re<\/a><\/td>\n<td>Tissu conjonctif<\/td>\n<td>squelettique<\/td>\n<td>osseux<\/td>\n<\/tr>\n<\/tbody>\n<\/table>\n<p style=\"text-align: right;\">Cliquer sur l&rsquo;image pour l&rsquo;agrandir et sur le titre pour acc\u00e9der \u00e0 l&rsquo;image l\u00e9gend\u00e9e<\/p>\n<p> &nbsp; <\/p>\n<p>Les tissus squelettiques assurent le soutien de l&rsquo;organisme de par leur rigidit\u00e9.<\/p>\n<p>Chez les Vert\u00e9br\u00e9s ils rel\u00e8vent de deux cat\u00e9gories, distinctes par les cellules qu&rsquo;ils contiennent et la composition de leur mat\u00e9riel extracellulaire.<\/p>\n<p>Il s&rsquo;agit des :<\/p>\n<p><span style=\"color: #999999;\">\u2022 <\/span>tissu cartilagineux formant le cartilage, tissu de soutien mais \u00e9galement constituant des \u00e9bauches des os<br \/>\nil est form\u00e9 de<\/p>\n<p style=\"padding-left: 30px;\"><span style=\"color: #999999;\">\u2022 <\/span>chondrocytes, cellules fixes arrondies occupant des logettes et r\u00e9alisant le renouvellement du mat\u00e9riel extracellulaire<br \/>\nles chondrocytes d\u00e9rivent de chondroblastes qui assurent la production du mat\u00e9riel extracellulaire<\/p>\n<p style=\"padding-left: 30px;\"><span style=\"color: #999999;\">\u2022 <\/span>mat\u00e9riel extracellulaire principalement compos\u00e9 de substance fondamentale dans laquelle baignent des fibres prot\u00e9iques relativement peu abondantes<br \/>\nen cons\u00e9quence, le tissu cartilagineux est semi-rigide, solide mais flexible<\/p>\n<p><span style=\"color: #999999;\">\u2022 <\/span>tissu osseux composant les os, tissu de soutien qui contribue par ailleurs \u00e0 l&rsquo;hom\u00e9ostasie calcique (contr\u00f4le de la concentration en ions calcium) de l&rsquo;organisme<br \/>\nil est form\u00e9<\/p>\n<p style=\"padding-left: 30px;\"><span style=\"color: #999999;\">\u2022 <\/span>d&rsquo;ost\u00e9ocytes, cellules fixes, allong\u00e9es et munies d&rsquo;expansions leur permettant d&rsquo;\u00e9tablir des contacts les unes avec les autres<br \/>\nelles occupent des logettes, les ost\u00e9oplastes, qui pr\u00e9sentent des canalicules dans lesquels courent leurs prolongements<br \/>\nles ost\u00e9ocytes sont responsables de l&rsquo;entretien du mat\u00e9riel extracellulaire et d\u00e9rivent d&rsquo;ost\u00e9oblastes qui en assurent l&rsquo;\u00e9laboration, ces derniers sont \u00e9galement pr\u00e9sents dans le tissu osseux<\/p>\n<p style=\"padding-left: 30px;\"><span style=\"color: #999999;\">\u2022 <\/span>d&rsquo;ost\u00e9oclastes, cellules mobiles plurinucl\u00e9\u00e9es<br \/>\nelles sont responsables de la r\u00e9sorption osseuse, r\u00e9alisant la d\u00e9gradation du mat\u00e9riel extracellulaire<\/p>\n<p style=\"padding-left: 30px;\"><span style=\"color: #999999;\">\u2022 <\/span>de mat\u00e9riel extracellulaire abondant, riche en substance fondamentale et en fibres de collag\u00e8ne, impr\u00e9gn\u00e9 de cristaux d&rsquo;hydroxyapatite (phosphate de calcium)<br \/>\nla min\u00e9ralisation du mat\u00e9riel extracellulaire conf\u00e8re au tissu osseux rigidit\u00e9 et solidit\u00e9, la matrice organique assurant quant \u00e0 elle son \u00e9lasticit\u00e9.<\/p>\n<p> &nbsp; <\/p>\n<p>Les coupes \u00e0 sec confectionn\u00e9es \u00e0 partir d&rsquo;os de Mammif\u00e8re r\u00e9v\u00e8lent une organisation du tissu osseux en lamelles concentriques, dispos\u00e9es autour d&rsquo;un canal central, le canal de Havers.<br \/>\nDes vaisseaux sanguins et des nerfs courent dans ce canal, tandis que les ost\u00e9ocytes sont situ\u00e9s entre les lamelles.<br \/>\nLes unit\u00e9s cylindriques ainsi form\u00e9es sont appel\u00e9es des ost\u00e9ons.<\/p>\n<p> &nbsp; <\/p>\n","protected":false},"excerpt":{"rendered":"<p>&nbsp; Le tissu conjonctif constitue un support structural, m\u00e9tabolique et de d\u00e9fense pour l&rsquo;organisme. Il est ainsi impliqu\u00e9 dans le soutien de l&rsquo;organisme et des autres tissus, la nutrition et le stockage de substances \u00e0 vocation nutritive, les r\u00e9actions de d\u00e9fense de l&rsquo;organisme. &nbsp; Organisation Un tissu conjonctif est compos\u00e9 de cellules entre lesquelles un [&hellip;]<\/p>\n","protected":false},"author":2,"featured_media":0,"parent":3894,"menu_order":2,"comment_status":"closed","ping_status":"closed","template":"","meta":{"site-sidebar-layout":"default","site-content-layout":"","ast-site-content-layout":"default","site-content-style":"default","site-sidebar-style":"default","ast-global-header-display":"","ast-banner-title-visibility":"","ast-main-header-display":"","ast-hfb-above-header-display":"","ast-hfb-below-header-display":"","ast-hfb-mobile-header-display":"","site-post-title":"","ast-breadcrumbs-content":"","ast-featured-img":"","footer-sml-layout":"","ast-disable-related-posts":"","theme-transparent-header-meta":"","adv-header-id-meta":"","stick-header-meta":"","header-above-stick-meta":"","header-main-stick-meta":"","header-below-stick-meta":"","astra-migrate-meta-layouts":"default","ast-page-background-enabled":"default","ast-page-background-meta":{"desktop":{"background-color":"var(--ast-global-color-4)","background-image":"","background-repeat":"repeat","background-position":"center center","background-size":"auto","background-attachment":"scroll","background-type":"","background-media":"","overlay-type":"","overlay-color":"","overlay-opacity":"","overlay-gradient":""},"tablet":{"background-color":"","background-image":"","background-repeat":"repeat","background-position":"center center","background-size":"auto","background-attachment":"scroll","background-type":"","background-media":"","overlay-type":"","overlay-color":"","overlay-opacity":"","overlay-gradient":""},"mobile":{"background-color":"","background-image":"","background-repeat":"repeat","background-position":"center center","background-size":"auto","background-attachment":"scroll","background-type":"","background-media":"","overlay-type":"","overlay-color":"","overlay-opacity":"","overlay-gradient":""}},"ast-content-background-meta":{"desktop":{"background-color":"var(--ast-global-color-5)","background-image":"","background-repeat":"repeat","background-position":"center center","background-size":"auto","background-attachment":"scroll","background-type":"","background-media":"","overlay-type":"","overlay-color":"","overlay-opacity":"","overlay-gradient":""},"tablet":{"background-color":"var(--ast-global-color-5)","background-image":"","background-repeat":"repeat","background-position":"center center","background-size":"auto","background-attachment":"scroll","background-type":"","background-media":"","overlay-type":"","overlay-color":"","overlay-opacity":"","overlay-gradient":""},"mobile":{"background-color":"var(--ast-global-color-5)","background-image":"","background-repeat":"repeat","background-position":"center center","background-size":"auto","background-attachment":"scroll","background-type":"","background-media":"","overlay-type":"","overlay-color":"","overlay-opacity":"","overlay-gradient":""}},"footnotes":""},"class_list":["post-4165","page","type-page","status-publish","hentry"],"aioseo_notices":[],"jetpack_sharing_enabled":true,"_links":{"self":[{"href":"https:\/\/codexvirtualis.fr\/codex\/wp-json\/wp\/v2\/pages\/4165","targetHints":{"allow":["GET"]}}],"collection":[{"href":"https:\/\/codexvirtualis.fr\/codex\/wp-json\/wp\/v2\/pages"}],"about":[{"href":"https:\/\/codexvirtualis.fr\/codex\/wp-json\/wp\/v2\/types\/page"}],"author":[{"embeddable":true,"href":"https:\/\/codexvirtualis.fr\/codex\/wp-json\/wp\/v2\/users\/2"}],"replies":[{"embeddable":true,"href":"https:\/\/codexvirtualis.fr\/codex\/wp-json\/wp\/v2\/comments?post=4165"}],"version-history":[{"count":52,"href":"https:\/\/codexvirtualis.fr\/codex\/wp-json\/wp\/v2\/pages\/4165\/revisions"}],"predecessor-version":[{"id":5396,"href":"https:\/\/codexvirtualis.fr\/codex\/wp-json\/wp\/v2\/pages\/4165\/revisions\/5396"}],"up":[{"embeddable":true,"href":"https:\/\/codexvirtualis.fr\/codex\/wp-json\/wp\/v2\/pages\/3894"}],"wp:attachment":[{"href":"https:\/\/codexvirtualis.fr\/codex\/wp-json\/wp\/v2\/media?parent=4165"}],"curies":[{"name":"wp","href":"https:\/\/api.w.org\/{rel}","templated":true}]}}