{"id":414,"date":"2011-02-11T11:03:32","date_gmt":"2011-02-11T10:03:32","guid":{"rendered":"http:\/\/codexvirtualis.fr\/codex"},"modified":"2011-06-18T14:27:57","modified_gmt":"2011-06-18T12:27:57","slug":"dans-lintimite-des-punaises","status":"publish","type":"page","link":"https:\/\/codexvirtualis.fr\/codex\/cabinet-de-curiosites-virtuel\/dans-lintimite-des-animaux\/dans-lintimite-des-punaises","title":{"rendered":"Dans l&rsquo;intimit\u00e9 des Punaises"},"content":{"rendered":"<p>&nbsp;<\/p>\n<h2>Le cycle de d\u00e9veloppement de la Punaise verte ponctu\u00e9e<\/h2>\n<p>La Punaise verte ponctu\u00e9e est particuli\u00e8rement courante dans les parcs et jardins des villes.<br \/>\nElle l&rsquo;est d&rsquo;autant plus qu&rsquo;elle pr\u00e9sente au cours de son cycle de d\u00e9veloppement d&rsquo;importantes variations de formes et de couleurs.<br \/>\nLes images ci-dessous illustrent le <a href=\"glossaire-de-p-a-s#polymorphisme\" target=\"_blank\">polymorphisme<\/a> de cette esp\u00e8ce, li\u00e9 aux phases du d\u00e9veloppement.<\/p>\n<p>&nbsp;<\/p>\n<figure style=\"width: 300px\" class=\"wp-caption alignnone\"><a rel=\"lightbox\" href=\"\/documents\/images\/Nezara_viridula\/Nezara_viridula04-09-WEB\" target=\"_blank\"><img loading=\"lazy\" decoding=\"async\" class=\" \" title=\"Accouplement de Punaises vertes ponctu\u00e9es\" src=\"\/documents\/images\/Nezara_viridula\/Nezara_viridula04-09-WEB\" alt=\"Accouplement de Punaises vertes ponctu\u00e9es\" width=\"300\" height=\"225\" \/><\/a><figcaption class=\"wp-caption-text\">Accouplement de Punaises vertes ponctu\u00e9es<\/figcaption><\/figure>\n<p>Chez la Punaise verte ponctu\u00e9e, de m\u00eame que chez les autres Insectes, la f\u00e9condation est interne. Les spermatozo\u00efdes f\u00e9condent les ovules \u00e0 l&rsquo;int\u00e9rieur de l&rsquo;organisme femelle. Ils sont transmis lors d&rsquo;un accouplement (m\u00e2le et femelle peuvent \u00eatre identifi\u00e9s gr\u00e2ce \u00e0 leurs tailles diff\u00e9rentes : la femelle est plus grande que le m\u00e2le).<\/p>\n<p>&nbsp;<\/p>\n<figure style=\"width: 300px\" class=\"wp-caption alignnone\"><a rel=\"lightbox\" href=\"\/documents\/images\/Nezara_viridula\/insecte202_10eclosion-WEB\" target=\"_blank\"><img loading=\"lazy\" decoding=\"async\" class=\"  \" title=\"\u00c9closion des \u0153ufs de Punaise verte ponctu\u00e9e\" src=\"\/documents\/images\/Nezara_viridula\/insecte202_10eclosion-WEB\" alt=\"\u00c9closion des \u0153ufs de Punaise verte ponctu\u00e9e\" width=\"300\" height=\"200\" \/><\/a><figcaption class=\"wp-caption-text\">\u00c9closion des \u0153ufs de Punaise verte ponctu\u00e9e<\/figcaption><\/figure>\n<p>La f\u00e9condation aboutit \u00e0 la formation d&rsquo;\u0153ufs que la femelle d\u00e9pose \u00e0 l&rsquo;abri sous des feuilles par exemple. \u00c0 l&rsquo;int\u00e9rieur de leurs enveloppes, les nouveaux individus (embryons) se d\u00e9veloppent au cours d&rsquo;une phase appel\u00e9e <a href=\"glossaire-de-d-a-h#developpement-embryonnaire\" target=\"_blank\">d\u00e9veloppement embryonnaire<\/a>. Au terme de cette p\u00e9riode, ils \u00e9mergent des \u0153ufs \u00e0 la faveur d&rsquo;une \u00e9closion.<\/p>\n<p>L&rsquo;\u00e9closion lib\u00e8re des individus dans lesquels il est possible de reconna\u00eetre des Punaises : ils poss\u00e8dent trois paires de pattes, un appareil buccal modifi\u00e9 en rostre, entre autres caract\u00e8res. Ils pr\u00e9sentent \u00e9galement un milieu et un mode de vie semblables \u00e0 ceux des Punaises adultes : ils se d\u00e9placent principalement en marchant et se nourrissent de s\u00e8ve. Par contre, les ailes sont absentes de m\u00eame que les caract\u00e8res sexuels.<br \/>\nCes individus sont des juv\u00e9niles.<\/p>\n<p>&nbsp;<\/p>\n<figure style=\"width: 300px\" class=\"wp-caption alignnone\"><a rel=\"lightbox\" href=\"\/documents\/images\/Nezara_viridula\/Nezara_viridula44_10juvenile-WEB\" target=\"_blank\"><img loading=\"lazy\" decoding=\"async\" class=\"    \" title=\"Jeune juv\u00e9nile de Punaise verte ponctu\u00e9e\" src=\"\/documents\/images\/Nezara_viridula\/Nezara_viridula44_10juvenile-WEB.jpg\" alt=\"Jeune juv\u00e9nile de Punaise verte ponctu\u00e9e\" width=\"300\" height=\"200\" \/><\/a><figcaption class=\"wp-caption-text\">Jeune juv\u00e9nile de Punaise verte ponctu\u00e9e (\u00e9bauches des ailes r\u00e9duites)<\/figcaption><\/figure>\n<figure style=\"width: 200px\" class=\"wp-caption alignnone\"><a rel=\"lightbox\" href=\"\/documents\/images\/Nezara_viridula\/Nezara_viridula01_10juvenile-WEB\" target=\"_blank\"><img loading=\"lazy\" decoding=\"async\" class=\" \" title=\"Juv\u00e9nile de Punaise verte ponctu\u00e9e\" src=\"\/documents\/images\/Nezara_viridula\/Nezara_viridula01_10juvenile-WEB.jpg\" alt=\"Juv\u00e9nile de Punaise verte ponctu\u00e9e\" width=\"200\" height=\"300\" \/><\/a><figcaption class=\"wp-caption-text\">Juv\u00e9nile de Punaise verte ponctu\u00e9e (\u00e9bauches des ailes visibles)<\/figcaption><\/figure>\n<figure style=\"width: 300px\" class=\"wp-caption alignnone\"><a rel=\"lightbox\" href=\"\/documents\/images\/Nezara_viridula\/Nezara_viridula51_10juvenile-WEB\" target=\"_blank\"><img loading=\"lazy\" decoding=\"async\" class=\"  \" title=\"Juv\u00e9nile de Punaise verte ponctu\u00e9e\" src=\"\/documents\/images\/Nezara_viridula\/Nezara_viridula51_10juvenile-WEB.jpg\" alt=\"Juv\u00e9nile de Punaise verte ponctu\u00e9e\" width=\"300\" height=\"200\" \/><\/a><figcaption class=\"wp-caption-text\">Juv\u00e9nile de Punaise verte ponctu\u00e9e (\u00e9bauches d&#39;ailes visibles)<\/figcaption><\/figure>\n<p>Le d\u00e9veloppement se poursuit par une phase appel\u00e9e <a href=\"glossaire-de-d-a-h#developpement-post-embryonnaire\" target=\"_blank\">d\u00e9veloppement post-embryonnaire<\/a> qui conduit au stade adulte. Elle consiste en un accroissement de taille, r\u00e9alis\u00e9 au cours de mues et gr\u00e2ce \u00e0 l&rsquo;alimentation, en l&rsquo;apparition et la croissance d&rsquo;\u00e9bauches d&rsquo;ailes externes (fourreaux alaires), en l&rsquo;acquisition de la maturit\u00e9 sexuelle. Les stades juv\u00e9niles s\u00e9par\u00e9s par des mues se succ\u00e8dent, caract\u00e9ris\u00e9s par des couleurs distinctes : orang\u00e9s \u00e0 l&rsquo;\u00e9closion, ils sont ensuite en majorit\u00e9 de couleur noire puis plus clairs avec une combinaison de vert, rouge et blanc cass\u00e9.<\/p>\n<p>Le d\u00e9veloppement post-embryonnaire de ces animaux est progressif, sans m\u00e9tamorphose. Il est qualifi\u00e9 de direct. Les Punaises, de m\u00eame que les autres Insectes pr\u00e9sentant un d\u00e9veloppement post-embryonnaire de ce type, sont d\u00e9crites comme des <a href=\"glossaire-de-d-a-h#heterometabole\" target=\"_blank\">H\u00e9t\u00e9m\u00e9taboles<\/a> <a href=\"glossaire-de-p-a-s#paurometabole\" target=\"_blank\">Paurom\u00e9taboles<\/a>.<\/p>\n<p>La formation des ailes est visible, leurs \u00e9bauches sont externes. Ces animaux sont qualifi\u00e9s d&rsquo;<a href=\"glossaire-de-d-a-h#exopterygote\" target=\"_blank\">exopt\u00e9rygotes<\/a>.<\/p>\n<p>&nbsp;<\/p>\n<figure style=\"width: 300px\" class=\"wp-caption alignnone\"><a rel=\"lightbox\" href=\"\/documents\/images\/Nezara_viridula\/Nezara_viridula25_10juveniles-WEB\" target=\"_blank\"><img loading=\"lazy\" decoding=\"async\" class=\" \" title=\"Polymorphisme des juv\u00e9niles de la Punaise verte ponctu\u00e9e\" src=\"\/documents\/images\/Nezara_viridula\/Nezara_viridula25_10juveniles-WEB.jpg\" alt=\"Polymorphisme des juv\u00e9niles de la Punaise verte ponctu\u00e9e\" width=\"300\" height=\"200\" \/><\/a><figcaption class=\"wp-caption-text\">Polymorphisme des juv\u00e9niles de la Punaise verte ponctu\u00e9e<\/figcaption><\/figure>\n<figure style=\"width: 200px\" class=\"wp-caption alignnone\"><a rel=\"lightbox\" href=\"\/documents\/images\/Nezara_viridula\/Nezara_viridula47_10juveniles-WEB\" target=\"_blank\"><img loading=\"lazy\" decoding=\"async\" class=\" \" title=\"Polymorphisme des juv\u00e9niles de la Punaise verte ponctu\u00e9e\" src=\"\/documents\/images\/Nezara_viridula\/Nezara_viridula47_10juveniles-WEB.jpg\" alt=\"Polymorphisme des juv\u00e9niles de la Punaise verte ponctu\u00e9e\" width=\"200\" height=\"300\" \/><\/a><figcaption class=\"wp-caption-text\">Polymorphisme des juv\u00e9niles de la Punaise verte ponctu\u00e9e<\/figcaption><\/figure>\n<p>&nbsp;<\/p>\n<p>Pour acc\u00e9der aux images de <a href=\"\/images\/index.php?album=parcs-de-gerland-et-des-berges-du-rhone%2Fles-punaises-et-insectes-apparentes\" target=\"_blank\">Punaises et Insectes apparent\u00e9s<\/a> de ce site<\/p>\n<p>&nbsp;<\/p>\n<p>Pour en savoir plus sur la communication sexuelle chez la Punaise verte ponctu\u00e9e, t\u00e9l\u00e9charger l&rsquo;article <a href=\"\/documents\/telechargement\/complements_images\/communication_sexuelle_nezara_viridula.pdf\" target=\"_blank\">\u00ab\u00a0La communication sexuelle chez la punaise verte : entendre et sentir\u00a0\u00bb<\/a> de Michel Renou, paru dans la revue Insectes n\u00b0135.<\/p>\n<p>Retrouvez la revue Insectes en ligne, sur le site de l&rsquo;<a title=\"Site de l'OPIE\" href=\"http:\/\/www.insectes.org\/\" target=\"_blank\">Office pour les Insectes et leur environnement<\/a> (OPIE, adresse : http:\/\/www.insectes.org\/).<\/p>\n<p style=\"text-align: right;\">[print_link]<\/p>\n","protected":false},"excerpt":{"rendered":"<p>&nbsp; Le cycle de d\u00e9veloppement de la Punaise verte ponctu\u00e9e La Punaise verte ponctu\u00e9e est particuli\u00e8rement courante dans les parcs et jardins des villes. Elle l&rsquo;est d&rsquo;autant plus qu&rsquo;elle pr\u00e9sente au cours de son cycle de d\u00e9veloppement d&rsquo;importantes variations de formes et de couleurs. Les images ci-dessous illustrent le polymorphisme de cette esp\u00e8ce, li\u00e9 aux [&hellip;]<\/p>\n","protected":false},"author":2,"featured_media":0,"parent":1747,"menu_order":1,"comment_status":"closed","ping_status":"closed","template":"","meta":{"site-sidebar-layout":"default","site-content-layout":"","ast-site-content-layout":"default","site-content-style":"default","site-sidebar-style":"default","ast-global-header-display":"","ast-banner-title-visibility":"","ast-main-header-display":"","ast-hfb-above-header-display":"","ast-hfb-below-header-display":"","ast-hfb-mobile-header-display":"","site-post-title":"","ast-breadcrumbs-content":"","ast-featured-img":"","footer-sml-layout":"","ast-disable-related-posts":"","theme-transparent-header-meta":"","adv-header-id-meta":"","stick-header-meta":"","header-above-stick-meta":"","header-main-stick-meta":"","header-below-stick-meta":"","astra-migrate-meta-layouts":"default","ast-page-background-enabled":"default","ast-page-background-meta":{"desktop":{"background-color":"var(--ast-global-color-4)","background-image":"","background-repeat":"repeat","background-position":"center center","background-size":"auto","background-attachment":"scroll","background-type":"","background-media":"","overlay-type":"","overlay-color":"","overlay-opacity":"","overlay-gradient":""},"tablet":{"background-color":"","background-image":"","background-repeat":"repeat","background-position":"center center","background-size":"auto","background-attachment":"scroll","background-type":"","background-media":"","overlay-type":"","overlay-color":"","overlay-opacity":"","overlay-gradient":""},"mobile":{"background-color":"","background-image":"","background-repeat":"repeat","background-position":"center center","background-size":"auto","background-attachment":"scroll","background-type":"","background-media":"","overlay-type":"","overlay-color":"","overlay-opacity":"","overlay-gradient":""}},"ast-content-background-meta":{"desktop":{"background-color":"var(--ast-global-color-5)","background-image":"","background-repeat":"repeat","background-position":"center center","background-size":"auto","background-attachment":"scroll","background-type":"","background-media":"","overlay-type":"","overlay-color":"","overlay-opacity":"","overlay-gradient":""},"tablet":{"background-color":"var(--ast-global-color-5)","background-image":"","background-repeat":"repeat","background-position":"center center","background-size":"auto","background-attachment":"scroll","background-type":"","background-media":"","overlay-type":"","overlay-color":"","overlay-opacity":"","overlay-gradient":""},"mobile":{"background-color":"var(--ast-global-color-5)","background-image":"","background-repeat":"repeat","background-position":"center center","background-size":"auto","background-attachment":"scroll","background-type":"","background-media":"","overlay-type":"","overlay-color":"","overlay-opacity":"","overlay-gradient":""}},"footnotes":""},"class_list":["post-414","page","type-page","status-publish","hentry"],"aioseo_notices":[],"jetpack_sharing_enabled":true,"_links":{"self":[{"href":"https:\/\/codexvirtualis.fr\/codex\/wp-json\/wp\/v2\/pages\/414","targetHints":{"allow":["GET"]}}],"collection":[{"href":"https:\/\/codexvirtualis.fr\/codex\/wp-json\/wp\/v2\/pages"}],"about":[{"href":"https:\/\/codexvirtualis.fr\/codex\/wp-json\/wp\/v2\/types\/page"}],"author":[{"embeddable":true,"href":"https:\/\/codexvirtualis.fr\/codex\/wp-json\/wp\/v2\/users\/2"}],"replies":[{"embeddable":true,"href":"https:\/\/codexvirtualis.fr\/codex\/wp-json\/wp\/v2\/comments?post=414"}],"version-history":[{"count":66,"href":"https:\/\/codexvirtualis.fr\/codex\/wp-json\/wp\/v2\/pages\/414\/revisions"}],"predecessor-version":[{"id":2477,"href":"https:\/\/codexvirtualis.fr\/codex\/wp-json\/wp\/v2\/pages\/414\/revisions\/2477"}],"up":[{"embeddable":true,"href":"https:\/\/codexvirtualis.fr\/codex\/wp-json\/wp\/v2\/pages\/1747"}],"wp:attachment":[{"href":"https:\/\/codexvirtualis.fr\/codex\/wp-json\/wp\/v2\/media?parent=414"}],"curies":[{"name":"wp","href":"https:\/\/api.w.org\/{rel}","templated":true}]}}