{"id":3968,"date":"2012-07-15T15:58:18","date_gmt":"2012-07-15T13:58:18","guid":{"rendered":"http:\/\/codexvirtualis.fr\/codex\/?page_id=3968"},"modified":"2012-07-15T16:50:17","modified_gmt":"2012-07-15T14:50:17","slug":"epithelium-glandulaire-image","status":"publish","type":"page","link":"https:\/\/codexvirtualis.fr\/codex\/de-lorganisation-interne\/premiers-pas-histologiques\/le-tissu-epithelial\/epithelium-glandulaire-image","title":{"rendered":"La diversit\u00e9 des tissus \u00e9pith\u00e9liaux glandulaires"},"content":{"rendered":"<p> &nbsp; <\/p>\n<p><a name=\"glande_sudoripare_mammifere\"><\/a><\/p>\n<h2>Glande exocrine simple tubuleuse<\/h2>\n<figure style=\"width: 300px\" class=\"wp-caption alignnone\"><a rel=\"lightbox\" href=\"\/documents\/images\/histologie\/glande_sudoripare_17-WEB.jpg\" target=\"_blank\"><img decoding=\"async\" alt=\"Glande sudoripare de Mammif\u00e8re\" src=\"\/documents\/images\/histologie\/glande_sudoripare_17-WEB.jpg\" title=\"Glande sudoripare de Mammif\u00e8re\" width=\"300\" \/><\/a><figcaption class=\"wp-caption-text\">Glande sudoripare de Mammif\u00e8re en coupe transversale<\/figcaption><\/figure>\n<p style=\"text-align: right;\"><a rel=\"lightbox\" href=\"\/documents\/images\/histologie\/glande_sudoripare_17_legende-WEB.jpg\" target=\"_blank\">Voir l&rsquo;image l\u00e9gend\u00e9e<\/a><\/p>\n<p> &nbsp; <\/p>\n<p><a name=\"glande_tegument_grenouille\"><\/a><\/p>\n<h2>Glande exocrine simple alv\u00e9olaire muqueuse<\/h2>\n<figure style=\"width: 300px\" class=\"wp-caption alignnone\"><a rel=\"lightbox\" href=\"\/documents\/images\/histologie\/tegument_03-WEB.jpg\" target=\"_blank\"><img decoding=\"async\" alt=\"T\u00e9gument de jeune Grenouille\" src=\"\/documents\/images\/histologie\/tegument_03-WEB.jpg\" title=\"T\u00e9gument de jeune Grenouille\" width=\"300\" \/><\/a><figcaption class=\"wp-caption-text\">T\u00e9gument de jeune Grenouille en coupe transversale<\/figcaption><\/figure>\n<p style=\"text-align: right;\"><a rel=\"lightbox\" href=\"\/documents\/images\/histologie\/tegument_03_legende-WEB.jpg\" target=\"_blank\">Voir l&rsquo;image l\u00e9gend\u00e9e<\/a><\/p>\n<p> &nbsp; <\/p>\n<p><a name=\"glande_trachee_mammifere\"><\/a><\/p>\n<h2>Glande exocrine ramifi\u00e9e acineuse muqueuse<\/h2>\n<figure style=\"width: 300px\" class=\"wp-caption alignnone\"><a rel=\"lightbox\" href=\"\/documents\/images\/histologie\/trachee_mammifere_glande_40-WEB.jpg\" target=\"_blank\"><img decoding=\"async\" alt=\"Trach\u00e9e de Mammif\u00e8re\" src=\"\/documents\/images\/histologie\/trachee_mammifere_glande_40-WEB.jpg\" title=\"Trach\u00e9e de Mammif\u00e8re\" width=\"300\" \/><\/a><figcaption class=\"wp-caption-text\">Trach\u00e9e de Mammif\u00e8re en coupe transversale (H.-G. Dupuy)<\/figcaption><\/figure>\n<p style=\"text-align: right;\"><a rel=\"lightbox\" href=\"\/documents\/images\/histologie\/trachee_mammifere_glande_40_legende-WEB.jpg\" target=\"_blank\">Voir l&rsquo;image l\u00e9gend\u00e9e<\/a><\/p>\n<p> &nbsp; <\/p>\n<p><a name=\"foie_souris\"><\/a><\/p>\n<h2>Glande exocrine compos\u00e9e en lame<\/h2>\n<figure style=\"width: 300px\" class=\"wp-caption alignnone\"><a rel=\"lightbox\" href=\"\/documents\/images\/histologie\/foie_souris-WEB.jpg\" target=\"_blank\"><img decoding=\"async\" alt=\"Foie de Souris\" src=\"\/documents\/images\/histologie\/foie_souris-WEB.jpg\" title=\"Foie de Souris\" width=\"300\"\/><\/a><figcaption class=\"wp-caption-text\">Foie de Souris en coupe transversale<\/figcaption><\/figure>\n<p style=\"text-align: right;\"><a rel=\"lightbox\" href=\"\/documents\/images\/histologie\/foie_souris_legende-WEB.jpg\" target=\"_blank\">Voir l&rsquo;image l\u00e9gend\u00e9e<\/a><\/p>\n<p> &nbsp; <\/p>\n<p><a name=\"pancreas_souris\"><\/a><\/p>\n<h2>Glande exocrine compos\u00e9e acineuse s\u00e9reuse<\/h2>\n<figure style=\"width: 300px\" class=\"wp-caption alignnone\"><a rel=\"lightbox\" href=\"\/documents\/images\/histologie\/pancreas_souris_acinus_100-WEB.jpg\" target=\"_blank\"><img decoding=\"async\" alt=\"Pancr\u00e9as exocrine de Souris\" src=\"\/documents\/images\/histologie\/pancreas_souris_acinus_100-WEB.jpg\" title=\"Pancr\u00e9as exocrine de Souris\" width=\"300\" \/><\/a><figcaption class=\"wp-caption-text\">Pancr\u00e9as exocrine de Souris en coupe transversale (H.-G. Dupuy)<\/figcaption><\/figure>\n<p style=\"text-align: right;\"><a rel=\"lightbox\" href=\"\/documents\/images\/histologie\/pancreas_souris_acinus_100_legende-WEB.jpg\" target=\"_blank\">Voir l&rsquo;image l\u00e9gend\u00e9e<\/a><\/p>\n<figure style=\"width: 300px\" class=\"wp-caption alignnone\"><a rel=\"lightbox\" href=\"\/documents\/images\/histologie\/pancreas_souris_canal_40-WEB.jpg\" target=\"_blank\"><img decoding=\"async\" alt=\"Canal \u00e9vacuateur de pancr\u00e9as exocrine de Souris\" src=\"\/documents\/images\/histologie\/pancreas_souris_canal_40-WEB.jpg\" title=\"Canal \u00e9vacuateur de pancr\u00e9as exocrine de Souris\" width=\"300\" \/><\/a><figcaption class=\"wp-caption-text\">Canal \u00e9vacuateur de pancr\u00e9as exocrine de Souris en coupe transversale (H.-G. Dupuy)<\/figcaption><\/figure>\n<p style=\"text-align: right;\"><a rel=\"lightbox\" href=\"\/documents\/images\/histologie\/pancreas_souris_canal_40_legende-WEB.jpg\" target=\"_blank\">Voir l&rsquo;image l\u00e9gend\u00e9e<\/a><\/p>\n<p> &nbsp; <\/p>\n<p><a name=\"glande_salivaire_mammifere\"><\/a><\/p>\n<h2>Glande exocrine compos\u00e9e acineuse muqueuse<\/h2>\n<figure style=\"width: 300px\" class=\"wp-caption alignnone\"><a rel=\"lightbox\" href=\"\/documents\/images\/histologie\/glande_salivaire_rat_100-WEB.jpg\" target=\"_blank\"><img decoding=\"async\" alt=\"Glande salivaire de Rat\" src=\"\/documents\/images\/histologie\/glande_salivaire_rat_100-WEB.jpg\" title=\"Glande salivaire de Rat\" width=\"300\" \/><\/a><figcaption class=\"wp-caption-text\">Glande salivaire de Rat en coupe transversale (H.-G. Dupuy)<\/figcaption><\/figure>\n<p style=\"text-align: right;\"><a rel=\"lightbox\" href=\"\/documents\/images\/histologie\/glande_salivaire_rat_100_legende-WEB.jpg\" target=\"_blank\">Voir l&rsquo;image l\u00e9gend\u00e9e<\/a><\/p>\n<p> &nbsp; <\/p>\n<p><a name=\"thyroide_grenouille\"><\/a><\/p>\n<h2>Glande endocrine en follicules<\/h2>\n<figure style=\"width: 300px\" class=\"wp-caption alignnone\"><a rel=\"lightbox\" href=\"\/documents\/images\/histologie\/thyroide_21-WEB.jpg\" target=\"_blank\"><img decoding=\"async\" alt=\"Thyro\u00efde de Grenouille\" src=\"\/documents\/images\/histologie\/thyroide_21-WEB.jpg\" title=\"Thyro\u00efde de Grenouille\" width=\"300\" \/><\/a><figcaption class=\"wp-caption-text\">Thyro\u00efde de Grenouille en coupe transversale<\/figcaption><\/figure>\n<p style=\"text-align: right;\"><a rel=\"lightbox\" href=\"\/documents\/images\/histologie\/thyroide_21_legende-WEB.jpg\" target=\"_blank\">Voir l&rsquo;image l\u00e9gend\u00e9e<\/a><\/p>\n<p> &nbsp; <\/p>\n<p><a name=\"ilot_langerhans_souris\"><\/a><\/p>\n<h2>Glande endocrine en cordons<\/h2>\n<figure style=\"width: 300px\" class=\"wp-caption alignnone\"><a rel=\"lightbox\" href=\"\/documents\/images\/histologie\/pancreas_souris_ilot_100-WEB.jpg\" target=\"_blank\"><img decoding=\"async\" alt=\"\u00celot de Langerhans de pancr\u00e9as de Souris\" src=\"\/documents\/images\/histologie\/pancreas_souris_ilot_100-WEB.jpg\" title=\"\u00celot de Langerhans de pancr\u00e9as de Souris\" width=\"300\" \/><\/a><figcaption class=\"wp-caption-text\">\u00celot de Langerhans de pancr\u00e9as de Souris (H.-G. Dupuy)<\/figcaption><\/figure>\n<p style=\"text-align: right;\"><a rel=\"lightbox\" href=\"\/documents\/images\/histologie\/pancreas_souris_ilot_100_legende-WEB.jpg\" target=\"_blank\">Voir l&rsquo;image l\u00e9gend\u00e9e<\/a><\/p>\n","protected":false},"excerpt":{"rendered":"<p>&nbsp; Glande exocrine simple tubuleuse Voir l&rsquo;image l\u00e9gend\u00e9e &nbsp; Glande exocrine simple alv\u00e9olaire muqueuse Voir l&rsquo;image l\u00e9gend\u00e9e &nbsp; Glande exocrine ramifi\u00e9e acineuse muqueuse Voir l&rsquo;image l\u00e9gend\u00e9e &nbsp; Glande exocrine compos\u00e9e en lame Voir l&rsquo;image l\u00e9gend\u00e9e &nbsp; Glande exocrine compos\u00e9e acineuse s\u00e9reuse Voir l&rsquo;image l\u00e9gend\u00e9e Voir l&rsquo;image l\u00e9gend\u00e9e &nbsp; Glande exocrine compos\u00e9e acineuse muqueuse Voir l&rsquo;image [&hellip;]<\/p>\n","protected":false},"author":2,"featured_media":0,"parent":3912,"menu_order":2,"comment_status":"closed","ping_status":"closed","template":"","meta":{"site-sidebar-layout":"default","site-content-layout":"","ast-site-content-layout":"default","site-content-style":"default","site-sidebar-style":"default","ast-global-header-display":"","ast-banner-title-visibility":"","ast-main-header-display":"","ast-hfb-above-header-display":"","ast-hfb-below-header-display":"","ast-hfb-mobile-header-display":"","site-post-title":"","ast-breadcrumbs-content":"","ast-featured-img":"","footer-sml-layout":"","ast-disable-related-posts":"","theme-transparent-header-meta":"","adv-header-id-meta":"","stick-header-meta":"","header-above-stick-meta":"","header-main-stick-meta":"","header-below-stick-meta":"","astra-migrate-meta-layouts":"default","ast-page-background-enabled":"default","ast-page-background-meta":{"desktop":{"background-color":"var(--ast-global-color-4)","background-image":"","background-repeat":"repeat","background-position":"center center","background-size":"auto","background-attachment":"scroll","background-type":"","background-media":"","overlay-type":"","overlay-color":"","overlay-opacity":"","overlay-gradient":""},"tablet":{"background-color":"","background-image":"","background-repeat":"repeat","background-position":"center center","background-size":"auto","background-attachment":"scroll","background-type":"","background-media":"","overlay-type":"","overlay-color":"","overlay-opacity":"","overlay-gradient":""},"mobile":{"background-color":"","background-image":"","background-repeat":"repeat","background-position":"center center","background-size":"auto","background-attachment":"scroll","background-type":"","background-media":"","overlay-type":"","overlay-color":"","overlay-opacity":"","overlay-gradient":""}},"ast-content-background-meta":{"desktop":{"background-color":"var(--ast-global-color-5)","background-image":"","background-repeat":"repeat","background-position":"center center","background-size":"auto","background-attachment":"scroll","background-type":"","background-media":"","overlay-type":"","overlay-color":"","overlay-opacity":"","overlay-gradient":""},"tablet":{"background-color":"var(--ast-global-color-5)","background-image":"","background-repeat":"repeat","background-position":"center center","background-size":"auto","background-attachment":"scroll","background-type":"","background-media":"","overlay-type":"","overlay-color":"","overlay-opacity":"","overlay-gradient":""},"mobile":{"background-color":"var(--ast-global-color-5)","background-image":"","background-repeat":"repeat","background-position":"center center","background-size":"auto","background-attachment":"scroll","background-type":"","background-media":"","overlay-type":"","overlay-color":"","overlay-opacity":"","overlay-gradient":""}},"footnotes":""},"class_list":["post-3968","page","type-page","status-publish","hentry"],"aioseo_notices":[],"jetpack_sharing_enabled":true,"_links":{"self":[{"href":"https:\/\/codexvirtualis.fr\/codex\/wp-json\/wp\/v2\/pages\/3968","targetHints":{"allow":["GET"]}}],"collection":[{"href":"https:\/\/codexvirtualis.fr\/codex\/wp-json\/wp\/v2\/pages"}],"about":[{"href":"https:\/\/codexvirtualis.fr\/codex\/wp-json\/wp\/v2\/types\/page"}],"author":[{"embeddable":true,"href":"https:\/\/codexvirtualis.fr\/codex\/wp-json\/wp\/v2\/users\/2"}],"replies":[{"embeddable":true,"href":"https:\/\/codexvirtualis.fr\/codex\/wp-json\/wp\/v2\/comments?post=3968"}],"version-history":[{"count":22,"href":"https:\/\/codexvirtualis.fr\/codex\/wp-json\/wp\/v2\/pages\/3968\/revisions"}],"predecessor-version":[{"id":3990,"href":"https:\/\/codexvirtualis.fr\/codex\/wp-json\/wp\/v2\/pages\/3968\/revisions\/3990"}],"up":[{"embeddable":true,"href":"https:\/\/codexvirtualis.fr\/codex\/wp-json\/wp\/v2\/pages\/3912"}],"wp:attachment":[{"href":"https:\/\/codexvirtualis.fr\/codex\/wp-json\/wp\/v2\/media?parent=3968"}],"curies":[{"name":"wp","href":"https:\/\/api.w.org\/{rel}","templated":true}]}}