{"id":3912,"date":"2012-07-15T15:31:03","date_gmt":"2012-07-15T13:31:03","guid":{"rendered":"http:\/\/codexvirtualis.fr\/codex\/?page_id=3912"},"modified":"2013-08-13T15:30:06","modified_gmt":"2013-08-13T13:30:06","slug":"le-tissu-epithelial","status":"publish","type":"page","link":"https:\/\/codexvirtualis.fr\/codex\/de-lorganisation-interne\/premiers-pas-histologiques\/le-tissu-epithelial","title":{"rendered":"Le tissu \u00e9pith\u00e9lial"},"content":{"rendered":"<p> &nbsp; <\/p>\n<p>Le tissu \u00e9pith\u00e9lial ou \u00e9pith\u00e9lium est un tissu localis\u00e9 \u00e0 l&rsquo;interface entre l&rsquo;organisme et le milieu ext\u00e9rieur, ou \u00e0 l&rsquo;interface entre deux compartiments de l&rsquo;organisme.<\/p>\n<p>Il joue un r\u00f4le de limite entre organisme et milieu ou entre les compartiments de l&rsquo;organisme.<\/p>\n<p> &nbsp; <\/p>\n<h2>Organisation<\/h2>\n<p>Un \u00e9pith\u00e9lium est un tissu principalement compos\u00e9 de cellules et comportant peu de mat\u00e9riel extracellulaire.<\/p>\n<p>Les cellules sont jointives, reli\u00e9es par des jonctions intercellulaires.<\/p>\n<p>Ce tissu repose sur une membrane basale et n&rsquo;est g\u00e9n\u00e9ralement pas irrigu\u00e9.<\/p>\n<p> &nbsp; <\/p>\n<h2>Diversit\u00e9<\/h2>\n<p>Deux principaux types de tissus \u00e9pith\u00e9liaux sont distingu\u00e9s, selon leur fonction majeure\u00a0:<\/p>\n<p><span style=\"color: #999999;\">\u2022 <\/span>l&rsquo;\u00e9pith\u00e9lium de rev\u00eatement<br \/>\nessentiellement barri\u00e8re entre deux milieux, il peut \u00eatre sp\u00e9cialis\u00e9 soit dans la protection de l&rsquo;un des compartiments, soit dans les \u00e9changes entre les deux milieux<br \/>\nun \u00e9pith\u00e9lium de rev\u00eatement comporte souvent des cellules s\u00e9cr\u00e9trices isol\u00e9es, r\u00e9alisant la synth\u00e8se et la lib\u00e9ration de mol\u00e9cules de natures, il s&rsquo;agit de cellules glandulaires<\/p>\n<p><span style=\"color: #999999;\">\u2022 <\/span>l&rsquo;\u00e9pith\u00e9lium glandulaire<br \/>\nil est sp\u00e9cialis\u00e9 dans la s\u00e9cr\u00e9tion, form\u00e9 essentiellement de cellules glandulaires.<\/p>\n<p> &nbsp; <\/p>\n<h3>\u00c9pith\u00e9lium de rev\u00eatement<\/h3>\n<p> &nbsp; <\/p>\n<table>\n<tbody>\n<tr>\n<td><a rel=\"lightbox\" href=\"\/documents\/images\/histologie\/alveole_poumon_rat13-WEB.jpg\" target=\"_blank\"><img loading=\"lazy\" decoding=\"async\" alt=\"Poumon de Rat\" src=\"\/documents\/images\/histologie\/alveole_poumon_rat13v.jpg\" title=\"Poumon de Rat\" width=\"75\" height=\"56\" \/><\/a><\/td>\n<td><a href=\"\/codex\/de-lorganisation-interne\/premiers-pas-histologiques\/le-tissu-epithelial\/epithelium-revetement-image#poumon_rat\" target=\"_blank\">Alv\u00e9ole de poumon de rat en coupe transversale<\/a><\/td>\n<td>\u00c9pith\u00e9lium simple<\/td>\n<td>pavimenteux<\/td>\n<td><\/td>\n<\/tr>\n<tr>\n<td><a rel=\"lightbox\" href=\"\/documents\/images\/histologie\/tubes_malpighi_82-WEB.jpg\" target=\"_blank\"><img loading=\"lazy\" decoding=\"async\" alt=\"Tube de Malpighi de Criquet\" src=\"\/documents\/images\/histologie\/tubes_malpighi_82v.jpg\" title=\"Tube de Malpighi de Criquet\" width=\"75\" height=\"56\" \/><\/a><\/td>\n<td><a href=\"\/codex\/de-lorganisation-interne\/premiers-pas-histologiques\/le-tissu-epithelial\/epithelium-revetement-image#tube_malpighi_criquet\" target=\"_blank\">Tube de Malpighi de Criquet en coupe transversale<\/a><\/td>\n<td>\u00c9pith\u00e9lium simple<\/td>\n<td>cubique<\/td>\n<td>\u00e0 bordure en brosse<\/td>\n<\/tr>\n<tr>\n<td><a rel=\"lightbox\" href=\"\/documents\/images\/histologie\/epididyme_mammifere_2008_40-WEB.jpg\" target=\"_blank\"><img loading=\"lazy\" decoding=\"async\" alt=\"\u00c9pididyme de Souris\" src=\"\/documents\/images\/histologie\/epididyme_mammifere_2008_40v.jpg\" title=\"\u00c9pididyme de Souris\" width=\"75\" height=\"60\" \/><\/a><\/td>\n<td><a href=\"\/codex\/de-lorganisation-interne\/premiers-pas-histologiques\/le-tissu-epithelial\/epithelium-revetement-image#epididyme_souris\" target=\"_blank\">\u00c9pididyme de Souris en coupe transversale (H.-G. Dupuy)<\/a><\/td>\n<td>\u00c9pith\u00e9lium simple<\/td>\n<td>prismatique<\/td>\n<td>\u00e0 st\u00e9r\u00e9ocils<\/td>\n<\/tr>\n<tr>\n<td><a rel=\"lightbox\" href=\"\/documents\/images\/histologie\/intestin_triton_82-WEB.jpg\" target=\"_blank\"><img loading=\"lazy\" decoding=\"async\" alt=\"Intestin de Triton\" src=\"\/documents\/images\/histologie\/intestin_triton_82v.jpg\" title=\"Intestin de Triton\" width=\"75\" height=\"56\" \/><\/a><\/td>\n<td><a href=\"\/codex\/de-lorganisation-interne\/premiers-pas-histologiques\/le-tissu-epithelial\/epithelium-revetement-image#intestin_triton\" target=\"_blank\">Intestin de Triton en coupe transversale<\/a><\/td>\n<td>\u00c9pith\u00e9lium simple<\/td>\n<td>prismatique<\/td>\n<td>\u00e0 bordure en brosse<\/td>\n<\/tr>\n<tr>\n<td><a rel=\"lightbox\" href=\"\/documents\/images\/histologie\/oesophage_17-WEB.jpg\" target=\"_blank\"><img loading=\"lazy\" decoding=\"async\" alt=\"\u0152sophage de Mammif\u00e8re\" src=\"\/documents\/images\/histologie\/oesophage_17v.jpg\" title=\"\u0152sophage de Mammif\u00e8re\" width=\"75\" height=\"56\" \/><\/a><\/td>\n<td><a href=\"\/codex\/de-lorganisation-interne\/premiers-pas-histologiques\/le-tissu-epithelial\/epithelium-revetement-image#oesophage_mammifere\" target=\"_blank\">\u0152sophage de Mammif\u00e8re en coupe transversale<\/a><\/td>\n<td>\u00c9pith\u00e9lium stratifi\u00e9<\/td>\n<td>pavimenteux<\/td>\n<td>\u00e0 couche corn\u00e9e<\/td>\n<\/tr>\n<tr>\n<td><a rel=\"lightbox\" href=\"\/documents\/images\/histologie\/trachee_mammifere_13-WEB.jpg\" target=\"_blank\"><img loading=\"lazy\" decoding=\"async\" alt=\"Trach\u00e9e de Mammif\u00e8re\" src=\"\/documents\/images\/histologie\/trachee_mammifere_13v.jpg\" title=\"Trach\u00e9e de Mammif\u00e8re\" width=\"75\" height=\"56\" \/><\/a><\/td>\n<td><a href=\"\/codex\/de-lorganisation-interne\/premiers-pas-histologiques\/le-tissu-epithelial\/epithelium-revetement-image#trachee_mammifere\" target=\"_blank\">Trach\u00e9e de Mammif\u00e8re en coupe transversale<\/a><\/td>\n<td>\u00c9pith\u00e9lium pseudostratifi\u00e9<\/td>\n<td>prismatique<\/td>\n<td>cili\u00e9<\/td>\n<\/tr>\n<\/tbody>\n<\/table>\n<p style=\"text-align: right;\">Cliquer sur l&rsquo;image pour l&rsquo;agrandir et sur le titre pour acc\u00e9der \u00e0 l&rsquo;image l\u00e9gend\u00e9e<\/p>\n<p> &nbsp; <\/p>\n<p>La description d&rsquo;un \u00e9pith\u00e9lium de rev\u00eatement est r\u00e9alis\u00e9e \u00e0 partir d&rsquo;une coupe transversale et prend en compte\u00a0:<\/p>\n<p> &nbsp; <\/p>\n<p><span style=\"color: #999999;\">\u2022 <\/span>le nombre de couches (ou assises) de cellules qui le composent<br \/>\nsont ainsi distingu\u00e9s<\/p>\n<p style=\"padding-left: 30px;\"><span style=\"color: #999999;\">\u2022 <\/span>l&rsquo;\u00e9pith\u00e9lium simple ou unistratifi\u00e9 comportant une unique couche de cellules<\/p>\n<p style=\"padding-left: 30px;\"><span style=\"color: #999999;\">\u2022 <\/span>l&rsquo;\u00e9pith\u00e9lium stratifi\u00e9 ou pluristratifi\u00e9 form\u00e9 de plusieurs couches de cellules<\/p>\n<p style=\"padding-left: 30px;\"><span style=\"color: #999999;\">\u2022 <\/span>l&rsquo;\u00e9pith\u00e9lium pseudostratifi\u00e9, cas particulier d&rsquo;\u00e9pith\u00e9lium simple dont les cellules semblent agenc\u00e9es en plusieurs couches<\/p>\n<p> &nbsp; <\/p>\n<p><span style=\"color: #999999;\">\u2022 <\/span>la forme des cellules qui le constituent<br \/>\nsont ainsi reconnus<\/p>\n<p style=\"padding-left: 30px;\"><span style=\"color: #999999;\">\u2022 <\/span>l&rsquo;\u00e9pith\u00e9lium pavimenteux form\u00e9 de cellules aplaties dans le plan de l&rsquo;\u00e9pith\u00e9lium, de m\u00eame que leur noyau<\/p>\n<p style=\"padding-left: 30px;\"><span style=\"color: #999999;\">\u2022 <\/span>l&rsquo;\u00e9pith\u00e9lium cubique compos\u00e9 de cellules aussi hautes que larges et dont le noyau est sph\u00e9rique<\/p>\n<p style=\"padding-left: 30px;\"><span style=\"color: #999999;\">\u2022 <\/span>l&rsquo;\u00e9pith\u00e9lium prismatique ou cylindrique dont les cellules sont allong\u00e9es perpendiculairement au plan de l&rsquo;\u00e9pith\u00e9lium de m\u00eame que leur noyau<\/p>\n<p> &nbsp; <\/p>\n<p><span style=\"color: #999999;\">\u2022 <\/span>la pr\u00e9sence de diff\u00e9renciations cellulaires comme les cils ou les microvillosit\u00e9s, expansions cellulaires respectivement mobiles et immobiles, ou de productions \u00e9pith\u00e9liales telles la k\u00e9ratine pouvant former une couche corn\u00e9e ou la chitine composant les cuticules.<\/p>\n<p> &nbsp; <\/p>\n<h3>\u00c9pith\u00e9lium glandulaire<\/h3>\n<p> &nbsp; <\/p>\n<table>\n<tbody>\n<tr>\n<td><a rel=\"lightbox\" href=\"\/documents\/images\/histologie\/glande_sudoripare_17-WEB.jpg\" target=\"_blank\"><img loading=\"lazy\" decoding=\"async\" alt=\"Glande sudoripare de Mammif\u00e8re\" src=\"\/documents\/images\/histologie\/glande_sudoripare_17v.jpg\" title=\"Glande sudoripare de Mammif\u00e8re\" class=\"alignnone\" width=\"75\" height=\"56\" \/><\/a>\n<\/td>\n<td><a href=\"\/codex\/de-lorganisation-interne\/premiers-pas-histologiques\/le-tissu-epithelial\/epithelium-glandulaire-image#glande_sudoripare_mammifere\" target=\"_blank\">Glande sudoripare de Mammif\u00e8re en coupe transversale<\/a>\n<\/td>\n<td>Glande exocrine<\/td>\n<td>simple<\/td>\n<td>tubuleuse<\/td>\n<td>\n<\/td>\n<\/tr>\n<tr>\n<td><a rel=\"lightbox\" href=\"\/documents\/images\/histologie\/tegument_03-WEB.jpg\" target=\"_blank\"><img loading=\"lazy\" decoding=\"async\" alt=\"T\u00e9gument de Grenouille\" src=\"\/documents\/images\/histologie\/tegument_03v.jpg\" title=\"T\u00e9gument de Grenouille\" class=\"alignnone\" width=\"75\" height=\"56\" \/><\/a>\n<\/td>\n<td>\n<a href=\"\/codex\/de-lorganisation-interne\/premiers-pas-histologiques\/le-tissu-epithelial\/epithelium-glandulaire-image#glande_tegument_grenouille\" target=\"_blank\">Glande muqueuse de t\u00e9gument de Grenouille en coupe transversale<\/a>\n<\/td>\n<td>Glande exocrine<\/td>\n<td>simple<\/td>\n<td>alv\u00e9olaire<\/td>\n<td>muqueuse<\/td>\n<\/tr>\n<tr>\n<td><a rel=\"lightbox\" href=\"\/documents\/images\/histologie\/trachee_mammifere_glande_40-WEB.jpg\" target=\"_blank\"><img loading=\"lazy\" decoding=\"async\" alt=\"Trach\u00e9e de Mammif\u00e8re\" src=\"\/documents\/images\/histologie\/trachee_mammifere_glande_40v.jpg\" title=\"Trach\u00e9e de Mammif\u00e8re\" class=\"alignnone\" width=\"75\" height=\"75\" \/><\/a>\n<\/td>\n<td><a href=\"\/codex\/de-lorganisation-interne\/premiers-pas-histologiques\/le-tissu-epithelial\/epithelium-glandulaire-image#glande_trachee_mammifere\" target=\"_blank\">Glande de la paroi de la trach\u00e9e de Mammif\u00e8re en coupe transversale (H.-G. Dupuy)<\/a>\n<\/td>\n<td>Glande exocrine<\/td>\n<td>ramifi\u00e9e<\/td>\n<td>acineuse<\/td>\n<td>muqueuse<\/td>\n<\/tr>\n<tr>\n<td><a rel=\"lightbox\" href=\"\/documents\/images\/histologie\/foie_souris-WEB.jpg\" target=\"_blank\"><img loading=\"lazy\" decoding=\"async\" alt=\"Foie de Souris\" src=\"\/documents\/images\/histologie\/foie_sourisv.jpg\" title=\"Foie de Souris\" class=\"alignnone\" width=\"75\" height=\"56\" \/><\/a>\n<\/td>\n<td><a href=\"\/codex\/de-lorganisation-interne\/premiers-pas-histologiques\/le-tissu-epithelial\/epithelium-glandulaire-image#foie_souris\" target=\"_blank\">Foie de Souris en coupe transversale<\/a>\n<\/td>\n<td>Glande exocrine<\/td>\n<td>compos\u00e9e<\/td>\n<td>en lame<\/td>\n<td>\n<\/td>\n<\/tr>\n<tr>\n<td><a rel=\"lightbox\" href=\"\/documents\/images\/histologie\/pancreas_souris_acinus_100-WEB.jpg\" target=\"_blank\"><img loading=\"lazy\" decoding=\"async\" alt=\"Pancr\u00e9as de Souris\" src=\"\/documents\/images\/histologie\/pancreas_souris_acinus_100v.jpg\" title=\"Pancr\u00e9as de Souris\" class=\"alignnone\" width=\"75\" height=\"73\" \/><\/a>\n<\/td>\n<td><a href=\"\/codex\/de-lorganisation-interne\/premiers-pas-histologiques\/le-tissu-epithelial\/epithelium-glandulaire-image#pancreas_souris\" target=\"_blank\">Pancr\u00e9as de Souris en coupe transversale (H.-G. Dupuy)<\/a>\n<\/td>\n<td>Glande exocrine<\/td>\n<td>compos\u00e9e<\/td>\n<td>acineuse<\/td>\n<td>s\u00e9reuse<\/td>\n<\/tr>\n<tr>\n<td><a rel=\"lightbox\" href=\"\/documents\/images\/histologie\/pancreas_souris_canal_40-WEB.jpg\" target=\"_blank\"><img loading=\"lazy\" decoding=\"async\" alt=\"Canal \u00e9vacuateur de pancr\u00e9as de Souris\" src=\"\/documents\/images\/histologie\/pancreas_souris_canal_40v.jpg\" title=\"Canal \u00e9vacuateur de pancr\u00e9as de Souris\" class=\"alignnone\" width=\"75\" height=\"72\" \/><\/a>\n<\/td>\n<td><a href=\"\/codex\/de-lorganisation-interne\/premiers-pas-histologiques\/le-tissu-epithelial\/epithelium-glandulaire-image#pancreas_souris\" target=\"_blank\">Canal \u00e9vacuateur de pancr\u00e9as de Souris en coupe transversale (H.-G. Dupuy)<\/a>\n<\/td>\n<td>Glande exocrine<\/td>\n<td>compos\u00e9e<\/td>\n<td>acineuse<\/td>\n<td>s\u00e9reuse<\/td>\n<\/tr>\n<tr>\n<td><a rel=\"lightbox\" href=\"\/documents\/images\/histologie\/glande_salivaire_rat_100-WEB.jpg\" target=\"_blank\"><img loading=\"lazy\" decoding=\"async\" alt=\"Glande salivaire de Rat\" src=\"\/documents\/images\/histologie\/glande_salivaire_rat_100v.jpg\" title=\"Glande salivaire de Rat\" class=\"alignnone\" width=\"75\" height=\"52\" \/><\/a>\n<\/td>\n<td><a href=\"\/codex\/de-lorganisation-interne\/premiers-pas-histologiques\/le-tissu-epithelial\/epithelium-glandulaire-image#glande_salivaire_mammifere\" target=\"_blank\">Glande salivaire de Rat en coupe transversale (H.-G. Dupuy)<\/a>\n<\/td>\n<td>Glande exocrine<\/td>\n<td>compos\u00e9e<\/td>\n<td>acineuse<\/td>\n<td>muqueuse<\/td>\n<\/tr>\n<tr>\n<td><a rel=\"lightbox\" href=\"\/documents\/images\/histologie\/thyroide_21-WEB.jpg\" target=\"_blank\"><img loading=\"lazy\" decoding=\"async\" alt=\"Glande thyro\u00efde de Grenouille\" src=\"\/documents\/images\/histologie\/thyroide_21v.jpg\" title=\"Glande thyro\u00efde de Grenouille\" class=\"alignnone\" width=\"75\" height=\"56\" \/><\/a>\n<\/td>\n<td><a href=\"\/codex\/de-lorganisation-interne\/premiers-pas-histologiques\/le-tissu-epithelial\/epithelium-glandulaire-image#thyroide_grenouille\" target=\"_blank\">Glande thyro\u00efde de Grenouille en coupe transversale<\/a>\n<\/td>\n<td>Glande endocrine<\/td>\n<td>en follicules<\/td>\n<td>\n<\/td>\n<td>\n<\/td>\n<\/tr>\n<tr>\n<td><a rel=\"lightbox\" href=\"\/documents\/images\/histologie\/pancreas_souris_ilot_100-WEB.jpg\" target=\"_blank\"><img loading=\"lazy\" decoding=\"async\" alt=\"\u00celot de Langerhans de pancr\u00e9as de Souris\" src=\"\/documents\/images\/histologie\/pancreas_souris_40v.jpg\" title=\"\u00celot de Langerhans de pancr\u00e9as de Souris\" class=\"alignnone\" width=\"75\" height=\"78\" \/><\/a>\n<\/td>\n<td><a href=\"\/codex\/de-lorganisation-interne\/premiers-pas-histologiques\/le-tissu-epithelial\/epithelium-glandulaire-image#ilot_langerhans_souris\" target=\"_blank\">\u00celot de Langerhans de pancr\u00e9as de Souris en coupe transversale (H.-G. Dupuy)<\/a>\n<\/td>\n<td>Glande endocrine<\/td>\n<td>en cordons<\/td>\n<td>\n<\/td>\n<td>\n<\/td>\n<\/tr>\n<\/tbody>\n<\/table>\n<p style=\"text-align: right;\">Cliquer sur l&rsquo;image pour l&rsquo;agrandir et sur le titre pour acc\u00e9der \u00e0 l&rsquo;image l\u00e9gend\u00e9e<\/p>\n<p> &nbsp; <\/p>\n<p>La description d&rsquo;un \u00e9pith\u00e9lium glandulaire est bas\u00e9e sur les crit\u00e8res suivants\u00a0:<\/p>\n<p> &nbsp; <\/p>\n<p><span style=\"color: #999999;\">\u2022 <\/span>la modalit\u00e9 d&rsquo;\u00e9vacuation des produits de s\u00e9cr\u00e9tion<\/p>\n<p style=\"padding-left: 30px;\"><span style=\"color: #999999;\">\u2022 <\/span>un \u00e9pith\u00e9lium glandulaire est exocrine lorsque les substances \u00e9labor\u00e9es sont lib\u00e9r\u00e9es \u00e0 l&rsquo;ext\u00e9rieur de l&rsquo;organisme, le plus souvent par l&rsquo;interm\u00e9diaire d&rsquo;un canal \u00e9vacuateur<\/p>\n<p style=\"padding-left: 30px;\"><span style=\"color: #999999;\">\u2022 <\/span>un \u00e9pith\u00e9lium glandulaire est endocrine quand les produits synth\u00e9tis\u00e9s sont d\u00e9vers\u00e9s dans le milieu int\u00e9rieur de l&rsquo;organisme, g\u00e9n\u00e9ralement dans l&rsquo;appareil circulatoire<\/p>\n<p> &nbsp; <\/p>\n<p><span style=\"color: #999999;\">\u2022 <\/span>la forme des unit\u00e9s glandulaires (ou unit\u00e9s s\u00e9cr\u00e9trices), dans le cas des \u00e9pith\u00e9liums glandulaires exocrines<br \/>\nsont ainsi distingu\u00e9es<\/p>\n<p style=\"padding-left: 30px;\"><span style=\"color: #999999;\">\u2022 <\/span>l&rsquo;unit\u00e9 glandulaire tubuleuse lorsque les cellules s\u00e9cr\u00e9trices sont agenc\u00e9es un un tube avec une lumi\u00e8re de diam\u00e8tre constant<\/p>\n<p style=\"padding-left: 30px;\"><span style=\"color: #999999;\">\u2022 <\/span>l&rsquo;unit\u00e9 glandulaire acineuse, sph\u00e9rique et dont les cellules sont pyramidales, distribu\u00e9es autour d&rsquo;une lumi\u00e8re \u00e9troite<\/p>\n<p style=\"padding-left: 30px;\"><span style=\"color: #999999;\">\u2022 <\/span>l&rsquo;unit\u00e9 glandulaire alv\u00e9olaire sph\u00e9rique et \u00e0 large lumi\u00e8re, les cellules la composant ayant une forme cubique<\/p>\n<p style=\"padding-left: 30px;\"><span style=\"color: #999999;\">\u2022 <\/span>l&rsquo;unit\u00e9 glandulaire en lame dans laquelle les cellules sont dispos\u00e9es dans un plan, les plans ou lames rayonnant autour d&rsquo;une structure centrale<\/p>\n<p>les unit\u00e9s glandulaires exocrines sont fr\u00e9quemment associ\u00e9es \u00e0 des cellules myo\u00e9pith\u00e9liales<\/p>\n<p> &nbsp; <\/p>\n<p><span style=\"color: #999999;\">\u2022 <\/span>l&rsquo;agencement des cellules dans le cas des \u00e9pith\u00e9liums glandulaires endocrines<br \/>\nsont ainsi identifi\u00e9es<\/p>\n<p style=\"padding-left: 30px;\"><span style=\"color: #999999;\">\u2022 <\/span>l&rsquo;unit\u00e9 s\u00e9cr\u00e9trice en cordons ou en amas, avec des cellules en file ou en groupes<\/p>\n<p style=\"padding-left: 30px;\"><span style=\"color: #999999;\">\u2022 <\/span>l&rsquo;unit\u00e9 s\u00e9cr\u00e9trice en follicules, structures sph\u00e9riques creuses d\u00e9limit\u00e9es par l&rsquo;\u00e9pith\u00e9lium glandulaire<\/p>\n<p> &nbsp; <\/p>\n<p><span style=\"color: #999999;\">\u2022 <\/span>la forme du canal \u00e9vacuateur pour les \u00e9pith\u00e9liums glandulaires exocrines<br \/>\nsont ainsi d\u00e9crites<\/p>\n<p style=\"padding-left: 30px;\"><span style=\"color: #999999;\">\u2022 <\/span>la glande simple pr\u00e9sentant un canal \u00e9vacuateur pour une unit\u00e9 glandulaire<\/p>\n<p style=\"padding-left: 30px;\"><span style=\"color: #999999;\">\u2022 <\/span>la glande ramifi\u00e9e poss\u00e9dant un canal \u00e9vacuateur unique pour plusieurs unit\u00e9s glandulaires<\/p>\n<p style=\"padding-left: 30px;\"><span style=\"color: #999999;\">\u2022 <\/span>la glande compos\u00e9e dans laquelle les canaux \u00e9vacuateurs sont ramifi\u00e9s<\/p>\n<p> &nbsp; <\/p>\n<p><span style=\"color: #999999;\">\u2022 <\/span>la nature des produits \u00e9labor\u00e9s par les cellules s\u00e9cr\u00e9trices<br \/>\nsont ainsi d\u00e9finies<\/p>\n<p style=\"padding-left: 30px;\"><span style=\"color: #999999;\">\u2022 <\/span>l&rsquo;unit\u00e9 s\u00e9cr\u00e9trice muqueuse produisant des mucopolysaccharides (prot\u00e9oglycanes, glycosaminoglycanes) et caract\u00e9ris\u00e9e par des cellules \u00e0 membranes visibles, \u00e0 cytoplasme peu chromophile, \u00e0 noyau \u00e9pineux et basal, dispos\u00e9es autour d&rsquo;une vaste lumi\u00e8re<\/p>\n<p style=\"padding-left: 30px;\"><span style=\"color: #999999;\">\u2022 <\/span>l&rsquo;unit\u00e9 s\u00e9cr\u00e9trice s\u00e9reuse produisant des prot\u00e9ines, et compos\u00e9e de cellules \u00e0 membranes peu visibles, \u00e0 cytoplasme chromophile, \u00e0 noyau sph\u00e9rique et central, r\u00e9parties autour d&rsquo;une lumi\u00e8re \u00e9troite.<\/p>\n<p> &nbsp; <\/p>\n","protected":false},"excerpt":{"rendered":"<p>&nbsp; Le tissu \u00e9pith\u00e9lial ou \u00e9pith\u00e9lium est un tissu localis\u00e9 \u00e0 l&rsquo;interface entre l&rsquo;organisme et le milieu ext\u00e9rieur, ou \u00e0 l&rsquo;interface entre deux compartiments de l&rsquo;organisme. Il joue un r\u00f4le de limite entre organisme et milieu ou entre les compartiments de l&rsquo;organisme. &nbsp; Organisation Un \u00e9pith\u00e9lium est un tissu principalement compos\u00e9 de cellules et comportant [&hellip;]<\/p>\n","protected":false},"author":2,"featured_media":0,"parent":3894,"menu_order":1,"comment_status":"closed","ping_status":"closed","template":"","meta":{"site-sidebar-layout":"default","site-content-layout":"","ast-site-content-layout":"default","site-content-style":"default","site-sidebar-style":"default","ast-global-header-display":"","ast-banner-title-visibility":"","ast-main-header-display":"","ast-hfb-above-header-display":"","ast-hfb-below-header-display":"","ast-hfb-mobile-header-display":"","site-post-title":"","ast-breadcrumbs-content":"","ast-featured-img":"","footer-sml-layout":"","ast-disable-related-posts":"","theme-transparent-header-meta":"","adv-header-id-meta":"","stick-header-meta":"","header-above-stick-meta":"","header-main-stick-meta":"","header-below-stick-meta":"","astra-migrate-meta-layouts":"default","ast-page-background-enabled":"default","ast-page-background-meta":{"desktop":{"background-color":"var(--ast-global-color-4)","background-image":"","background-repeat":"repeat","background-position":"center center","background-size":"auto","background-attachment":"scroll","background-type":"","background-media":"","overlay-type":"","overlay-color":"","overlay-opacity":"","overlay-gradient":""},"tablet":{"background-color":"","background-image":"","background-repeat":"repeat","background-position":"center center","background-size":"auto","background-attachment":"scroll","background-type":"","background-media":"","overlay-type":"","overlay-color":"","overlay-opacity":"","overlay-gradient":""},"mobile":{"background-color":"","background-image":"","background-repeat":"repeat","background-position":"center center","background-size":"auto","background-attachment":"scroll","background-type":"","background-media":"","overlay-type":"","overlay-color":"","overlay-opacity":"","overlay-gradient":""}},"ast-content-background-meta":{"desktop":{"background-color":"var(--ast-global-color-5)","background-image":"","background-repeat":"repeat","background-position":"center center","background-size":"auto","background-attachment":"scroll","background-type":"","background-media":"","overlay-type":"","overlay-color":"","overlay-opacity":"","overlay-gradient":""},"tablet":{"background-color":"var(--ast-global-color-5)","background-image":"","background-repeat":"repeat","background-position":"center center","background-size":"auto","background-attachment":"scroll","background-type":"","background-media":"","overlay-type":"","overlay-color":"","overlay-opacity":"","overlay-gradient":""},"mobile":{"background-color":"var(--ast-global-color-5)","background-image":"","background-repeat":"repeat","background-position":"center center","background-size":"auto","background-attachment":"scroll","background-type":"","background-media":"","overlay-type":"","overlay-color":"","overlay-opacity":"","overlay-gradient":""}},"footnotes":""},"class_list":["post-3912","page","type-page","status-publish","hentry"],"aioseo_notices":[],"jetpack_sharing_enabled":true,"_links":{"self":[{"href":"https:\/\/codexvirtualis.fr\/codex\/wp-json\/wp\/v2\/pages\/3912","targetHints":{"allow":["GET"]}}],"collection":[{"href":"https:\/\/codexvirtualis.fr\/codex\/wp-json\/wp\/v2\/pages"}],"about":[{"href":"https:\/\/codexvirtualis.fr\/codex\/wp-json\/wp\/v2\/types\/page"}],"author":[{"embeddable":true,"href":"https:\/\/codexvirtualis.fr\/codex\/wp-json\/wp\/v2\/users\/2"}],"replies":[{"embeddable":true,"href":"https:\/\/codexvirtualis.fr\/codex\/wp-json\/wp\/v2\/comments?post=3912"}],"version-history":[{"count":40,"href":"https:\/\/codexvirtualis.fr\/codex\/wp-json\/wp\/v2\/pages\/3912\/revisions"}],"predecessor-version":[{"id":5372,"href":"https:\/\/codexvirtualis.fr\/codex\/wp-json\/wp\/v2\/pages\/3912\/revisions\/5372"}],"up":[{"embeddable":true,"href":"https:\/\/codexvirtualis.fr\/codex\/wp-json\/wp\/v2\/pages\/3894"}],"wp:attachment":[{"href":"https:\/\/codexvirtualis.fr\/codex\/wp-json\/wp\/v2\/media?parent=3912"}],"curies":[{"name":"wp","href":"https:\/\/api.w.org\/{rel}","templated":true}]}}