{"id":22,"date":"2011-01-30T14:44:05","date_gmt":"2011-01-30T14:44:05","guid":{"rendered":"http:\/\/codexvirtualis.fr\/codex"},"modified":"2022-06-06T17:52:50","modified_gmt":"2022-06-06T15:52:50","slug":"de-lorganisation-interne","status":"publish","type":"page","link":"https:\/\/codexvirtualis.fr\/codex\/de-lorganisation-interne","title":{"rendered":"De l&rsquo;organisation interne"},"content":{"rendered":"\n<div class=\"wp-block-columns is-layout-flex wp-container-core-columns-is-layout-28f84493 wp-block-columns-is-layout-flex\">\n<div class=\"wp-block-column is-layout-flow wp-block-column-is-layout-flow\">\n<p>Cette rubrique est consacr\u00e9e \u00e0 l&rsquo;organisation anatomique et tissulaire des organismes, telle qu&rsquo;elle peut \u00eatre \u00e9tudi\u00e9e \u00e0 partir de coupes histologiques observ\u00e9es au microscope optique.<\/p>\n\n\n\n<p>Elle compl\u00e8te la d\u00e9couverte de la vie des animaux de la nature ordinaire, propos\u00e9e dans le cabinet de curiosit\u00e9s virtuel, par une approche structurale. Les organes des organismes et leurs relations sont d\u00e9crits aux \u00e9chelles macroscopique et microscopique, en rapport avec leurs fonctions.<\/p>\n<\/div>\n<\/div>\n\n\n\n<div class=\"wp-block-columns is-layout-flex wp-container-core-columns-is-layout-28f84493 wp-block-columns-is-layout-flex\">\n<div class=\"wp-block-column is-layout-flow wp-block-column-is-layout-flow\" id=\"border_div\">\n<h2 class=\"wp-block-heading\">Premiers pas histologiques<br \/><\/h2>\n\n\n\n<p><\/p>\n\n\n\n<hr class=\"wp-block-separator has-css-opacity\"\/>\n\n\n\n<p><\/p>\n\n\n\n<figure class=\"wp-block-image size-large\" id=\"container\"><a href=\"\/codex\/de-lorganisation-interne\/premiers-pas-histologiques\/\"><img decoding=\"async\" src=\"\/documents\/images\/navigation\/roussette_branchie11-300.jpg\" alt=\"\"\/><\/a><\/figure>\n\n\n\n<p><\/p>\n\n\n\n<hr class=\"wp-block-separator has-css-opacity\"\/>\n\n\n\n<p><\/p>\n\n\n\n<p>Cette rubrique permet d&rsquo;appr\u00e9hender les tissus formant les organes des animaux et apporte les informations n\u00e9cessaires \u00e0 leurs identification et description.<\/p>\n<\/div>\n\n\n\n<div class=\"wp-block-column is-layout-flow wp-block-column-is-layout-flow\" id=\"border_div\">\n<h2 class=\"wp-block-heading\">Des organes, tissus et cellules<\/h2>\n\n\n\n<p><\/p>\n\n\n\n<hr class=\"wp-block-separator has-css-opacity\"\/>\n\n\n\n<p><\/p>\n\n\n\n<figure class=\"wp-block-image size-large\" id=\"container\"><a href=\"\/codex\/de-lorganisation-interne\/des-organes-des-tissus-et-des-cellules\"><img decoding=\"async\" src=\"\/documents\/images\/navigation\/lombric_ct_genital_male_an05_vue_generale_02-300.jpg\" alt=\"\"\/><\/a><\/figure>\n\n\n\n<p><\/p>\n\n\n\n<hr class=\"wp-block-separator has-css-opacity\"\/>\n\n\n\n<p>Cette rubrique est h\u00e9t\u00e9roclite. Elle regroupe des pages d\u00e9crivant la structure d&rsquo;organes de divers animaux, en relation avec leurs fonctions.<\/p>\n<\/div>\n<\/div>\n\n\n\n<p><\/p>\n\n\n\n<div class=\"wp-block-columns is-layout-flex wp-container-core-columns-is-layout-28f84493 wp-block-columns-is-layout-flex\">\n<div class=\"wp-block-column is-layout-flow wp-block-column-is-layout-flow\" id=\"border_div\">\n<h2 class=\"wp-block-heading\">L&rsquo;Escargot sous toutes les coutures<\/h2>\n\n\n\n<p><\/p>\n\n\n\n<hr class=\"wp-block-separator has-css-opacity\"\/>\n\n\n\n<p><\/p>\n\n\n\n<figure class=\"wp-block-image size-large\" id=\"container\"><a href=\"\/codex\/lorganisation-tissulaire-de-lescargot\/\"><img decoding=\"async\" src=\"\/documents\/images\/navigation\/ovotestis_27_300.jpg\" alt=\"\"\/><\/a><\/figure>\n\n\n\n<p><\/p>\n\n\n\n<hr class=\"wp-block-separator has-css-opacity\"\/>\n\n\n\n<p>Les num\u00e9ros d&rsquo;avril et de mai 2011 de la revue Folia conchyliologica sont consacr\u00e9s \u00e0 l\u2019organisation tissulaire de l\u2019Escargot (\u00e9tudi\u00e9e \u00e0 partir des exemples de l\u2019Escargot petit-gris et de l\u2019Escargot de Bourgogne) et peuvent \u00eatre t\u00e9l\u00e9charg\u00e9s ici.<\/p>\n<\/div>\n\n\n\n<div class=\"wp-block-column is-layout-flow wp-block-column-is-layout-flow\" id=\"border_div\">\n<h2 class=\"wp-block-heading\">D\u00e9lices histologiques : une galerie d&rsquo;images<\/h2>\n\n\n\n<p><\/p>\n\n\n\n<hr class=\"wp-block-separator has-css-opacity\"\/>\n\n\n\n<p><\/p>\n\n\n\n<figure class=\"wp-block-image size-large\" id=\"container\"><a href=\"https:\/\/codexvirtualis.fr\/images\/index.php?album=delices-histologiques\"><img decoding=\"async\" src=\"\/documents\/images\/navigation\/sabelle_panache_150_base_d_33-300.jpg\" alt=\"\"\/><\/a><\/figure>\n\n\n\n<p><\/p>\n\n\n\n<hr class=\"wp-block-separator has-css-opacity\"\/>\n\n\n\n<p>La galerie \u00ab D\u00e9lices histologiques \u00bb est un floril\u00e8ge d&rsquo;images pr\u00e9sentant les organismes animaux sous un angle inhabituel et souvent esth\u00e9tique.<br \/>Leur organisation interne est abord\u00e9e par l&rsquo;examen de coupes histologiques, fines sections observ\u00e9es \u00e0 la loupe ou au microscope apr\u00e8s coloration.<\/p>\n<\/div>\n<\/div>\n","protected":false},"excerpt":{"rendered":"<p>Cette rubrique est consacr\u00e9e \u00e0 l&rsquo;organisation anatomique et tissulaire des organismes, telle qu&rsquo;elle peut \u00eatre \u00e9tudi\u00e9e \u00e0 partir de coupes histologiques observ\u00e9es au microscope optique. Elle compl\u00e8te la d\u00e9couverte de la vie des animaux de la nature ordinaire, propos\u00e9e dans le cabinet de curiosit\u00e9s virtuel, par une approche structurale. Les organes des organismes et leurs [&hellip;]<\/p>\n","protected":false},"author":2,"featured_media":0,"parent":0,"menu_order":5,"comment_status":"closed","ping_status":"closed","template":"","meta":{"site-sidebar-layout":"default","site-content-layout":"","ast-site-content-layout":"default","site-content-style":"default","site-sidebar-style":"default","ast-global-header-display":"","ast-banner-title-visibility":"","ast-main-header-display":"","ast-hfb-above-header-display":"","ast-hfb-below-header-display":"","ast-hfb-mobile-header-display":"","site-post-title":"","ast-breadcrumbs-content":"","ast-featured-img":"","footer-sml-layout":"","ast-disable-related-posts":"","theme-transparent-header-meta":"","adv-header-id-meta":"","stick-header-meta":"","header-above-stick-meta":"","header-main-stick-meta":"","header-below-stick-meta":"","astra-migrate-meta-layouts":"default","ast-page-background-enabled":"default","ast-page-background-meta":{"desktop":{"background-color":"var(--ast-global-color-4)","background-image":"","background-repeat":"repeat","background-position":"center center","background-size":"auto","background-attachment":"scroll","background-type":"","background-media":"","overlay-type":"","overlay-color":"","overlay-opacity":"","overlay-gradient":""},"tablet":{"background-color":"","background-image":"","background-repeat":"repeat","background-position":"center center","background-size":"auto","background-attachment":"scroll","background-type":"","background-media":"","overlay-type":"","overlay-color":"","overlay-opacity":"","overlay-gradient":""},"mobile":{"background-color":"","background-image":"","background-repeat":"repeat","background-position":"center center","background-size":"auto","background-attachment":"scroll","background-type":"","background-media":"","overlay-type":"","overlay-color":"","overlay-opacity":"","overlay-gradient":""}},"ast-content-background-meta":{"desktop":{"background-color":"var(--ast-global-color-5)","background-image":"","background-repeat":"repeat","background-position":"center center","background-size":"auto","background-attachment":"scroll","background-type":"","background-media":"","overlay-type":"","overlay-color":"","overlay-opacity":"","overlay-gradient":""},"tablet":{"background-color":"var(--ast-global-color-5)","background-image":"","background-repeat":"repeat","background-position":"center center","background-size":"auto","background-attachment":"scroll","background-type":"","background-media":"","overlay-type":"","overlay-color":"","overlay-opacity":"","overlay-gradient":""},"mobile":{"background-color":"var(--ast-global-color-5)","background-image":"","background-repeat":"repeat","background-position":"center center","background-size":"auto","background-attachment":"scroll","background-type":"","background-media":"","overlay-type":"","overlay-color":"","overlay-opacity":"","overlay-gradient":""}},"footnotes":""},"class_list":["post-22","page","type-page","status-publish","hentry"],"aioseo_notices":[],"jetpack_sharing_enabled":true,"_links":{"self":[{"href":"https:\/\/codexvirtualis.fr\/codex\/wp-json\/wp\/v2\/pages\/22","targetHints":{"allow":["GET"]}}],"collection":[{"href":"https:\/\/codexvirtualis.fr\/codex\/wp-json\/wp\/v2\/pages"}],"about":[{"href":"https:\/\/codexvirtualis.fr\/codex\/wp-json\/wp\/v2\/types\/page"}],"author":[{"embeddable":true,"href":"https:\/\/codexvirtualis.fr\/codex\/wp-json\/wp\/v2\/users\/2"}],"replies":[{"embeddable":true,"href":"https:\/\/codexvirtualis.fr\/codex\/wp-json\/wp\/v2\/comments?post=22"}],"version-history":[{"count":18,"href":"https:\/\/codexvirtualis.fr\/codex\/wp-json\/wp\/v2\/pages\/22\/revisions"}],"predecessor-version":[{"id":14562,"href":"https:\/\/codexvirtualis.fr\/codex\/wp-json\/wp\/v2\/pages\/22\/revisions\/14562"}],"wp:attachment":[{"href":"https:\/\/codexvirtualis.fr\/codex\/wp-json\/wp\/v2\/media?parent=22"}],"curies":[{"name":"wp","href":"https:\/\/api.w.org\/{rel}","templated":true}]}}