{"id":1860,"date":"2011-05-06T11:55:01","date_gmt":"2011-05-06T09:55:01","guid":{"rendered":"http:\/\/codexvirtualis.fr\/codex\/?page_id=1860"},"modified":"2011-06-18T14:29:40","modified_gmt":"2011-06-18T12:29:40","slug":"dans-lintimite-des-demoiselles","status":"publish","type":"page","link":"https:\/\/codexvirtualis.fr\/codex\/cabinet-de-curiosites-virtuel\/dans-lintimite-des-animaux\/dans-lintimite-des-demoiselles","title":{"rendered":"Dans l&rsquo;intimit\u00e9 des Demoiselles"},"content":{"rendered":"<p>&nbsp;<\/p>\n<h2>Le cycle de d\u00e9veloppement de l&rsquo;Agrion \u00e9l\u00e9gant<\/h2>\n<p>&nbsp;<\/p>\n<figure style=\"width: 300px\" class=\"wp-caption alignnone\"><a rel=\"lightbox\" href=\"\/documents\/images\/Ischnura_elegans\/Ischnura elegans01-09-WEB.jpg\" target=\"_blank\"><img loading=\"lazy\" decoding=\"async\" class=\"  \" title=\"Accouplement chez l'Agrion \u00e9l\u00e9gant\" src=\"\/documents\/images\/Ischnura_elegans\/Ischnura elegans01-09-WEB.jpg\" alt=\"Accouplement chez l'Agrion \u00e9l\u00e9gant\" width=\"300\" height=\"225\" \/><\/a><figcaption class=\"wp-caption-text\">Accouplement chez l&#39;Agrion \u00e9l\u00e9gant (le m\u00e2le est dans la partie sup\u00e9rieure de l&#39;image, la femelle dans la partie inf\u00e9rieure)<\/figcaption><\/figure>\n<p>&nbsp;<\/p>\n<p>D\u00e8s le printemps, il n&rsquo;est pas rare d&rsquo;observer des Agrions volant en couple, le premier individu semblant agripper l&rsquo;autre en arri\u00e8re de la t\u00eate \u00e0 l&rsquo;aide de l&rsquo;extr\u00e9mit\u00e9 de son abdomen. Cette posture appel\u00e9e tandem est caract\u00e9ristique de la p\u00e9riode de l&rsquo;accouplement et fr\u00e9quemment de l&rsquo;oviposition chez les <a href=\"\/codex\/glossaire\/glossaire-de-i-a-o#odonate\" target=\"_blank\">Odonates<\/a>.<\/p>\n<p>&nbsp;<\/p>\n<figure style=\"width: 300px\" class=\"wp-caption alignnone\"><a rel=\"lightbox\" href=\"\/documents\/images\/Ischnura_elegans\/Ischnura_elegans02_10accouplement-WEB.jpg\" target=\"_blank\"><img decoding=\"async\" class=\" \" title=\"Accouplement chez l'Agrion \u00e9l\u00e9gant\" src=\"\/documents\/images\/Ischnura_elegans\/Ischnura_elegans02_10accouplement-WEB.jpg\" alt=\"Accouplement chez l'Agrion \u00e9l\u00e9gant\" width=\"300\" \/><\/a><figcaption class=\"wp-caption-text\">Accouplement chez l&#39;Agrion \u00e9l\u00e9gant<\/figcaption><\/figure>\n<p>&nbsp;<\/p>\n<p>L&rsquo;accouplement lui-m\u00eame conduit le m\u00e2le et la femelle \u00e0 former une autre figure typique, le c\u0153ur copulatoire. Le m\u00e2le maintient toujours la femelle au niveau du cou, gr\u00e2ce \u00e0 ses appendices terminaux. L&rsquo;extr\u00e9mit\u00e9 de l&rsquo;abdomen de la femelle est pour sa part accol\u00e9e aux 2e et 3e segments abdominaux du m\u00e2le.<\/p>\n<p>&nbsp;<\/p>\n<p>Que se passe-t-il dans le c\u0153ur copulatoire ?<\/p>\n<p>&nbsp;<\/p>\n<figure style=\"width: 300px\" class=\"wp-caption alignnone\"><a rel=\"lightbox\" href=\"\/documents\/images\/Ischnura_elegans\/Ischnura_elegans33_10accouplement-WEB.jpg\" target=\"_blank\"><img decoding=\"async\" class=\" \" title=\"Accouplement chez l'Agrion \u00e9l\u00e9gant\" src=\"\/documents\/images\/Ischnura_elegans\/Ischnura_elegans33_10accouplement-WEB.jpg\" alt=\"Accouplement chez l'Agrion \u00e9l\u00e9gant\" width=\"300\" \/><\/a><figcaption class=\"wp-caption-text\">Accouplement chez l&#39;Agrion \u00e9l\u00e9gant<\/figcaption><\/figure>\n<p>&nbsp;<\/p>\n<p>L&rsquo;orifice g\u00e9nital du m\u00e2le est situ\u00e9 \u00e0 l&rsquo;extr\u00e9mit\u00e9 post\u00e9rieure de l&rsquo;abdomen, les pi\u00e8ces copulatrices \u00e9tant port\u00e9es par le 2e segment abdominal en position ventrale. Les spermatozo\u00efdes sont agglom\u00e9r\u00e9s en <a href=\"\/codex\/glossaire\/glossaire-de-p-a-s#spermatophore\" target=\"_blank\">spermatophores<\/a>, lib\u00e9r\u00e9s par l&rsquo;orifice g\u00e9nital post\u00e9rieur et temporairement stock\u00e9s au niveau de r\u00e9servoirs situ\u00e9s au niveau des 2e et 3e segments abdominaux.<br \/>\nLors de l&rsquo;accouplement, les pi\u00e8ces copulatrices du m\u00e2le assurent le transfert des spermatophores \u00e0 la femelle, l&rsquo;orifice g\u00e9nital de cette derni\u00e8re \u00e9tant localis\u00e9 \u00e0 l&rsquo;extr\u00e9mit\u00e9 de son abdomen.<\/p>\n<p>&nbsp;<\/p>\n<figure style=\"width: 300px\" class=\"wp-caption alignnone\"><a rel=\"lightbox\" href=\"\/documents\/images\/Ischnura_elegans\/Ischnura_elegans01-07-WEB.jpg\" target=\"_blank\"><img decoding=\"async\" class=\" \" title=\"Oviposition chez l'Agrion \u00e9l\u00e9gant\" src=\"\/documents\/images\/Ischnura_elegans\/Ischnura_elegans01-07-WEB.jpg\" alt=\"Oviposition chez l'Agrion \u00e9l\u00e9gant\" width=\"300\" \/><\/a><figcaption class=\"wp-caption-text\">Oviposition chez l&#39;Agrion \u00e9l\u00e9gant (m\u00e2le et femelle sont en tandem)<\/figcaption><\/figure>\n<p>&nbsp;<\/p>\n<figure style=\"width: 300px\" class=\"wp-caption alignnone\"><a rel=\"lightbox\" href=\"\/documents\/images\/Ischnura_elegans\/Ischnura elegans02-09ponte-WEB.jpg\" target=\"_blank\"><img decoding=\"async\" class=\" \" title=\"Oviposition chez l'Agrion \u00e9l\u00e9gant\" src=\"\/documents\/images\/Ischnura_elegans\/Ischnura elegans02-09ponte-WEB.jpg\" alt=\"Oviposition chez l'Agrion \u00e9l\u00e9gant\" width=\"300\" \/><\/a><figcaption class=\"wp-caption-text\">Oviposition chez l&#39;Agrion \u00e9l\u00e9gant (la femelle est isol\u00e9e)<\/figcaption><\/figure>\n<p>&nbsp;<\/p>\n<p>\u00c0 la suite de l&rsquo;accouplement, la femelle d\u00e9pose les \u0153ufs f\u00e9cond\u00e9s soit \u00e0 la surface de v\u00e9g\u00e9taux aquatiques (ponte exophyte), soit \u00e0 l&rsquo;int\u00e9rieur de v\u00e9g\u00e9taux aquatiques (ponte endophyte), selon les esp\u00e8ces. L&rsquo;oviposition est r\u00e9alis\u00e9e alors que femelle et m\u00e2le sont en tandem ou alors que la femelle est isol\u00e9e.<\/p>\n<p>&nbsp;<\/p>\n<p>L&rsquo;\u00e9closion des \u0153ufs lib\u00e8re des individus aquatiques qui se d\u00e9placent en marchant sur le fond, respirent \u00e0 l\u2019aide de \u00ab\u00a0branchies\u00a0\u00bb leur permettant de pr\u00e9lever le dioxyg\u00e8ne de l\u2019eau, et se nourrissent de proies qu\u2019ils capturent \u00e0 l\u2019aide d\u2019appendices buccaux formant un \u00ab\u00a0masque\u00a0\u00bb ou \u00ab\u00a0bras mentonier\u00a0\u00bb articul\u00e9 et muni de crochets. Le d\u00e9ploiement du masque permet \u00e0 l&rsquo;individu d&rsquo;atteindre sa proie et de s&rsquo;en saisir.<\/p>\n<p>Par comparaison,les adultes poss\u00e8dent un corps allong\u00e9 et gracile, dont le thorax porte deux paires d\u2019ailes dorsales membraneuses et trois paires de pattes ventrales. Ils volent \u00e0 proximit\u00e9 de pi\u00e8ces d\u2019eau, respirent \u00e0 l\u2019aide d\u2019un appareil trach\u00e9en leur permettant de pr\u00e9lever le dioxyg\u00e8ne de l\u2019air et se nourrissent de proies qu\u2019ils capturent \u00e0 l\u2019aide de leurs pi\u00e8ces buccales broyeuses.<\/p>\n<p>L\u2019individu issu du d\u00e9veloppement embryonnaire poss\u00e8de une morphologie et une anatomie relativement diff\u00e9rentes de celles de l\u2019adulte. De m\u00eame son milieu\u00a0et son\u00a0mode de vie sont distincts, il peut \u00eatre qualifi\u00e9 de <a href=\"\/codex\/glossaire\/glossaire-de-i-a-o#larve\" target=\"_blank\">larve<\/a>.<\/p>\n<p>&nbsp;<\/p>\n<figure style=\"width: 300px\" class=\"wp-caption alignnone\"><a rel=\"lightbox\" href=\"\/documents\/images\/Ischnura_elegans\/demoiselle304_10exuvie-WEB.jpg\" target=\"_blank\"> <img decoding=\"async\" title=\"Exuvie de Demoiselle\" src=\"\/documents\/images\/Ischnura_elegans\/demoiselle304_10exuvie-WEB.jpg\" alt=\"Exuvie de Demoiselle\" width=\"300\" \/><\/a><figcaption class=\"wp-caption-text\">Exuvie de Demoiselle (dernier stade larvaire)<\/figcaption><\/figure>\n<p>&nbsp;<\/p>\n<p>Son d\u00e9veloppement post-embryonnaire comporte des <a href=\"\/codex\/glossaire\/glossaire-de-i-a-o#mue\" target=\"_blank\">mues<\/a> successives.<\/p>\n<p>Une mue correspond au\u00a0 renouvellement de l\u2019enveloppe corporelle rigide, la <a href=\"\/codex\/glossaire\/glossaire-de-a-a-c#cuticule\" target=\"_blank\">cuticule<\/a>. L\u2019ancienne cuticule, devenue trop petite est \u00e9limin\u00e9e alors qu\u2019une  nouvelle cuticule est \u00e9labor\u00e9e. Souple au moment de sa production, elle  autorise une augmentation en taille et en masse ainsi que le d\u00e9veloppement progressif des ailes et des pi\u00e8ces g\u00e9nitales.<\/p>\n<p>Le terme exuviation est employ\u00e9 pour d\u00e9signer l\u2019\u00e9limination de l\u2019ancienne cuticule, cette derni\u00e8re prenant le nom d\u2019\u00ab\u00a0exuvie\u00a0\u00bb. L&rsquo;image de l&rsquo;exuvie ci-dessus montre la ligne de rupture de l&rsquo;ancienne cuticule,\u00a0 les fourreaux alaires ainsi que la cuticule recouvrant l&rsquo;appareil respiratoire (trach\u00e9es).<\/p>\n<p>Parvenu au dernier stade post-embryonnaire, l&rsquo;animal subit une derni\u00e8re mue le transformant en <a href=\"\/codex\/glossaire\/glossaire-de-i-a-o#imago\" target=\"_blank\">imago<\/a> et co\u00efncidant avec le changement de milieu et mode de vie. Cette derni\u00e8re mue est qualifi\u00e9e de mue larvo-imaginale.<\/p>\n<p>Chez les Odonates, le cycle de d\u00e9veloppement dure g\u00e9n\u00e9ralement entre cinq mois et deux ans. Le <a href=\"\/codex\/glossaire\/glossaire-de-d-a-h#developpement-embryonnaire\" target=\"_blank\">d\u00e9veloppement embryonnaire<\/a> est court et donne naissance \u00e0 des larves qui r\u00e9alisent de 10 \u00e0 15 de mues et passent l&rsquo;hiver.<br \/>\nUne <a href=\"\/codex\/glossaire\/glossaire-de-d-a-h#diapause\" target=\"_blank\">diapause<\/a> embryonnaire intervient parfois, responsable de l&rsquo;allongement de la dur\u00e9e du cycle.<br \/>\nC&rsquo;est au printemps que l&rsquo;\u00e9mergence de l&rsquo;imago intervient.<\/p>\n<p>De par les caract\u00e9ristiques de leur <a href=\"\/codex\/glossaire\/glossaire-de-d-a-h#developpement-post-embryonnaire\" target=\"_blank\">d\u00e9veloppement post-embryonnaire<\/a>, les Odonates sont qualifi\u00e9s d\u2019Insectes <a href=\"\/codex\/glossaire\/glossaire-de-d-a-h#heterometabole\" target=\"_blank\">h\u00e9t\u00e9rom\u00e9taboles<\/a> <a href=\"\/codex\/glossaire\/glossaire-de-d-a-h#hemimetabole\" target=\"_blank\">h\u00e9mim\u00e9taboles<\/a> (\u00e9tymologiquement, \u00ab\u00a0h\u00e9mi\u00a0\u00bb signifie \u00ab\u00a0demi, \u00e0 demi\u00a0\u00bb). En effet, il est progressif et ne comporte pas de r\u00e9elle m\u00e9tamorphose.<\/p>\n<p>Les \u00e9bauches d&rsquo;ailes \u00e9tant externes, ce sont des Insectes <a href=\"\/codex\/glossaire\/glossaire-de-d-a-h#exopterygote\" target=\"_blank\">exopt\u00e9rygotes<\/a>.<\/p>\n<p>&nbsp;<\/p>\n<p>Pour en savoir plus sur les Odonates, consulter le site internet de la <a href=\"http:\/\/www.libellules.org\" target=\"_blank\">Soci\u00e9t\u00e9 fran\u00e7aise d&rsquo;odonatologie<\/a> (adresse http:\/\/www.libellules.org)<\/p>\n<p>&nbsp;<\/p>\n<p>Pour acc\u00e9der aux images des <a href=\"\/images\/index.php?album=parcs-de-gerland-et-des-berges-du-rhone\/les-demoiselles-et-libellules\" target=\"_blank\">Demoiselles et Libellules des parcs de Gerland et des berges du Rh\u00f4ne<\/a><\/p>\n<p style=\"text-align: right;\">[print_link]<\/p>\n","protected":false},"excerpt":{"rendered":"<p>&nbsp; Le cycle de d\u00e9veloppement de l&rsquo;Agrion \u00e9l\u00e9gant &nbsp; &nbsp; D\u00e8s le printemps, il n&rsquo;est pas rare d&rsquo;observer des Agrions volant en couple, le premier individu semblant agripper l&rsquo;autre en arri\u00e8re de la t\u00eate \u00e0 l&rsquo;aide de l&rsquo;extr\u00e9mit\u00e9 de son abdomen. Cette posture appel\u00e9e tandem est caract\u00e9ristique de la p\u00e9riode de l&rsquo;accouplement et fr\u00e9quemment de [&hellip;]<\/p>\n","protected":false},"author":2,"featured_media":0,"parent":1747,"menu_order":3,"comment_status":"closed","ping_status":"closed","template":"","meta":{"site-sidebar-layout":"default","site-content-layout":"","ast-site-content-layout":"default","site-content-style":"default","site-sidebar-style":"default","ast-global-header-display":"","ast-banner-title-visibility":"","ast-main-header-display":"","ast-hfb-above-header-display":"","ast-hfb-below-header-display":"","ast-hfb-mobile-header-display":"","site-post-title":"","ast-breadcrumbs-content":"","ast-featured-img":"","footer-sml-layout":"","ast-disable-related-posts":"","theme-transparent-header-meta":"","adv-header-id-meta":"","stick-header-meta":"","header-above-stick-meta":"","header-main-stick-meta":"","header-below-stick-meta":"","astra-migrate-meta-layouts":"default","ast-page-background-enabled":"default","ast-page-background-meta":{"desktop":{"background-color":"var(--ast-global-color-4)","background-image":"","background-repeat":"repeat","background-position":"center center","background-size":"auto","background-attachment":"scroll","background-type":"","background-media":"","overlay-type":"","overlay-color":"","overlay-opacity":"","overlay-gradient":""},"tablet":{"background-color":"","background-image":"","background-repeat":"repeat","background-position":"center center","background-size":"auto","background-attachment":"scroll","background-type":"","background-media":"","overlay-type":"","overlay-color":"","overlay-opacity":"","overlay-gradient":""},"mobile":{"background-color":"","background-image":"","background-repeat":"repeat","background-position":"center center","background-size":"auto","background-attachment":"scroll","background-type":"","background-media":"","overlay-type":"","overlay-color":"","overlay-opacity":"","overlay-gradient":""}},"ast-content-background-meta":{"desktop":{"background-color":"var(--ast-global-color-5)","background-image":"","background-repeat":"repeat","background-position":"center center","background-size":"auto","background-attachment":"scroll","background-type":"","background-media":"","overlay-type":"","overlay-color":"","overlay-opacity":"","overlay-gradient":""},"tablet":{"background-color":"var(--ast-global-color-5)","background-image":"","background-repeat":"repeat","background-position":"center center","background-size":"auto","background-attachment":"scroll","background-type":"","background-media":"","overlay-type":"","overlay-color":"","overlay-opacity":"","overlay-gradient":""},"mobile":{"background-color":"var(--ast-global-color-5)","background-image":"","background-repeat":"repeat","background-position":"center center","background-size":"auto","background-attachment":"scroll","background-type":"","background-media":"","overlay-type":"","overlay-color":"","overlay-opacity":"","overlay-gradient":""}},"footnotes":""},"class_list":["post-1860","page","type-page","status-publish","hentry"],"aioseo_notices":[],"jetpack_sharing_enabled":true,"_links":{"self":[{"href":"https:\/\/codexvirtualis.fr\/codex\/wp-json\/wp\/v2\/pages\/1860","targetHints":{"allow":["GET"]}}],"collection":[{"href":"https:\/\/codexvirtualis.fr\/codex\/wp-json\/wp\/v2\/pages"}],"about":[{"href":"https:\/\/codexvirtualis.fr\/codex\/wp-json\/wp\/v2\/types\/page"}],"author":[{"embeddable":true,"href":"https:\/\/codexvirtualis.fr\/codex\/wp-json\/wp\/v2\/users\/2"}],"replies":[{"embeddable":true,"href":"https:\/\/codexvirtualis.fr\/codex\/wp-json\/wp\/v2\/comments?post=1860"}],"version-history":[{"count":33,"href":"https:\/\/codexvirtualis.fr\/codex\/wp-json\/wp\/v2\/pages\/1860\/revisions"}],"predecessor-version":[{"id":2479,"href":"https:\/\/codexvirtualis.fr\/codex\/wp-json\/wp\/v2\/pages\/1860\/revisions\/2479"}],"up":[{"embeddable":true,"href":"https:\/\/codexvirtualis.fr\/codex\/wp-json\/wp\/v2\/pages\/1747"}],"wp:attachment":[{"href":"https:\/\/codexvirtualis.fr\/codex\/wp-json\/wp\/v2\/media?parent=1860"}],"curies":[{"name":"wp","href":"https:\/\/api.w.org\/{rel}","templated":true}]}}