{"id":18,"date":"2011-01-30T14:36:40","date_gmt":"2011-01-30T14:36:40","guid":{"rendered":"http:\/\/codexvirtualis.fr\/codex"},"modified":"2022-06-06T16:56:43","modified_gmt":"2022-06-06T14:56:43","slug":"la-biodiversite-urbaine","status":"publish","type":"page","link":"https:\/\/codexvirtualis.fr\/codex\/de-la-biodiversite\/la-biodiversite-urbaine","title":{"rendered":"La biodiversit\u00e9 urbaine"},"content":{"rendered":"\n<div class=\"wp-block-columns is-layout-flex wp-container-core-columns-is-layout-28f84493 wp-block-columns-is-layout-flex\">\n<div class=\"wp-block-column is-layout-flow wp-block-column-is-layout-flow\">\n<p>Si nature et ville sont des termes qui ont longtemps \u00e9t\u00e9 consid\u00e9r\u00e9s comme antinomiques, la diversit\u00e9 biologique dans l&rsquo;espace urbain constitue aujourd&rsquo;hui une pr\u00e9occupation majeure.<br \/>Elle est l&rsquo;objet de nombreuses \u00e9tudes et son d\u00e9veloppement est un enjeu de premier plan.<\/p>\n\n\n\n<p>La rubrique Biodiversit\u00e9 urbaine du Codex virtualis permet d&rsquo;en explorer certains aspects.<\/p>\n<\/div>\n<\/div>\n\n\n\n<p><\/p>\n\n\n\n<p><\/p>\n\n\n\n<hr class=\"wp-block-separator has-css-opacity is-style-wide\"\/>\n\n\n\n<p><\/p>\n\n\n\n<div class=\"wp-block-media-text alignwide is-stacked-on-mobile\" style=\"grid-template-columns:20% auto\" id=\"container\"><figure class=\"wp-block-media-text__media\"><a href=\"\/codex\/de-la-biodiversite\/la-biodiversite-urbaine\/parcs-urbains\"><img data-recalc-dims=\"1\" loading=\"lazy\" decoding=\"async\" width=\"160\" height=\"239\" data-attachment-id=\"14528\" data-permalink=\"https:\/\/codexvirtualis.fr\/codex\/de-la-biodiversite\/la-biodiversite-urbaine\/parc_neige21_10_160\" data-orig-file=\"https:\/\/i0.wp.com\/codexvirtualis.fr\/codex\/wp-content\/uploads\/parc_neige21_10_160.jpg?fit=160%2C239&amp;ssl=1\" data-orig-size=\"160,239\" data-comments-opened=\"0\" data-image-meta=\"{&quot;aperture&quot;:&quot;0&quot;,&quot;credit&quot;:&quot;&quot;,&quot;camera&quot;:&quot;&quot;,&quot;caption&quot;:&quot;&quot;,&quot;created_timestamp&quot;:&quot;0&quot;,&quot;copyright&quot;:&quot;&quot;,&quot;focal_length&quot;:&quot;0&quot;,&quot;iso&quot;:&quot;0&quot;,&quot;shutter_speed&quot;:&quot;0&quot;,&quot;title&quot;:&quot;&quot;,&quot;orientation&quot;:&quot;0&quot;}\" data-image-title=\"parc_neige21_10_160\" data-image-description=\"\" data-image-caption=\"\" data-medium-file=\"https:\/\/i0.wp.com\/codexvirtualis.fr\/codex\/wp-content\/uploads\/parc_neige21_10_160.jpg?fit=160%2C239&amp;ssl=1\" data-large-file=\"https:\/\/i0.wp.com\/codexvirtualis.fr\/codex\/wp-content\/uploads\/parc_neige21_10_160.jpg?fit=160%2C239&amp;ssl=1\" src=\"https:\/\/i0.wp.com\/codexvirtualis.fr\/codex\/wp-content\/uploads\/parc_neige21_10_160.jpg?resize=160%2C239&#038;ssl=1\" alt=\"\" class=\"wp-image-14528 size-full\"\/><\/a><\/figure><div class=\"wp-block-media-text__content\">\n<p><span style=\"color: #999999;\"><\/span>Pour acc\u00e9der aux pages de ce site traitant de la <a href=\"\/codex\/de-la-biodiversite\/la-biodiversite-urbaine\/parcs-urbains\" target=\"_blank\" rel=\"noopener\">biodiversit\u00e9 des parcs urbains<\/a>, \u00e0 partir de l&rsquo;exemple des Parcs de Gerland et des Berges du Rh\u00f4ne (Lyon)<\/p>\n<\/div><\/div>\n\n\n\n<p><\/p>\n\n\n\n<p><\/p>\n\n\n\n<hr class=\"wp-block-separator has-css-opacity is-style-wide\"\/>\n\n\n\n<p><\/p>\n\n\n\n<div class=\"wp-block-media-text alignwide is-stacked-on-mobile\" style=\"grid-template-columns:20% auto\" id=\"container\"><figure class=\"wp-block-media-text__media\"><a href=\"\/codex\/de-la-biodiversite\/la-biodiversite-urbaine\/biodiversite-des-villes\"><img data-recalc-dims=\"1\" loading=\"lazy\" decoding=\"async\" width=\"160\" height=\"230\" data-attachment-id=\"14529\" data-permalink=\"https:\/\/codexvirtualis.fr\/codex\/de-la-biodiversite\/la-biodiversite-urbaine\/la_recherche_160\" data-orig-file=\"https:\/\/i0.wp.com\/codexvirtualis.fr\/codex\/wp-content\/uploads\/la_recherche_160.jpg?fit=160%2C230&amp;ssl=1\" data-orig-size=\"160,230\" data-comments-opened=\"0\" data-image-meta=\"{&quot;aperture&quot;:&quot;0&quot;,&quot;credit&quot;:&quot;&quot;,&quot;camera&quot;:&quot;&quot;,&quot;caption&quot;:&quot;&quot;,&quot;created_timestamp&quot;:&quot;0&quot;,&quot;copyright&quot;:&quot;&quot;,&quot;focal_length&quot;:&quot;0&quot;,&quot;iso&quot;:&quot;0&quot;,&quot;shutter_speed&quot;:&quot;0&quot;,&quot;title&quot;:&quot;&quot;,&quot;orientation&quot;:&quot;0&quot;}\" data-image-title=\"la_recherche_160\" data-image-description=\"\" data-image-caption=\"\" data-medium-file=\"https:\/\/i0.wp.com\/codexvirtualis.fr\/codex\/wp-content\/uploads\/la_recherche_160.jpg?fit=160%2C230&amp;ssl=1\" data-large-file=\"https:\/\/i0.wp.com\/codexvirtualis.fr\/codex\/wp-content\/uploads\/la_recherche_160.jpg?fit=160%2C230&amp;ssl=1\" src=\"https:\/\/i0.wp.com\/codexvirtualis.fr\/codex\/wp-content\/uploads\/la_recherche_160.jpg?resize=160%2C230&#038;ssl=1\" alt=\"\" class=\"wp-image-14529 size-full\"\/><\/a><\/figure><div class=\"wp-block-media-text__content\">\n<p><span style=\"color: #999999;\"><\/span>Pour en savoir plus sur l&rsquo;\u00e9volution de la <a href=\"\/codex\/de-la-biodiversite\/la-biodiversite-urbaine\/biodiversite-des-villes\">perception de la ville du point de vue de la biodiversit\u00e9<\/a> et consulter le Cahier sp\u00e9cial n\u00b0422 du magazine La Recherche de septembre 2008<\/p>\n<\/div><\/div>\n\n\n\n<p><\/p>\n\n\n\n<p><\/p>\n\n\n\n<hr class=\"wp-block-separator has-css-opacity is-style-wide\"\/>\n\n\n\n<p><\/p>\n\n\n\n<div class=\"wp-block-media-text alignwide is-stacked-on-mobile\" style=\"grid-template-columns:20% auto\" id=\"container\"><figure class=\"wp-block-media-text__media\"><a href=\"\/codex\/de-la-biodiversite\/la-biodiversite-urbaine\/biodiversite-et-urbanisme\"><img data-recalc-dims=\"1\" loading=\"lazy\" decoding=\"async\" width=\"160\" height=\"225\" data-attachment-id=\"14530\" data-permalink=\"https:\/\/codexvirtualis.fr\/codex\/de-la-biodiversite\/la-biodiversite-urbaine\/conseil_economique_social_160\" data-orig-file=\"https:\/\/i0.wp.com\/codexvirtualis.fr\/codex\/wp-content\/uploads\/conseil_economique_social_160.jpg?fit=160%2C225&amp;ssl=1\" data-orig-size=\"160,225\" data-comments-opened=\"0\" data-image-meta=\"{&quot;aperture&quot;:&quot;0&quot;,&quot;credit&quot;:&quot;&quot;,&quot;camera&quot;:&quot;&quot;,&quot;caption&quot;:&quot;&quot;,&quot;created_timestamp&quot;:&quot;0&quot;,&quot;copyright&quot;:&quot;&quot;,&quot;focal_length&quot;:&quot;0&quot;,&quot;iso&quot;:&quot;0&quot;,&quot;shutter_speed&quot;:&quot;0&quot;,&quot;title&quot;:&quot;&quot;,&quot;orientation&quot;:&quot;0&quot;}\" data-image-title=\"conseil_economique_social_160\" data-image-description=\"\" data-image-caption=\"\" data-medium-file=\"https:\/\/i0.wp.com\/codexvirtualis.fr\/codex\/wp-content\/uploads\/conseil_economique_social_160.jpg?fit=160%2C225&amp;ssl=1\" data-large-file=\"https:\/\/i0.wp.com\/codexvirtualis.fr\/codex\/wp-content\/uploads\/conseil_economique_social_160.jpg?fit=160%2C225&amp;ssl=1\" src=\"https:\/\/i0.wp.com\/codexvirtualis.fr\/codex\/wp-content\/uploads\/conseil_economique_social_160.jpg?resize=160%2C225&#038;ssl=1\" alt=\"\" class=\"wp-image-14530 size-full\"\/><\/a><\/figure><div class=\"wp-block-media-text__content\">\n<p><span style=\"color: #999999;\"><\/span>Pour en savoir plus sur les <a href=\"\/codex\/de-la-biodiversite\/la-biodiversite-urbaine\/biodiversite-et-urbanisme\" target=\"_blank\" rel=\"noopener\">relations entre biodiversit\u00e9 et urbanisme<\/a> et consulter le rapport de M. Bernard Reygrobellet du Conseil \u00e9conomique et social publi\u00e9 en 2008<\/p>\n<\/div><\/div>\n\n\n\n<p><\/p>\n\n\n\n<p><\/p>\n\n\n\n<hr class=\"wp-block-separator has-css-opacity is-style-wide\"\/>\n\n\n\n<p><\/p>\n\n\n\n<div class=\"wp-block-media-text alignwide is-stacked-on-mobile\" style=\"grid-template-columns:20% auto\" id=\"container\"><figure class=\"wp-block-media-text__media\"><a href=\"\/codex\/de-la-biodiversite\/la-biodiversite-urbaine\/invasion-despeces\"><img data-recalc-dims=\"1\" loading=\"lazy\" decoding=\"async\" width=\"160\" height=\"220\" data-attachment-id=\"14532\" data-permalink=\"https:\/\/codexvirtualis.fr\/codex\/de-la-biodiversite\/la-biodiversite-urbaine\/pour_la_science_fevrier_2009_160\" data-orig-file=\"https:\/\/i0.wp.com\/codexvirtualis.fr\/codex\/wp-content\/uploads\/pour_la_science_fevrier_2009_160.jpg?fit=160%2C220&amp;ssl=1\" data-orig-size=\"160,220\" data-comments-opened=\"0\" data-image-meta=\"{&quot;aperture&quot;:&quot;0&quot;,&quot;credit&quot;:&quot;&quot;,&quot;camera&quot;:&quot;&quot;,&quot;caption&quot;:&quot;&quot;,&quot;created_timestamp&quot;:&quot;0&quot;,&quot;copyright&quot;:&quot;&quot;,&quot;focal_length&quot;:&quot;0&quot;,&quot;iso&quot;:&quot;0&quot;,&quot;shutter_speed&quot;:&quot;0&quot;,&quot;title&quot;:&quot;&quot;,&quot;orientation&quot;:&quot;0&quot;}\" data-image-title=\"pour_la_science_fevrier_2009_160\" data-image-description=\"\" data-image-caption=\"\" data-medium-file=\"https:\/\/i0.wp.com\/codexvirtualis.fr\/codex\/wp-content\/uploads\/pour_la_science_fevrier_2009_160.jpg?fit=160%2C220&amp;ssl=1\" data-large-file=\"https:\/\/i0.wp.com\/codexvirtualis.fr\/codex\/wp-content\/uploads\/pour_la_science_fevrier_2009_160.jpg?fit=160%2C220&amp;ssl=1\" src=\"https:\/\/i0.wp.com\/codexvirtualis.fr\/codex\/wp-content\/uploads\/pour_la_science_fevrier_2009_160.jpg?resize=160%2C220&#038;ssl=1\" alt=\"\" class=\"wp-image-14532 size-full\"\/><\/a><\/figure><div class=\"wp-block-media-text__content\">\n<p><span style=\"color: #999999;\"><\/span>Pour en savoir plus sur <a href=\"\/codex\/de-la-biodiversite\/la-biodiversite-urbaine\/invasion-despeces\" target=\"_blank\" rel=\"noopener\">l&rsquo;\u00e9volution de la biodiversit\u00e9 et ses relations avec la perturbation des \u00e9cosyst\u00e8mes<\/a>, consulter l&rsquo;article \u00ab\u00a0Invasions d&rsquo;esp\u00e8ces : cause ou cons\u00e9quence de la perturbation des \u00e9cosyst\u00e8mes ?\u00a0\u00bb d&rsquo;A. Teyss\u00e8dre et R. Barbault<\/p>\n<\/div><\/div>\n\n\n\n<p><\/p>\n\n\n\n<p><\/p>\n\n\n\n<hr class=\"wp-block-separator has-css-opacity is-style-wide\"\/>\n\n\n\n<p><\/p>\n\n\n\n<div class=\"wp-block-media-text alignwide is-stacked-on-mobile\" style=\"grid-template-columns:20% auto\" id=\"container\"><figure class=\"wp-block-media-text__media\"><a href=\"\/codex\/de-la-biodiversite\/sciences-participatives\"><img data-recalc-dims=\"1\" loading=\"lazy\" decoding=\"async\" width=\"160\" height=\"232\" data-attachment-id=\"14531\" data-permalink=\"https:\/\/codexvirtualis.fr\/codex\/de-la-biodiversite\/la-biodiversite-urbaine\/sciences_participatives_160\" data-orig-file=\"https:\/\/i0.wp.com\/codexvirtualis.fr\/codex\/wp-content\/uploads\/sciences_participatives_160.jpg?fit=160%2C232&amp;ssl=1\" data-orig-size=\"160,232\" data-comments-opened=\"0\" data-image-meta=\"{&quot;aperture&quot;:&quot;0&quot;,&quot;credit&quot;:&quot;&quot;,&quot;camera&quot;:&quot;&quot;,&quot;caption&quot;:&quot;&quot;,&quot;created_timestamp&quot;:&quot;0&quot;,&quot;copyright&quot;:&quot;&quot;,&quot;focal_length&quot;:&quot;0&quot;,&quot;iso&quot;:&quot;0&quot;,&quot;shutter_speed&quot;:&quot;0&quot;,&quot;title&quot;:&quot;&quot;,&quot;orientation&quot;:&quot;0&quot;}\" data-image-title=\"sciences_participatives_160\" data-image-description=\"\" data-image-caption=\"\" data-medium-file=\"https:\/\/i0.wp.com\/codexvirtualis.fr\/codex\/wp-content\/uploads\/sciences_participatives_160.jpg?fit=160%2C232&amp;ssl=1\" data-large-file=\"https:\/\/i0.wp.com\/codexvirtualis.fr\/codex\/wp-content\/uploads\/sciences_participatives_160.jpg?fit=160%2C232&amp;ssl=1\" src=\"https:\/\/i0.wp.com\/codexvirtualis.fr\/codex\/wp-content\/uploads\/sciences_participatives_160.jpg?resize=160%2C232&#038;ssl=1\" alt=\"\" class=\"wp-image-14531 size-full\"\/><\/a><\/figure><div class=\"wp-block-media-text__content\">\n<p><span style=\"color: #999999;\"><\/span>Pour contribuer au suivi de la \u00ab\u00a0nature ordinaire\u00a0\u00bb dans les r\u00e9gions et visiter les sites d\u00e9di\u00e9es aux <a href=\"\/codex\/de-la-biodiversite\/sciences-participatives\" target=\"_blank\" rel=\"noopener\">sciences participatives<\/a><\/p>\n<\/div><\/div>\n\n\n\n<p><\/p>\n\n\n\n<p><\/p>\n\n\n\n<hr class=\"wp-block-separator has-css-opacity is-style-wide\"\/>\n\n\n\n<p><\/p>\n","protected":false},"excerpt":{"rendered":"<p>Si nature et ville sont des termes qui ont longtemps \u00e9t\u00e9 consid\u00e9r\u00e9s comme antinomiques, la diversit\u00e9 biologique dans l&rsquo;espace urbain constitue aujourd&rsquo;hui une pr\u00e9occupation majeure.Elle est l&rsquo;objet de nombreuses \u00e9tudes et son d\u00e9veloppement est un enjeu de premier plan. La rubrique Biodiversit\u00e9 urbaine du Codex virtualis permet d&rsquo;en explorer certains aspects. Pour acc\u00e9der aux pages [&hellip;]<\/p>\n","protected":false},"author":2,"featured_media":0,"parent":15,"menu_order":1,"comment_status":"closed","ping_status":"closed","template":"","meta":{"site-sidebar-layout":"default","site-content-layout":"","ast-site-content-layout":"default","site-content-style":"default","site-sidebar-style":"default","ast-global-header-display":"","ast-banner-title-visibility":"","ast-main-header-display":"","ast-hfb-above-header-display":"","ast-hfb-below-header-display":"","ast-hfb-mobile-header-display":"","site-post-title":"","ast-breadcrumbs-content":"","ast-featured-img":"","footer-sml-layout":"","ast-disable-related-posts":"","theme-transparent-header-meta":"","adv-header-id-meta":"","stick-header-meta":"","header-above-stick-meta":"","header-main-stick-meta":"","header-below-stick-meta":"","astra-migrate-meta-layouts":"default","ast-page-background-enabled":"default","ast-page-background-meta":{"desktop":{"background-color":"var(--ast-global-color-4)","background-image":"","background-repeat":"repeat","background-position":"center center","background-size":"auto","background-attachment":"scroll","background-type":"","background-media":"","overlay-type":"","overlay-color":"","overlay-opacity":"","overlay-gradient":""},"tablet":{"background-color":"","background-image":"","background-repeat":"repeat","background-position":"center center","background-size":"auto","background-attachment":"scroll","background-type":"","background-media":"","overlay-type":"","overlay-color":"","overlay-opacity":"","overlay-gradient":""},"mobile":{"background-color":"","background-image":"","background-repeat":"repeat","background-position":"center center","background-size":"auto","background-attachment":"scroll","background-type":"","background-media":"","overlay-type":"","overlay-color":"","overlay-opacity":"","overlay-gradient":""}},"ast-content-background-meta":{"desktop":{"background-color":"var(--ast-global-color-5)","background-image":"","background-repeat":"repeat","background-position":"center center","background-size":"auto","background-attachment":"scroll","background-type":"","background-media":"","overlay-type":"","overlay-color":"","overlay-opacity":"","overlay-gradient":""},"tablet":{"background-color":"var(--ast-global-color-5)","background-image":"","background-repeat":"repeat","background-position":"center center","background-size":"auto","background-attachment":"scroll","background-type":"","background-media":"","overlay-type":"","overlay-color":"","overlay-opacity":"","overlay-gradient":""},"mobile":{"background-color":"var(--ast-global-color-5)","background-image":"","background-repeat":"repeat","background-position":"center center","background-size":"auto","background-attachment":"scroll","background-type":"","background-media":"","overlay-type":"","overlay-color":"","overlay-opacity":"","overlay-gradient":""}},"footnotes":""},"class_list":["post-18","page","type-page","status-publish","hentry"],"aioseo_notices":[],"jetpack_sharing_enabled":true,"_links":{"self":[{"href":"https:\/\/codexvirtualis.fr\/codex\/wp-json\/wp\/v2\/pages\/18","targetHints":{"allow":["GET"]}}],"collection":[{"href":"https:\/\/codexvirtualis.fr\/codex\/wp-json\/wp\/v2\/pages"}],"about":[{"href":"https:\/\/codexvirtualis.fr\/codex\/wp-json\/wp\/v2\/types\/page"}],"author":[{"embeddable":true,"href":"https:\/\/codexvirtualis.fr\/codex\/wp-json\/wp\/v2\/users\/2"}],"replies":[{"embeddable":true,"href":"https:\/\/codexvirtualis.fr\/codex\/wp-json\/wp\/v2\/comments?post=18"}],"version-history":[{"count":25,"href":"https:\/\/codexvirtualis.fr\/codex\/wp-json\/wp\/v2\/pages\/18\/revisions"}],"predecessor-version":[{"id":14534,"href":"https:\/\/codexvirtualis.fr\/codex\/wp-json\/wp\/v2\/pages\/18\/revisions\/14534"}],"up":[{"embeddable":true,"href":"https:\/\/codexvirtualis.fr\/codex\/wp-json\/wp\/v2\/pages\/15"}],"wp:attachment":[{"href":"https:\/\/codexvirtualis.fr\/codex\/wp-json\/wp\/v2\/media?parent=18"}],"curies":[{"name":"wp","href":"https:\/\/api.w.org\/{rel}","templated":true}]}}