{"id":14065,"date":"2021-08-03T10:29:46","date_gmt":"2021-08-03T08:29:46","guid":{"rendered":"https:\/\/codexvirtualis.fr\/codex\/?page_id=14065"},"modified":"2021-08-04T17:55:20","modified_gmt":"2021-08-04T15:55:20","slug":"vivre-fixe-a-partir-de-lexemple-des-eumollusques-introduction","status":"publish","type":"page","link":"https:\/\/codexvirtualis.fr\/codex\/petites-questions-de-physiologie\/petites-questions-de-physiologie-animale-2019-ouvrage\/vivre-fixe-a-partir-de-lexemple-des-eumollusques-introduction","title":{"rendered":"Vivre fix\u00e9 \u00e0 partir de l\u2019exemple des Eumollusques : introduction"},"content":{"rendered":"<header>\n<table style=\"width: 100%; \">\n<tr>\n<th style=\"text-align: center; \" colspan=\"3\">Vivre fix\u00e9 \u00e0 partir de l&rsquo;exemple des Eumollusques<\/th>\n<\/tr>\n<tr>\n<td style=\"width: 20%; text-align: left; \">\n<a href=\"\/codex\/petites-questions-de-physiologie\/petites-questions-de-physiologie-animale-2019-ouvrage\/le-vol-a-partir-de-lexemple-des-insectes-bibliographie-et-sitographie\" title=\"Le vol \u00e0 partir de l\u2019exemple des Insectes : bibliographie et sitographie\">Pr\u00e9c\u00e9dent<\/a>\u00a0<\/td>\n<th style=\"width: 60%; text-align: center; \">\u00a0<\/th>\n<td style=\"width: 20%; text-align: right; \"><a href=\"\/codex\/petites-questions-de-physiologie\/petites-questions-de-physiologie-animale-2019-ouvrage\/vivre-fixe-posseder-un-dispositif-de-liaison-avec-le-substrat\" title=\"Vivre fix\u00e9 : poss\u00e9der un dispositif de liaison avec le substrat\">Suivant<\/a>\n<\/td>\n<\/tr>\n<\/table>\n<hr \/>\n<\/header>\n<p> &nbsp; <\/p>\n<section class=\"article\" id=\"d0e9442\">\n<p><class=\"author\"><br \/>\n<span class=\"firstname\">Cassandra<\/span> <span class=\"surname\">Batin<\/span><br \/>\n<code class=\"email\">&lt;<a class=\"email\" href=\"mailto:cassandra.batin@etu.univ-st-etienne.fr\">cassandra.batin@etu.univ-st-etienne.fr<\/a>&gt;<\/code><\/p>\n<p><class=\"author\"><br \/>\n<span class=\"firstname\">Antoine<\/span> <span class=\"surname\">Chapelon<\/span><br \/>\n<code class=\"email\">&lt;<a class=\"email\" href=\"mailto:antoine.chapelon@etu.univ-st-etienne.fr\">antoine.chapelon@etu.univ-st-etienne.fr<\/a>&gt;<\/code><\/p>\n<p><class=\"author\"><br \/>\n<span class=\"firstname\">Sylvain<\/span> <span class=\"surname\">Maia<\/span><br \/>\n<code class=\"email\">&lt;<a class=\"email\" href=\"mailto:sylvain.maia@etu.univ-st-etienne.fr\">sylvain.maia@etu.univ-st-etienne.fr<\/a>&gt;<\/code><\/p>\n<p><class=\"author\"><br \/>\n<span class=\"firstname\">Manon<\/span> <span class=\"surname\">Quiblier<\/span><br \/>\n<code class=\"email\">&lt;<a class=\"email\" href=\"mailto:manon.quiblier2@etu.univ-st-etienne.fr \">manon.quiblier2@etu.univ-st-etienne.fr <\/a>&gt;<\/code><\/p>\n<hr \/>\n<p> &nbsp; <\/p>\n<h3>Table des mati\u00e8res<\/h3>\n<ul class=\"toc\">\n<li>\n<span class=\"sect1\"><a href=\"\/codex\/petites-questions-de-physiologie\/petites-questions-de-physiologie-animale-2019-ouvrage\/vivre-fixe-a-partir-de-lexemple-des-eumollusques-introduction#d0e9491\" title=\"Vivre fix\u00e9 \u00e0 partir de l\u2019exemple des Eumollusques : introduction\">Introduction<\/a><\/span>\n<\/li>\n<li>\n<span class=\"sect1\"><a href=\"\/codex\/petites-questions-de-physiologie\/petites-questions-de-physiologie-animale-2019-ouvrage\/vivre-fixe-posseder-un-dispositif-de-liaison-avec-le-substrat\" title=\"Vivre fix\u00e9 : poss\u00e9der un dispositif de liaison avec le substrat\">Vivre fix\u00e9 : poss\u00e9der un dispositif de liaison avec le substrat<\/a><\/span><\/p>\n<ul>\n<li>\n<span class=\"sect2\"><a href=\"\/codex\/petites-questions-de-physiologie\/petites-questions-de-physiologie-animale-2019-ouvrage\/vivre-fixe-posseder-un-dispositif-de-liaison-avec-le-substrat#d0e9559\" title=\"Le byssus : des filaments r\u00e9sistants et \u00e9lastiques termin\u00e9s par un disque adh\u00e9sif\">Le byssus : des filaments r\u00e9sistants et \u00e9lastiques termin\u00e9s par un disque adh\u00e9sif<\/a><\/span>\n<\/li>\n<li>\n<span class=\"sect2\"><a href=\"\/codex\/petites-questions-de-physiologie\/petites-questions-de-physiologie-animale-2019-ouvrage\/vivre-fixe-posseder-un-dispositif-de-liaison-avec-le-substrat#d0e9687\" title=\"La coquille  : une valve ciment\u00e9e au substrat\">La coquille  : une valve ciment\u00e9e au substrat<\/a><\/span>\n<\/li>\n<li>\n<span class=\"sect2\"><a href=\"\/codex\/petites-questions-de-physiologie\/petites-questions-de-physiologie-animale-2019-ouvrage\/vivre-fixe-posseder-un-dispositif-de-liaison-avec-le-substrat#d0e9735\" title=\"Le pied : une ventouse impliquant une succion\">Le pied : une ventouse impliquant une succion<\/a><\/span>\n<\/li>\n<\/ul>\n<\/li>\n<li>\n<span class=\"sect1\"><a href=\"\/codex\/petites-questions-de-physiologie\/petites-questions-de-physiologie-animale-2019-ouvrage\/vivre-fixe-une-adaptation-des-fonctions-vegetatives\" title=\"Vivre fix\u00e9 : une adaptation des fonctions v\u00e9g\u00e9tatives\">Vivre fix\u00e9 : une adaptation des fonctions v\u00e9g\u00e9tatives<\/a><\/span><\/p>\n<ul>\n<li>\n<span class=\"sect2\"><a href=\"\/codex\/petites-questions-de-physiologie\/petites-questions-de-physiologie-animale-2019-ouvrage\/vivre-fixe-une-adaptation-des-fonctions-vegetatives#d0e9832\" title=\"R\u00e9aliser ses \u00e9changes de gaz respiratoires et s'alimenter\">R\u00e9aliser ses \u00e9changes de gaz respiratoires et s&rsquo;alimenter<\/a><\/span>\n<\/li>\n<li>\n<span class=\"sect2\"><a href=\"\/codex\/petites-questions-de-physiologie\/petites-questions-de-physiologie-animale-2019-ouvrage\/vivre-fixe-une-adaptation-des-fonctions-vegetatives#d0e9921\" title=\"R\u00e9sister aux contraintes abiotiques et biotiques\">R\u00e9sister aux contraintes abiotiques et biotiques<\/a><\/span>\n<\/li>\n<li>\n<span class=\"sect2\"><a href=\"\/codex\/petites-questions-de-physiologie\/petites-questions-de-physiologie-animale-2019-ouvrage\/vivre-fixe-une-adaptation-des-fonctions-vegetatives#d0e10027\" title=\"Percevoir le milieu\">Percevoir le milieu<\/a><\/span>\n<\/li>\n<\/ul>\n<\/li>\n<li>\n<span class=\"sect1\"><a href=\"\/codex\/petites-questions-de-physiologie\/petites-questions-de-physiologie-animale-2019-ouvrage\/vivre-fixe-une-adaptation-de-la-fonction-de-reproduction\" title=\"Vivre fix\u00e9 : une adaptation de la fonction de reproduction\">Vivre fix\u00e9 : une adaptation de la fonction de reproduction<\/a><\/span><\/p>\n<ul>\n<li>\n<span class=\"sect2\"><a href=\"\/codex\/petites-questions-de-physiologie\/petites-questions-de-physiologie-animale-2019-ouvrage\/vivre-fixe-une-adaptation-de-la-fonction-de-reproduction#d0e10082\" title=\"Produire des gam\u00e8tes et assurer la f\u00e9condation\">Produire des gam\u00e8tes et assurer la f\u00e9condation<\/a><\/span>\n<\/li>\n<li>\n<span class=\"sect2\"><a href=\"\/codex\/petites-questions-de-physiologie\/petites-questions-de-physiologie-animale-2019-ouvrage\/vivre-fixe-une-adaptation-de-la-fonction-de-reproduction#d0e10133\" title=\"Alterner des phases de vie libre et de vie fix\u00e9e\">Alterner des phases de vie libre et de vie fix\u00e9e<\/a><\/span>\n<\/li>\n<\/ul>\n<\/li>\n<li>\n<span class=\"sect1\"><a href=\"\/codex\/petites-questions-de-physiologie\/petites-questions-de-physiologie-animale-2019-ouvrage\/vivre-fixe-a-partir-de-lexemple-des-eumollusques-conclusion\" title=\"Vivre fix\u00e9 \u00e0 partir de l\u2019exemple des Eumollusques : conclusion\">Conclusion<\/a><\/span>\n<\/li>\n<li>\n<span class=\"bibliography\"><a href=\"\/codex\/petites-questions-de-physiologie\/petites-questions-de-physiologie-animale-2019-ouvrage\/vivre-fixe-a-partir-de-lexemple-des-eumollusques-bibliographie-et-sitographie\" title=\"Vivre fix\u00e9 \u00e0 partir de l\u2019exemple des Eumollusques : bibliographie et sitographie\">Bibliographie et sitographie<\/a><\/span>\n<\/li>\n<\/ul>\n<p> &nbsp; <\/p>\n<\/section>\n<section class=\"sect1\" id=\"d0e9491\">\n<h2 class=\"title\" style=\"clear: both\">Introduction<\/h2>\n<p>Les animaux sont des \u00eatres vivants eucaryotes pluricellulaires, h\u00e9t\u00e9rotrophes et g\u00e9n\u00e9ralement mobiles.<br \/>\nDivers par leurs formes, leurs milieux et leurs modes de vie, ils sont class\u00e9s en groupes dont les membres partagent des caract\u00e8res communs, excluant les animaux qui en sont d\u00e9pourvus.<\/p>\n<p>Parmi les groupes animaux figure celui des Eumollusques incluant des esp\u00e8ces comme l&rsquo;Escargot et la Patelle,  la Moule et l&rsquo;Hu\u00eetre, la Seiche et le Chiton.<br \/>\nSes repr\u00e9sentants sont caract\u00e9ris\u00e9s par un corps form\u00e9 :<\/p>\n<ul class=\"itemizedlist\" style=\"list-style-type: disc; \">\n<li class=\"listitem\">d&rsquo;une t\u00eate ant\u00e9rieure portant la bouche en position ventrale, associ\u00e9e \u00e0 un ruban h\u00e9riss\u00e9 de dents, la radula ;\n<\/li>\n<li class=\"listitem\">d&rsquo;une masse visc\u00e9rale dorsale contenant la plupart des visc\u00e8res ;\n<\/li>\n<li class=\"listitem\">d&rsquo;un pied ventral, organe locomoteur ;\n<\/li>\n<li class=\"listitem\">d&rsquo;un manteau, repli du t\u00e9gument, d\u00e9limitant une cavit\u00e9 en continuit\u00e9 avec le milieu ext\u00e9rieur, la cavit\u00e9 pall\u00e9ale, dans laquelle sont situ\u00e9es les branchies, organes respiratoires, et o\u00f9 s&rsquo;ouvrent les orifices excr\u00e9teur, g\u00e9nital et anal ;\n <\/li>\n<li class=\"listitem\">d&rsquo;une coquille s\u00e9cr\u00e9t\u00e9e par le manteau.\n<\/li>\n<\/ul>\n<p>Le terme Eumollusques est une r\u00e9f\u00e9rence au corps mou de ses repr\u00e9sentants.<br \/>\nPlusieurs sous-groupes sont distingu\u00e9s selon la forme du pied et de la coquille notamment.<br \/>\nAinsi,l&rsquo;Escargot et la Patelle appartiennent au sous-groupe des Gast\u00e9ropodes poss\u00e9dant un pied formant une sole de reptation et une coquille spiral\u00e9e.<br \/>\nLa Moule et l&rsquo;Hu\u00eetre sont desrepr\u00e9sentants du sous-groupe des Bivaves, ou Lamellibranches, dont le pied a une forme de hache et la coquille est constitu\u00e9e de deux valves.<br \/>\nLa Seiche est un membre du sous-groupe des C\u00e9phalopodes, dont le pied est transform\u00e9 en bras ins\u00e9r\u00e9s sur la t\u00eate et la coquille r\u00e9duite voire absente.<br \/>\nLe Chiton quant \u00e0 lui appartient au sous-groupe des Polyplacophores et poss\u00e8de un pied en forme de sole de reptation et une coquille constitu\u00e9e de plaques articul\u00e9es au nombre de sept \u00e0 huit. <\/p>\n<figure id=\"d0e9516\"\nclass=\"img\"\ntitle=\"Figure\u00a01.\u00a0Moules et Patelles sur l'estran rocheux \u00e0 mar\u00e9e basse\"><\/p>\n<div class=\"figure\">\n<figure style=\"width: 300px\" class=\"wp-caption alignnone\"><a rel=\"lightbox\" href=\"\/documents\/images\/PetitesQuestionsDePhysiologie\/2019\/media\/images\/24_figure_01.jpg\"><img decoding=\"async\" src=\"\/documents\/images\/PetitesQuestionsDePhysiologie\/2019\/media\/images\/24_figure_01.jpg\" width=\"300\" \" alt=\"Moules et Patelles sur l'estran rocheux \u00e0 mar\u00e9e basse\" class=\"size-medium\" \/><figcaption class=\"wp-caption-text\">Figure\u00a01.\u00a0Moules et Patelles sur l&rsquo;estran rocheux \u00e0 mar\u00e9e basse  <\/a><\/figcaption><\/figure>\n<\/div>\n<div class=\"copyright\">\n<p>Copyright : 2019 &#8211; Cassandra Batin ; Manon Quiblier ; Sandrine Heusser<\/p>\n<\/div>\n<div class=\"legalnotice\" title=\"Note L\u00e9gale\">\n<p> Cette illustration est mise \u00e0 disposition selon les termes de la Licence Creative Commons Attribution &#8211; Pas d&rsquo;Utilisation Commerciale &#8211; Partage dans les m\u00eames conditions 4.0 International.<span class=\"inlinemediaobject\"><br \/>\n<img decoding=\"async\" class=\"ccimage\" src=\"\/documents\/images\/PetitesQuestionsDePhysiologie\/2019\/media\/images\/00_licence.png\" width=\"50\"\/> <\/span> <\/p>\n<\/div>\n<\/figure>\n<p><\/p>\n<p>Les Eumollusques occupent les milieux aquatiques, marin et d&rsquo;eau douce, et a\u00e9rien. Leurs modes de vie sont divers.<br \/>\nEn milieu aquatique par exemple, certaines esp\u00e8ces vivent au contact du fond et sont dites benthiques, d&rsquo;autres \u00e9voluent en pleine eau et sont qualifi\u00e9es de p\u00e9lagiques. Si la plupart des Eumollusques sont mobiles, quelques formes comme la Moule et la Patelle sont s\u00e9dentaires et vivent g\u00e9n\u00e9ralement accroch\u00e9es \u00e0 un substrat en l&rsquo;occurrence un rocher. Elles m\u00e8nent une vie fix\u00e9e.<\/p>\n<p>La vie des organismes animaux implique des \u00e9changes de mati\u00e8re et d&rsquo;\u00e9nergie avec le milieu ext\u00e9rieur, consistant en un pr\u00e9l\u00e8vement d&rsquo;aliments et de dioxyg\u00e8ne et un rejet de dioxyde de carbone et de d\u00e9chets m\u00e9taboliques. Ils couvrent les besoins mat\u00e9riels li\u00e9s \u00e0 la synth\u00e8se et au renouvellement des mol\u00e9cules de l&rsquo;organisme, et \u00e9nerg\u00e9tiques li\u00e9s \u00e0 son fonctionnement. Ils constituent les fonctions de nutrition.<br \/>\nElle comporte \u00e9galement des interactions avec le milieu et les autres organismes, ainsi qu&rsquo;au sein de l&rsquo;organisme, group\u00e9es en fonctions de relation.<br \/>\nEnfin, elle se traduit par la production d&rsquo;une descendance, fonction de reproduction. <\/p>\n<p>Comment les Eumollusques s\u00e9dentaires sont-ils fix\u00e9s \u00e0 leur substrat ?<\/p>\n<p>La plupart des fonctions vitales des animaux sont r\u00e9alis\u00e9es par le biais de d\u00e9placements. <\/p>\n<p>Quelles sont les cons\u00e9quences de la vie fix\u00e9e sur les fonctions de nutrition, de relation et de reproduction ? <\/p>\n<\/section>\n<p> &nbsp; <\/p>\n<footer>\n<hr \/>\n<table style=\"width: 100%; \">\n<tr>\n<td style=\"width: 40%; text-align: left; \">\n<a href=\"\/codex\/petites-questions-de-physiologie\/petites-questions-de-physiologie-animale-2019-ouvrage\/le-vol-a-partir-de-lexemple-des-insectes-bibliographie-et-sitographie\" title=\"Le vol \u00e0 partir de l\u2019exemple des Insectes : bibliographie et sitographie\">Pr\u00e9c\u00e9dent<\/a>\u00a0<\/td>\n<td style=\"width: 20%; text-align: center; \">\u00a0<\/td>\n<td style=\"width: 40%; text-align: right; \"><a href=\"\/codex\/petites-questions-de-physiologie\/petites-questions-de-physiologie-animale-2019-ouvrage\/vivre-fixe-posseder-un-dispositif-de-liaison-avec-le-substrat\" title=\"Vivre fix\u00e9 : une adaptation des fonctions v\u00e9g\u00e9tatives\">Suivant<\/a>\n<\/td>\n<\/tr>\n<tr>\n<td style=\"width: 40%; text-align: left; vertical-align: top; \">Bibliographie et sitographie\u00a0<\/td>\n<td style=\"width: 20%; text-align: center; \">\n<a href=\"\/codex\/petites-questions-de-physiologie\/petites-questions-de-physiologie-animale-2019-ouvrage\" title=\"Petites questions de physiologie animale 2019 : ouvrage\">Sommaire<\/a>\n<\/td>\n<td style=\"width: 40%; text-align: right; vertical-align: top; \">\u00a0Vivre fix\u00e9 : poss\u00e9der un dispositif de liaison avec le substrat<\/td>\n<\/tr>\n<\/table>\n<\/footer>\n","protected":false},"excerpt":{"rendered":"<p>Vivre fix\u00e9 \u00e0 partir de l&rsquo;exemple des Eumollusques Pr\u00e9c\u00e9dent\u00a0 \u00a0 Suivant &nbsp; Cassandra Batin &lt;cassandra.batin@etu.univ-st-etienne.fr&gt; Antoine Chapelon &lt;antoine.chapelon@etu.univ-st-etienne.fr&gt; Sylvain Maia &lt;sylvain.maia@etu.univ-st-etienne.fr&gt; Manon Quiblier &lt;manon.quiblier2@etu.univ-st-etienne.fr &gt; &nbsp; Table des mati\u00e8res Introduction Vivre fix\u00e9 : poss\u00e9der un dispositif de liaison avec le substrat Le byssus : des filaments r\u00e9sistants et \u00e9lastiques termin\u00e9s par un disque adh\u00e9sif La [&hellip;]<\/p>\n","protected":false},"author":2,"featured_media":0,"parent":13169,"menu_order":61,"comment_status":"closed","ping_status":"closed","template":"","meta":{"site-sidebar-layout":"default","site-content-layout":"","ast-site-content-layout":"default","site-content-style":"default","site-sidebar-style":"default","ast-global-header-display":"","ast-banner-title-visibility":"","ast-main-header-display":"","ast-hfb-above-header-display":"","ast-hfb-below-header-display":"","ast-hfb-mobile-header-display":"","site-post-title":"","ast-breadcrumbs-content":"","ast-featured-img":"","footer-sml-layout":"","ast-disable-related-posts":"","theme-transparent-header-meta":"","adv-header-id-meta":"","stick-header-meta":"","header-above-stick-meta":"","header-main-stick-meta":"","header-below-stick-meta":"","astra-migrate-meta-layouts":"default","ast-page-background-enabled":"default","ast-page-background-meta":{"desktop":{"background-color":"var(--ast-global-color-4)","background-image":"","background-repeat":"repeat","background-position":"center center","background-size":"auto","background-attachment":"scroll","background-type":"","background-media":"","overlay-type":"","overlay-color":"","overlay-opacity":"","overlay-gradient":""},"tablet":{"background-color":"","background-image":"","background-repeat":"repeat","background-position":"center center","background-size":"auto","background-attachment":"scroll","background-type":"","background-media":"","overlay-type":"","overlay-color":"","overlay-opacity":"","overlay-gradient":""},"mobile":{"background-color":"","background-image":"","background-repeat":"repeat","background-position":"center center","background-size":"auto","background-attachment":"scroll","background-type":"","background-media":"","overlay-type":"","overlay-color":"","overlay-opacity":"","overlay-gradient":""}},"ast-content-background-meta":{"desktop":{"background-color":"var(--ast-global-color-5)","background-image":"","background-repeat":"repeat","background-position":"center center","background-size":"auto","background-attachment":"scroll","background-type":"","background-media":"","overlay-type":"","overlay-color":"","overlay-opacity":"","overlay-gradient":""},"tablet":{"background-color":"var(--ast-global-color-5)","background-image":"","background-repeat":"repeat","background-position":"center center","background-size":"auto","background-attachment":"scroll","background-type":"","background-media":"","overlay-type":"","overlay-color":"","overlay-opacity":"","overlay-gradient":""},"mobile":{"background-color":"var(--ast-global-color-5)","background-image":"","background-repeat":"repeat","background-position":"center center","background-size":"auto","background-attachment":"scroll","background-type":"","background-media":"","overlay-type":"","overlay-color":"","overlay-opacity":"","overlay-gradient":""}},"footnotes":""},"class_list":["post-14065","page","type-page","status-publish","hentry"],"aioseo_notices":[],"jetpack_sharing_enabled":true,"_links":{"self":[{"href":"https:\/\/codexvirtualis.fr\/codex\/wp-json\/wp\/v2\/pages\/14065","targetHints":{"allow":["GET"]}}],"collection":[{"href":"https:\/\/codexvirtualis.fr\/codex\/wp-json\/wp\/v2\/pages"}],"about":[{"href":"https:\/\/codexvirtualis.fr\/codex\/wp-json\/wp\/v2\/types\/page"}],"author":[{"embeddable":true,"href":"https:\/\/codexvirtualis.fr\/codex\/wp-json\/wp\/v2\/users\/2"}],"replies":[{"embeddable":true,"href":"https:\/\/codexvirtualis.fr\/codex\/wp-json\/wp\/v2\/comments?post=14065"}],"version-history":[{"count":6,"href":"https:\/\/codexvirtualis.fr\/codex\/wp-json\/wp\/v2\/pages\/14065\/revisions"}],"predecessor-version":[{"id":14156,"href":"https:\/\/codexvirtualis.fr\/codex\/wp-json\/wp\/v2\/pages\/14065\/revisions\/14156"}],"up":[{"embeddable":true,"href":"https:\/\/codexvirtualis.fr\/codex\/wp-json\/wp\/v2\/pages\/13169"}],"wp:attachment":[{"href":"https:\/\/codexvirtualis.fr\/codex\/wp-json\/wp\/v2\/media?parent=14065"}],"curies":[{"name":"wp","href":"https:\/\/api.w.org\/{rel}","templated":true}]}}