{"id":13964,"date":"2021-07-31T18:44:45","date_gmt":"2021-07-31T16:44:45","guid":{"rendered":"https:\/\/codexvirtualis.fr\/codex\/?page_id=13964"},"modified":"2021-08-03T19:04:10","modified_gmt":"2021-08-03T17:04:10","slug":"le-vol-a-partir-de-lexemple-des-insectes-bibliographie-et-sitographie","status":"publish","type":"page","link":"https:\/\/codexvirtualis.fr\/codex\/petites-questions-de-physiologie\/petites-questions-de-physiologie-animale-2019-ouvrage\/le-vol-a-partir-de-lexemple-des-insectes-bibliographie-et-sitographie","title":{"rendered":"Le vol \u00e0 partir de l\u2019exemple des Insectes : bibliographie et sitographie"},"content":{"rendered":"<header>\n<table style=\"width: 100%; \">\n<tr>\n<th style=\"text-align: center; \" colspan=\"3\">Bibliographie et sitographie<\/th>\n<\/tr>\n<tr>\n<td style=\"width: 20%; text-align: left; \">\n<a href=\"\/codex\/petites-questions-de-physiologie\/petites-questions-de-physiologie-animale-2019-ouvrage\/le-vol-a-partir-de-lexemple-des-insectes-conclusion\" title=\"Le vol \u00e0 partir de l\u2019exemple des Insectes : conclusion\">Pr\u00e9c\u00e9dent<\/a>\u00a0<\/td>\n<th style=\"width: 60%; text-align: center; \">Le vol \u00e0 partir de l\u2019exemple des Insectes <\/th>\n<td style=\"width: 20%; text-align: right; \"><a href=\"\/codex\/petites-questions-de-physiologie\/petites-questions-de-physiologie-animale-2019-ouvrage\/vivre-fixe-a-partir-de-lexemple-des-eumollusques-introduction\" title=\"Vivre fix\u00e9 \u00e0 partir de l\u2019exemple des Eumollusques : introduction\">Suivant<\/a>\n<\/td>\n<\/tr>\n<\/table>\n<hr \/>\n<\/header>\n<p> &nbsp; <\/p>\n<h3 class=\"title\">Livres<\/h3>\n<p><span class=\"authorgroup\"><span class=\"firstname\">Richard C.<\/span> <span class=\"surname\">Brusca<\/span> et <span class=\"firstname\">Gary J.<\/span> <span class=\"surname\">Brusca<\/span>. <\/span><br \/>\n<span class=\"title\"> <em>Invertebrates<\/em>. <\/span> <span class=\"edition\">2\u00e8me \u00e9dition. <\/span><br \/>\n<span class=\"publisher\"> <span class=\"publishername\">Sinauer Associates. <\/span> <\/span> <span class=\"pubdate\">2003. <\/span> <span class=\"pagenums\">936 p. <\/span><br \/>\n[<span class=\"citebiblioid\">978-0-87893-097-5<\/span>]<\/p>\n<h3 class=\"title\">Articles<\/h3>\n<p><span class=\"authorgroup\"><span class=\"firstname\">Michael <\/span><span class=\"surname\">Dickinson<\/span>, <span class=\"firstname\">Fritz-Olaf<\/span> <span class=\"surname\">Lehmann<\/span>, et <span class=\"firstname\">Sanjay<\/span> <span class=\"surname\">Sane<\/span>. <\/span><br \/>\n<span class=\"title\"><em>Wing rotation and the aerodynamic basis of insect flight<\/em>. <\/span><br \/>\n<span class=\"title\"><em>Science<\/em>. <\/span> <span class=\"pubdate\">1999. <\/span> <span class=\"volumenum\">284. <\/span> <span class=\"issuenum\">5422. <\/span><span class=\"artpagenums\">1954-1960. <\/span><br \/>\n[<span class=\"citebiblioid\">1095-9203<\/span>]<\/p>\n<p> &nbsp; <\/p>\n<p>\n<span class=\"authorgroup\"> <span class=\"firstname\">Christian <\/span><span class=\"surname\">Ellington<\/span>. <\/span><br \/>\n<span class=\"title\"> <em>The aerodynamics of hovering Insect flight. <\/em>. <\/span><br \/>\n<span class=\"title\"> <em>Philosophical Transactions of Royal Society of London B, Biological sciences<\/em>. <\/span> <span class=\"pubdate\">1984. <\/span> <span class=\"volumenum\">305. <\/span><span class=\"issuenum\">1122. <\/span><br \/>\n[<span class=\"citebiblioid\">0962-8436<\/span>]<\/p>\n<h3 class=\"title\">Sites internet<\/h3>\n<p><span class=\"authorgroup\"><span class=\"firstname\">Armand<\/span> <span class=\"surname\">De Ricql\u00e8s<\/span>. <\/span><br \/>\n<span class=\"title\"><em>Le vol animal. Le vol des insectes. In Universalis \u00e9ducation [en ligne]<\/em>. <\/span><br \/>\n<span class=\"publisher\"> <span class=\"publishername\">Encyclopaedia Universalis. <\/span><\/span><span class=\"pubdate\">[consult\u00e9 le 21 f\u00e9vrier 2019]. <\/span><br \/>\n<span class=\"address\"><code class=\"uri\">Disponible sur :<br \/>\n<a class=\"link\" href=\"http:\/\/www.universalis-edu.com\/encyclopedie\/vol-animal\/4-le-vol-des-insectes\/\" target=\"_top\" rel=\"noopener\">http:\/\/www.universalis-edu.com\/encyclopedie\/vol-animal\/4-le-vol-des-insectes\/<\/a> <\/code>. <\/span>\n<\/p>\n<p> &nbsp; <\/p>\n<p><span class=\"authorgroup\"><span class=\"firstname\">Beno\u00eet<\/span> <span class=\"surname\">Gilles<\/span>. <\/span><br \/>\n<span class=\"title\"><em>Le vol chez les insectes (2) &#8211; A\u00e9rodynamique, musculature et syst\u00e8me de contr\u00f4le de l\u2019aile. In Office pour les Insectes et leur environnement [en ligne]<\/em>. <\/span><br \/>\n<span class=\"title\"><em>Insectes<\/em>. <\/span><span class=\"pubdate\">2015. <\/span><span class=\"volumenum\">178 <\/span><span class=\"artpagenums\">27-31. <\/span><br \/>\n[<span class=\"citebiblioid\">0994-3544<\/span>]<br \/>\n<span class=\"publisher\"> <span class=\"publishername\">INRA. <\/span><\/span><span class=\"pubdate\"> 2015 [consult\u00e9 le 21 f\u00e9vrier 2019]. <\/span><br \/>\n<span class=\"address\"><code class=\"uri\">Disponible sur :<br \/>\n <a class=\"link\" href=\"http:\/\/www7.inra.fr\/opie-insectes\/pdf\/i178-gilles.pdf\" target=\"_top\" rel=\"noopener\">http:\/\/www7.inra.fr\/opie-insectes\/pdf\/i178-gilles.pdf<\/a><\/code>. <\/span>\n<\/p>\n<p> &nbsp; <\/p>\n<p><span class=\"authorgroup\"><span class=\"firstname\">Beno\u00eet<\/span> <span class=\"surname\">Gilles<\/span>. <\/span><br \/>\n<span class=\"title\"><em>R\u00e9cepteurs sensoriels chez les insectes : les m\u00e9canor\u00e9cepteurs. In Passion entomologie, magazine en ligne sp\u00e9cialis\u00e9 [en ligne].<\/em>. <\/span><br \/>\n<span class=\"publisher\"><span class=\"publishername\">Beno\u00eet Gilles. <\/span><\/span> <span class=\"pubdate\">2015 [consult\u00e9 29 mars 2019]. <\/span><br \/>\n<span class=\"address\"><code class=\"uri\">Disponible sur :<br \/>\n<a class=\"link\" href=\"http:\/\/passion-entomologie.fr\/mecanorecepteurs-cuticulaires-insectes\/\"target=\"_top\">http:\/\/passion-entomologie.fr\/mecanorecepteurs-cuticulaires-insectes\/<\/a><\/code>. <\/span>\n<\/p>\n<p> &nbsp; <\/p>\n<p><span class=\"authorgroup\"><span class=\"firstname\">Guillaume<\/span>. <\/span><br \/>\n<span class=\"title\"><em>Licence 3. Biologie animale. Chapitre 5-2 : Locomotion des arthropodes In Biodeug [en ligne].<\/em>. <\/span><br \/>\n<span class=\"publisher\"><span class=\"publishername\">Biodeug. <\/span><\/span><span class=\"pubdate\">2012 [consult\u00e9 le 12 mars 2019]. <\/span><br \/>\n<span class=\"address\"><code class=\"uri\">Disponible sur :<br \/>\n<a class=\"link\" href=\"http:\/\/www.biodeug.com\/licence-3-biologie-animale-chapitre-5-2-locomotion-des-arthropodes\" target=\"_top\" rel=\"noopener\">http:\/\/www.biodeug.com\/licence-3-biologie-animale-chapitre-5-2-locomotion-des-arthropodes<\/a><\/code>. <\/span>\n<\/p>\n<p> &nbsp; <\/p>\n<footer>\n<hr \/>\n<table style=\"width: 100%; \">\n<tr>\n<td style=\"width: 40%; text-align: left; \">\n<a href=\"\/codex\/petites-questions-de-physiologie\/petites-questions-de-physiologie-animale-2019-ouvrage\/le-vol-a-partir-de-lexemple-des-insectes-conclusion\" title=\"Le vol \u00e0 partir de l\u2019exemple des Insectes : conclusion\">Pr\u00e9c\u00e9dent<\/a>\u00a0<\/td>\n<td style=\"width: 20%; text-align: center; \">\n<a href=\"\/codex\/petites-questions-de-physiologie\/petites-questions-de-physiologie-animale-2019-ouvrage\/le-vol-a-partir-de-lexemple-des-insectes-introduction\" title=\"Le vol \u00e0 partir de l\u2019exemple des Insectes : introduction\">Niveau sup\u00e9rieur<\/a>\n<\/td>\n<td style=\"width: 40%; text-align: right; \">\u00a0<a href=\"\/codex\/petites-questions-de-physiologie\/petites-questions-de-physiologie-animale-2019-ouvrage\/vivre-fixe-a-partir-de-lexemple-des-eumollusques-introduction\" title=\"Vivre fix\u00e9 \u00e0 partir de l\u2019exemple des Eumollusques : introduction\">Suivant<\/a>\n<\/td>\n<\/tr>\n<tr>\n<td style=\"width: 40%; text-align: left; vertical-align: top; \">Conclusion\u00a0<\/td>\n<td style=\"width: 20%; text-align: center; \">\n<a href=\"\/codex\/petites-questions-de-physiologie\/petites-questions-de-physiologie-animale-2019-ouvrage\" title=\"Petites questions de physiologie animale 2019 : ouvrage\">Sommaire<\/a>\n<\/td>\n<td style=\"width: 40%; text-align: right; vertical-align: top; \">\u00a0Vivre fix\u00e9 \u00e0 partir de l&rsquo;exemple des Eumollusques<\/td>\n<\/tr>\n<\/table>\n<\/footer>\n","protected":false},"excerpt":{"rendered":"<p>Bibliographie et sitographie Pr\u00e9c\u00e9dent\u00a0 Le vol \u00e0 partir de l\u2019exemple des Insectes Suivant &nbsp; Livres Richard C. Brusca et Gary J. Brusca. Invertebrates. 2\u00e8me \u00e9dition. Sinauer Associates. 2003. 936 p. [978-0-87893-097-5] Articles Michael Dickinson, Fritz-Olaf Lehmann, et Sanjay Sane. Wing rotation and the aerodynamic basis of insect flight. Science. 1999. 284. 5422. 1954-1960. [1095-9203] &nbsp; [&hellip;]<\/p>\n","protected":false},"author":2,"featured_media":0,"parent":13169,"menu_order":60,"comment_status":"closed","ping_status":"closed","template":"","meta":{"site-sidebar-layout":"default","site-content-layout":"","ast-site-content-layout":"default","site-content-style":"default","site-sidebar-style":"default","ast-global-header-display":"","ast-banner-title-visibility":"","ast-main-header-display":"","ast-hfb-above-header-display":"","ast-hfb-below-header-display":"","ast-hfb-mobile-header-display":"","site-post-title":"","ast-breadcrumbs-content":"","ast-featured-img":"","footer-sml-layout":"","ast-disable-related-posts":"","theme-transparent-header-meta":"","adv-header-id-meta":"","stick-header-meta":"","header-above-stick-meta":"","header-main-stick-meta":"","header-below-stick-meta":"","astra-migrate-meta-layouts":"default","ast-page-background-enabled":"default","ast-page-background-meta":{"desktop":{"background-color":"var(--ast-global-color-4)","background-image":"","background-repeat":"repeat","background-position":"center center","background-size":"auto","background-attachment":"scroll","background-type":"","background-media":"","overlay-type":"","overlay-color":"","overlay-opacity":"","overlay-gradient":""},"tablet":{"background-color":"","background-image":"","background-repeat":"repeat","background-position":"center center","background-size":"auto","background-attachment":"scroll","background-type":"","background-media":"","overlay-type":"","overlay-color":"","overlay-opacity":"","overlay-gradient":""},"mobile":{"background-color":"","background-image":"","background-repeat":"repeat","background-position":"center center","background-size":"auto","background-attachment":"scroll","background-type":"","background-media":"","overlay-type":"","overlay-color":"","overlay-opacity":"","overlay-gradient":""}},"ast-content-background-meta":{"desktop":{"background-color":"var(--ast-global-color-5)","background-image":"","background-repeat":"repeat","background-position":"center center","background-size":"auto","background-attachment":"scroll","background-type":"","background-media":"","overlay-type":"","overlay-color":"","overlay-opacity":"","overlay-gradient":""},"tablet":{"background-color":"var(--ast-global-color-5)","background-image":"","background-repeat":"repeat","background-position":"center center","background-size":"auto","background-attachment":"scroll","background-type":"","background-media":"","overlay-type":"","overlay-color":"","overlay-opacity":"","overlay-gradient":""},"mobile":{"background-color":"var(--ast-global-color-5)","background-image":"","background-repeat":"repeat","background-position":"center center","background-size":"auto","background-attachment":"scroll","background-type":"","background-media":"","overlay-type":"","overlay-color":"","overlay-opacity":"","overlay-gradient":""}},"footnotes":""},"class_list":["post-13964","page","type-page","status-publish","hentry"],"aioseo_notices":[],"jetpack_sharing_enabled":true,"_links":{"self":[{"href":"https:\/\/codexvirtualis.fr\/codex\/wp-json\/wp\/v2\/pages\/13964","targetHints":{"allow":["GET"]}}],"collection":[{"href":"https:\/\/codexvirtualis.fr\/codex\/wp-json\/wp\/v2\/pages"}],"about":[{"href":"https:\/\/codexvirtualis.fr\/codex\/wp-json\/wp\/v2\/types\/page"}],"author":[{"embeddable":true,"href":"https:\/\/codexvirtualis.fr\/codex\/wp-json\/wp\/v2\/users\/2"}],"replies":[{"embeddable":true,"href":"https:\/\/codexvirtualis.fr\/codex\/wp-json\/wp\/v2\/comments?post=13964"}],"version-history":[{"count":8,"href":"https:\/\/codexvirtualis.fr\/codex\/wp-json\/wp\/v2\/pages\/13964\/revisions"}],"predecessor-version":[{"id":14131,"href":"https:\/\/codexvirtualis.fr\/codex\/wp-json\/wp\/v2\/pages\/13964\/revisions\/14131"}],"up":[{"embeddable":true,"href":"https:\/\/codexvirtualis.fr\/codex\/wp-json\/wp\/v2\/pages\/13169"}],"wp:attachment":[{"href":"https:\/\/codexvirtualis.fr\/codex\/wp-json\/wp\/v2\/media?parent=13964"}],"curies":[{"name":"wp","href":"https:\/\/api.w.org\/{rel}","templated":true}]}}