{"id":13956,"date":"2021-07-31T18:44:20","date_gmt":"2021-07-31T16:44:20","guid":{"rendered":"https:\/\/codexvirtualis.fr\/codex\/?page_id=13956"},"modified":"2021-08-03T19:00:32","modified_gmt":"2021-08-03T17:00:32","slug":"le-vol-des-insectes-un-mode-de-locomotion-integre","status":"publish","type":"page","link":"https:\/\/codexvirtualis.fr\/codex\/petites-questions-de-physiologie\/petites-questions-de-physiologie-animale-2019-ouvrage\/le-vol-des-insectes-un-mode-de-locomotion-integre","title":{"rendered":"Le vol des Insectes : un mode de locomotion int\u00e9gr\u00e9"},"content":{"rendered":"<header>\n<table style=\"width: 100%; \">\n<tr>\n<th style=\"text-align: center; \" colspan=\"3\">Le vol des Insectes : un mode de locomotion int\u00e9gr\u00e9 <\/th>\n<\/tr>\n<tr>\n<td style=\"width: 20%; text-align: left; \">\n<a href=\"\/codex\/petites-questions-de-physiologie\/petites-questions-de-physiologie-animale-2019-ouvrage\/le-vol-des-insectes-une-musculature-a-lorigine-des-forces\" title=\"Le vol des Insectes : une musculature \u00e0 l\u2019origine des forces\">Pr\u00e9c\u00e9dent<\/a>\u00a0<\/td>\n<th style=\"width: 60%; text-align: center; \">Le vol \u00e0 partir de l\u2019exemple des Insectes <\/th>\n<td style=\"width: 20%; text-align: right; \">\u00a0<a href=\"\/codex\/petites-questions-de-physiologie\/petites-questions-de-physiologie-animale-2019-ouvrage\/le-vol-a-partir-de-lexemple-des-insectes-conclusion\" title=\"Le vol \u00e0 partir de l\u2019exemple des Insectes : conclusion\">Suivant<\/a>\n<\/td>\n<\/tr>\n<\/table>\n<hr \/>\n<\/header>\n<p> &nbsp; <\/p>\n<section class=\"sect1\" id=\"d0e9074\">\n<p>Les Insectes, et plus g\u00e9n\u00e9ralement les animaux, puisent dans leur environnement les mol\u00e9cules indispensables \u00e0 leur m\u00e9tabolisme, mol\u00e9cules organiques et dioxyg\u00e8ne notamment, et y rejettent les d\u00e9chets qu&rsquo;il produit, dioxyde de carbone et mol\u00e9cules azot\u00e9es en particulier.<br \/>\nLes \u00e9changes de mati\u00e8re et d&rsquo;\u00e9nergie sont r\u00e9alis\u00e9s par des dispositifs anatomiques sp\u00e9cialis\u00e9s. L&rsquo;appareil digestif assure la fonction d&rsquo;alimentation procurant les mol\u00e9cules organiques, l&rsquo;appareil respiratoire r\u00e9alise les \u00e9changes de gaz respiratoires, absorption de dioxyg\u00e8ne et rejet de dioxyde de carbone, et l&rsquo;appareil excr\u00e9teur \u00e9vacue les d\u00e9chets azot\u00e9s.<br \/>\nLes fonctions d&rsquo;alimentation, d&rsquo;\u00e9change des gaz respiratoires et d&rsquo;excr\u00e9tion constituent les fonctions de nutrition.<\/p>\n<\/section>\n<section class=\"sect2\" id=\"d0e9079\">\n<h3 class=\"title\">Le vol des Insectes : une int\u00e9gration avec les fonctions de nutrition<\/h3>\n<p>Les mol\u00e9cules d&rsquo;origine alimentaire sont distribu\u00e9es dans l&rsquo;organisme par l&rsquo;h\u00e9molymphe d\u00e9vers\u00e9e dans la cavit\u00e9 g\u00e9n\u00e9rale, l&rsquo;h\u00e9moc\u0153le. Les cellules musculaires y puisent les glucides et lipides qu&rsquo;elles d\u00e9gradent par respiration et d&rsquo;o\u00f9 elles extraient l&rsquo;\u00e9nergie.<\/p>\n<p>Le dioxyg\u00e8ne est pris en charge et distribu\u00e9 par l&rsquo;appareil respiratoire, qui draine \u00e9galement le dioxyde de carbone.<\/p>\n<figure id=\"d0e9086\"\nclass=\"img\"\ntitle=\"Figure\u00a010.\u00a0 Anatomie de l'appareil respiratoire du Criquet en vue dorsale\"><\/p>\n<div class=\"figure\">\n<figure style=\"width: 300px\" class=\"wp-caption alignnone\"><a rel=\"lightbox\" href=\"\/documents\/images\/PetitesQuestionsDePhysiologie\/2019\/media\/images\/22_figure_10.jpg\"><img decoding=\"async\" src=\"\/documents\/images\/PetitesQuestionsDePhysiologie\/2019\/media\/images\/22_figure_10.jpg\" width=\"300\" \" alt=\"Anatomie de l'appareil respiratoire du Criquet en vue dorsale\" class=\"size-medium\" \/><figcaption class=\"wp-caption-text\">Figure\u00a010.\u00a0 Anatomie de l&rsquo;appareil respiratoire du Criquet en vue dorsale  <\/a><\/figcaption><\/figure>\n<\/div>\n<div class=\"copyright\">\n<p>Copyright : 2019 &#8211; A\u00efmen Belkhiat ; Driss Ben Mouhamed ; James Eav ; Zackaria Mchachti ; Sandrine Heusser<\/p>\n<\/div>\n<div class=\"legalnotice\" title=\"Note L\u00e9gale\">\n<p> Cette illustration est mise \u00e0 disposition selon les termes de la Licence Creative Commons Attribution &#8211; Pas d&rsquo;Utilisation Commerciale &#8211; Partage dans les m\u00eames conditions 4.0 International.<span class=\"inlinemediaobject\"><br \/>\n<img decoding=\"async\" class=\"ccimage\" src=\"\/documents\/images\/PetitesQuestionsDePhysiologie\/2019\/media\/images\/00_licence.png\" width=\"50\"\/> <\/span> <\/p>\n<\/div>\n<\/figure>\n<p><\/p>\n<p>L&rsquo;appareil respiratoire du Criquet, et plus g\u00e9n\u00e9ralement des Insectes, est form\u00e9 de tubes ramifi\u00e9s dans l&rsquo;organisme, les trach\u00e9es. Elles sont en relation avec l&rsquo;air environnant gr\u00e2ce \u00e0 des orifices, les stigmates. Localement elles portent des renflements appel\u00e9s sacs a\u00e9riens. <\/p>\n<p>L&rsquo;appareil respiratoire trach\u00e9en est issu d&rsquo;une invagination de l&rsquo;ectoderme et sa lumi\u00e8re est bord\u00e9e d&rsquo;une fine cuticule. Il contient de l&rsquo;air, dont le dioxyg\u00e8ne est renouvel\u00e9 lorque les stigmates sont ouverts. Des mouvements des muscles abdominaux y contribuent parfois.<\/p>\n<p>Les sacs a\u00e9riens remplis d&rsquo;air permettent de diminuer la densit\u00e9 de l&rsquo;organisme, favorisant ainsi la sustentation.<\/p>\n<figure id=\"d0e9124\"\nclass=\"img\"\ntitle=\"Figure\u00a011.\u00a0 Muscle dorsoventral de thorax de Grillon en coupe longitudinale (Collection de l'ENS de Lyon)\"><\/p>\n<div class=\"figure\">\n<figure style=\"width: 300px\" class=\"wp-caption alignnone\"><a rel=\"lightbox\" href=\"\/documents\/images\/PetitesQuestionsDePhysiologie\/2019\/media\/images\/22_figure_11.jpg\"><img decoding=\"async\" src=\"\/documents\/images\/PetitesQuestionsDePhysiologie\/2019\/media\/images\/22_figure_11.jpg\" width=\"300\" \" alt=\"Muscle dorsoventral de thorax de Grillon en coupe longitudinale (Collection de l'ENS de Lyon)\" class=\"size-medium\" \/><figcaption class=\"wp-caption-text\">Figure\u00a011.\u00a0 Muscle dorsoventral de thorax de Grillon en coupe longitudinale (Collection de l&rsquo;ENS de Lyon)  <\/a><\/figcaption><\/figure>\n<\/div>\n<div class=\"copyright\">\n<p>Copyright : 2019 &#8211; Sandrine Heusser<\/p>\n<\/div>\n<div class=\"legalnotice\" title=\"Note L\u00e9gale\">\n<p> Cette illustration est mise \u00e0 disposition selon les termes de la Licence Creative Commons Attribution &#8211; Pas d&rsquo;Utilisation Commerciale &#8211; Partage dans les m\u00eames conditions 4.0 International.<span class=\"inlinemediaobject\"><br \/>\n<img decoding=\"async\" class=\"ccimage\" src=\"\/documents\/images\/PetitesQuestionsDePhysiologie\/2019\/media\/images\/00_licence.png\" width=\"50\"\/> <\/span> <\/p>\n<\/div>\n<\/figure>\n<p><\/p>\n<p>Les ultimes ramifications des trach\u00e9es, les trach\u00e9oles, sont situ\u00e9es dans les organes et courent \u00e0 proximit\u00e9 des cellules. Elles apportent le dioxyg\u00e8ne qui diffuse directement vers les cellules consommatrices. <\/p>\n<p>Les d\u00e9chets du m\u00e9tabolisme sont pour leur part pris en charge par l&rsquo;h\u00e9molymphe puis trait\u00e9s par les tubes de Malpighi, organes excr\u00e9teurs.<\/p>\n<p>Ainsi, le vol mobilise les appareils digestif, respiratoire et excr\u00e9teur, approvisionnant la musculature en nutriments, \u00e9nergie et dioxg\u00e8ne, et prenant en charge les d\u00e9chets produits.<\/p>\n<p>Les param\u00e8tres du vol comme l&rsquo;orientation et la position des ailes sont par ailleurs d\u00e9termin\u00e9s en fonction d&rsquo;informations provenant de l&rsquo;environnement et des acteurs du vol. <\/p>\n<\/section>\n<section class=\"sect2\" id=\"d0e9156\">\n<h3 class=\"title\">Le vol des Insectes : une int\u00e9gration avec les fonctions de relation<\/h3>\n<p>La r\u00e9ception d&rsquo;informations provenant de l&rsquo;environnement ou de l&rsquo;organisme, leur traitement, leur int\u00e9gration et l&rsquo;\u00e9laboration de r\u00e9ponses ont pour support anatomique le syst\u00e8me nerveux. Ils rel\u00e8vent des fonctions de relation. <\/p>\n<figure id=\"d0e9161\"\nclass=\"img\"\ntitle=\"Figure\u00a012.\u00a0Sensille d'aile de Criquet en vue dorsale\"><\/p>\n<div class=\"figure\">\n<figure style=\"width: 300px\" class=\"wp-caption alignnone\"><a rel=\"lightbox\" href=\"\/documents\/images\/PetitesQuestionsDePhysiologie\/2019\/media\/images\/22_figure_12.jpg\"><img decoding=\"async\" src=\"\/documents\/images\/PetitesQuestionsDePhysiologie\/2019\/media\/images\/22_figure_12.jpg\" width=\"300\" \" alt=\"Sensille d'aile de Criquet en vue dorsale\" class=\"size-medium\" \/><figcaption class=\"wp-caption-text\">Figure\u00a012.\u00a0Sensille d&rsquo;aile de Criquet en vue dorsale  <\/a><\/figcaption><\/figure>\n<\/div>\n<div class=\"copyright\">\n<p>Copyright : 2019 &#8211; A\u00efmen Belkhiat ; Driss Ben Mouhamed ; James Eav ; Zackaria Mchachti<\/p>\n<\/div>\n<div class=\"legalnotice\" title=\"Note L\u00e9gale\">\n<p> Cette illustration est mise \u00e0 disposition selon les termes de la Licence Creative Commons Attribution &#8211; Pas d&rsquo;Utilisation Commerciale &#8211; Partage dans les m\u00eames conditions 4.0 International.<span class=\"inlinemediaobject\"><br \/>\n<img decoding=\"async\" class=\"ccimage\" src=\"\/documents\/images\/PetitesQuestionsDePhysiologie\/2019\/media\/images\/00_licence.png\" width=\"50\"\/> <\/span> <\/p>\n<\/div>\n<\/figure>\n<p><\/p>\n<p>La surface de l&rsquo;aile du Criquet comme des autres Insectes appara\u00eet h\u00e9riss\u00e9e de petites excroissances coniques. Elles correspondent \u00e0 des sensilles, structures r\u00e9ceptrices superficielles. <\/p>\n<p>En l&rsquo;occurrence, les sensilles des ailes se pr\u00e9sentent comme des expansions de cuticule, les soies, dont la base est associ\u00e9e \u00e0 un groupe de cellules \u00e9pidermiques et une cellule nerveuse.<br \/>\nLorsque la soie est d\u00e9plac\u00e9e en raison d&rsquo;une action m\u00e9canique, la cellule nerveuse produit un influx nerveux.<br \/>\nLes soies sont des m\u00e9canor\u00e9cepteurs sensibles au d\u00e9placement de l&rsquo;air, en particulier au vent. <\/p>\n<p>De telles sensilles sont \u00e9galement distribu\u00e9es sur la t\u00eate et le thorax. Elles renseignent l\u2019organisme sur sa vitesse, sa direction et sa position pendant le vol. Les informations qu&rsquo;elles apportent sont trait\u00e9es par le syst\u00e8me nerveux.<\/p>\n<figure id=\"d0e9197\"\nclass=\"img\"\ntitle=\"\"><\/p>\n<div class=\"figure\">\n<figure style=\"width: 300px\" class=\"wp-caption alignnone\"><a rel=\"lightbox\" href=\"\/documents\/images\/PetitesQuestionsDePhysiologie\/2019\/media\/images\/22_figure_13.jpg\"><img decoding=\"async\" src=\"\/documents\/images\/PetitesQuestionsDePhysiologie\/2019\/media\/images\/22_figure_13.jpg\" width=\"300\" \" alt=\"Halt\u00e8re de Mouche en vue lat\u00e9rale\" class=\"size-medium\" \/><figcaption class=\"wp-caption-text\">Figure\u00a013.\u00a0Halt\u00e8re de Mouche en vue lat\u00e9rale  <\/a><\/figcaption><\/figure>\n<\/div>\n<div class=\"copyright\">\n<p>Copyright : 2019 &#8211; A\u00efmen Belkhiat ; Driss Ben Mouhamed ; James Eav ; Zackaria Mchachti<\/p>\n<\/div>\n<div class=\"legalnotice\" title=\"Note L\u00e9gale\">\n<p> Cette illustration est mise \u00e0 disposition selon les termes de la Licence Creative Commons Attribution &#8211; Pas d&rsquo;Utilisation Commerciale &#8211; Partage dans les m\u00eames conditions 4.0 International.<span class=\"inlinemediaobject\"><br \/>\n<img decoding=\"async\" class=\"ccimage\" src=\"\/documents\/images\/PetitesQuestionsDePhysiologie\/2019\/media\/images\/00_licence.png\" width=\"50\"\/> <\/span> <\/p>\n<\/div>\n<\/figure>\n<p><\/p>\n<p>Les ailes m\u00e9tathoraciques des Mouches et des autres Dipt\u00e8res sont transform\u00e9es en halt\u00e8res ou balanciers, constitu\u00e9es d&rsquo;une tige portant \u00e0 son extr\u00e9mit\u00e9 une sph\u00e8re.<br \/>\nElles se comportent comme des gyroscopes : leur axe conserve la m\u00eame direction malgr\u00e9 les changements de direction de l&rsquo;organisme.<br \/>\nDes sensilles m\u00e9canor\u00e9ceptrices en forme de cupules d\u00e9tectent les forces exerc\u00e9es sur les halt\u00e8res et renseignent l&rsquo;organisme sur sa direction.<\/p>\n<p>Ainsi de multiples sensilles m\u00e9canor\u00e9ceptrices, distribu\u00e9es sur les ailes comme sur les segments corporels, apportent des informations relatives aux param\u00e8tres du vol, comme la vitesse, l&rsquo;intensit\u00e9 et la direction du vent, la d\u00e9formation de la cuticule.<\/p>\n<p>Par ailleurs, les informations visuelles donnent acc\u00e8s \u00e0 la position du corps par rapport \u00e0 l&rsquo;horizon mais \u00e9galement \u00e0 l&rsquo;altitude et \u00e0 la vitesse parfois.<\/p>\n<p>Le traitement des informations est r\u00e9alis\u00e9 par le syst\u00e8me nerveux, localement pour des r\u00e9actions rapides et par les centres nerveux pour des r\u00e9actions int\u00e9gr\u00e9es avec un d\u00e9lai plus important.<\/p>\n<p>La cible du vol est quant \u00e0 elle fr\u00e9quemment indentifi\u00e9e par des r\u00e9cepteurs visuels ou des chimior\u00e9cepteurs, sous forme d&rsquo;image ou d&rsquo;odeur. <\/p>\n<\/section>\n<p> &nbsp; <\/p>\n<footer>\n<hr \/>\n<table style=\"width: 100%; \">\n<tr>\n<td style=\"width: 40%; text-align: left; \">\n<a href=\"\/codex\/petites-questions-de-physiologie\/petites-questions-de-physiologie-animale-2019-ouvrage\/le-vol-des-insectes-une-musculature-a-lorigine-des-forces\" title=\"Le vol des Insectes : une musculature \u00e0 l\u2019origine des forces\">Pr\u00e9c\u00e9dent<\/a>\u00a0<\/td>\n<td style=\"width: 20%; text-align: center; \">\n<a href=\"\/codex\/petites-questions-de-physiologie\/petites-questions-de-physiologie-animale-2019-ouvrage\/le-vol-a-partir-de-lexemple-des-insectes-introduction\" title=\"Le vol \u00e0 partir de l\u2019exemple des Insectes : introduction\">Niveau sup\u00e9rieur<\/a>\n<\/td>\n<td style=\"width: 40%; text-align: right; \">\u00a0<a href=\"\/codex\/petites-questions-de-physiologie\/petites-questions-de-physiologie-animale-2019-ouvrage\/le-vol-a-partir-de-lexemple-des-insectes-conclusion\" title=\"Le vol \u00e0 partir de l\u2019exemple des Insectes : conclusion\">Suivant<\/a>\n<\/td>\n<\/tr>\n<tr>\n<td style=\"width: 40%; text-align: left; vertical-align: top; \">Le vol des Insectes : une musculature \u00e0 l\u2019origine des forces\u00a0<\/td>\n<td style=\"width: 20%; text-align: center; \">\n<a href=\"\/codex\/petites-questions-de-physiologie\/petites-questions-de-physiologie-animale-2019-ouvrage\" title=\"Petites questions de physiologie animale 2019 : ouvrage\">Sommaire<\/a>\n<\/td>\n<td style=\"width: 40%; text-align: right; vertical-align: top; \">\u00a0Conclusion<\/td>\n<\/tr>\n<\/table>\n<\/footer>\n","protected":false},"excerpt":{"rendered":"<p>Le vol des Insectes : un mode de locomotion int\u00e9gr\u00e9 Pr\u00e9c\u00e9dent\u00a0 Le vol \u00e0 partir de l\u2019exemple des Insectes \u00a0Suivant &nbsp; Les Insectes, et plus g\u00e9n\u00e9ralement les animaux, puisent dans leur environnement les mol\u00e9cules indispensables \u00e0 leur m\u00e9tabolisme, mol\u00e9cules organiques et dioxyg\u00e8ne notamment, et y rejettent les d\u00e9chets qu&rsquo;il produit, dioxyde de carbone et mol\u00e9cules [&hellip;]<\/p>\n","protected":false},"author":2,"featured_media":0,"parent":13169,"menu_order":58,"comment_status":"closed","ping_status":"closed","template":"","meta":{"site-sidebar-layout":"default","site-content-layout":"","ast-site-content-layout":"default","site-content-style":"default","site-sidebar-style":"default","ast-global-header-display":"","ast-banner-title-visibility":"","ast-main-header-display":"","ast-hfb-above-header-display":"","ast-hfb-below-header-display":"","ast-hfb-mobile-header-display":"","site-post-title":"","ast-breadcrumbs-content":"","ast-featured-img":"","footer-sml-layout":"","ast-disable-related-posts":"","theme-transparent-header-meta":"","adv-header-id-meta":"","stick-header-meta":"","header-above-stick-meta":"","header-main-stick-meta":"","header-below-stick-meta":"","astra-migrate-meta-layouts":"default","ast-page-background-enabled":"default","ast-page-background-meta":{"desktop":{"background-color":"var(--ast-global-color-4)","background-image":"","background-repeat":"repeat","background-position":"center center","background-size":"auto","background-attachment":"scroll","background-type":"","background-media":"","overlay-type":"","overlay-color":"","overlay-opacity":"","overlay-gradient":""},"tablet":{"background-color":"","background-image":"","background-repeat":"repeat","background-position":"center center","background-size":"auto","background-attachment":"scroll","background-type":"","background-media":"","overlay-type":"","overlay-color":"","overlay-opacity":"","overlay-gradient":""},"mobile":{"background-color":"","background-image":"","background-repeat":"repeat","background-position":"center center","background-size":"auto","background-attachment":"scroll","background-type":"","background-media":"","overlay-type":"","overlay-color":"","overlay-opacity":"","overlay-gradient":""}},"ast-content-background-meta":{"desktop":{"background-color":"var(--ast-global-color-5)","background-image":"","background-repeat":"repeat","background-position":"center center","background-size":"auto","background-attachment":"scroll","background-type":"","background-media":"","overlay-type":"","overlay-color":"","overlay-opacity":"","overlay-gradient":""},"tablet":{"background-color":"var(--ast-global-color-5)","background-image":"","background-repeat":"repeat","background-position":"center center","background-size":"auto","background-attachment":"scroll","background-type":"","background-media":"","overlay-type":"","overlay-color":"","overlay-opacity":"","overlay-gradient":""},"mobile":{"background-color":"var(--ast-global-color-5)","background-image":"","background-repeat":"repeat","background-position":"center center","background-size":"auto","background-attachment":"scroll","background-type":"","background-media":"","overlay-type":"","overlay-color":"","overlay-opacity":"","overlay-gradient":""}},"footnotes":""},"class_list":["post-13956","page","type-page","status-publish","hentry"],"aioseo_notices":[],"jetpack_sharing_enabled":true,"_links":{"self":[{"href":"https:\/\/codexvirtualis.fr\/codex\/wp-json\/wp\/v2\/pages\/13956","targetHints":{"allow":["GET"]}}],"collection":[{"href":"https:\/\/codexvirtualis.fr\/codex\/wp-json\/wp\/v2\/pages"}],"about":[{"href":"https:\/\/codexvirtualis.fr\/codex\/wp-json\/wp\/v2\/types\/page"}],"author":[{"embeddable":true,"href":"https:\/\/codexvirtualis.fr\/codex\/wp-json\/wp\/v2\/users\/2"}],"replies":[{"embeddable":true,"href":"https:\/\/codexvirtualis.fr\/codex\/wp-json\/wp\/v2\/comments?post=13956"}],"version-history":[{"count":4,"href":"https:\/\/codexvirtualis.fr\/codex\/wp-json\/wp\/v2\/pages\/13956\/revisions"}],"predecessor-version":[{"id":14060,"href":"https:\/\/codexvirtualis.fr\/codex\/wp-json\/wp\/v2\/pages\/13956\/revisions\/14060"}],"up":[{"embeddable":true,"href":"https:\/\/codexvirtualis.fr\/codex\/wp-json\/wp\/v2\/pages\/13169"}],"wp:attachment":[{"href":"https:\/\/codexvirtualis.fr\/codex\/wp-json\/wp\/v2\/media?parent=13956"}],"curies":[{"name":"wp","href":"https:\/\/api.w.org\/{rel}","templated":true}]}}