{"id":13882,"date":"2021-07-27T17:18:54","date_gmt":"2021-07-27T15:18:54","guid":{"rendered":"https:\/\/codexvirtualis.fr\/codex\/?page_id=13882"},"modified":"2021-08-03T14:12:29","modified_gmt":"2021-08-03T12:12:29","slug":"posseder-un-squelette-externe-ou-un-squelette-interne-a-partir-des-exemples-des-euarthropodes-et-des-vertebres-introduction","status":"publish","type":"page","link":"https:\/\/codexvirtualis.fr\/codex\/petites-questions-de-physiologie\/petites-questions-de-physiologie-animale-2019-ouvrage\/posseder-un-squelette-externe-ou-un-squelette-interne-a-partir-des-exemples-des-euarthropodes-et-des-vertebres-introduction","title":{"rendered":"Poss\u00e9der un squelette externe ou un squelette interne \u00e0 partir des exemples des Euarthropodes et des Vert\u00e9br\u00e9s : introduction"},"content":{"rendered":"<header>\n<table style=\"width: 100%; \">\n<tr>\n<th style=\"text-align: center; \" colspan=\"3\">Poss\u00e9der un squelette externe ou un squelette interne \u00e0 partir des exemples des Euarthropodes et des Vert\u00e9br\u00e9s<\/th>\n<\/tr>\n<tr>\n<td style=\"width: 20%; text-align: left; \">\n<a href=\"\/codex\/petites-questions-de-physiologie\/petites-questions-de-physiologie-animale-2019-ouvrage\/le-probleme-de-leau-et-des-ions-chez-les-teleosteens-bibliographie-et-sitographie\" title=\"Le probl\u00e8me de l\u2019eau et des ions chez les T\u00e9l\u00e9ost\u00e9ens : bibliographie et sitographie\">Pr\u00e9c\u00e9dent<\/a><\/td>\n<th style=\"width: 60%; text-align: center; \">\u00a0<\/th>\n<td style=\"width: 20%; text-align: right; \"><a href=\"\/codex\/petites-questions-de-physiologie\/petites-questions-de-physiologie-animale-2019-ouvrage\/posseder-un-squelette-externe-ou-interne-des-structures-de-soutien-et-de-protection\" title=\"Poss\u00e9der un squelette externe ou interne : des structures de soutien et de protection\">Suivant<\/a>\n<\/td>\n<\/tr>\n<\/table>\n<hr \/>\n<\/header>\n<section class=\"article\" id=\"d0e7779\">\n<p><class=\"author\"><br \/>\n<span class=\"firstname\">Amina<\/span> <span class=\"surname\">Abdou Madi<\/span><br \/>\n<code class=\"email\">&lt;<a class=\"email\" href=\"mailto:amina.abdoumadi@etu.univ-st-etienne.fr\">amina.abdoumadi@etu.univ-st-etienne.fr<\/a>&gt;<\/code><\/p>\n<p><class=\"author\"><br \/>\n<span class=\"firstname\">Fostine<\/span> <span class=\"surname\">Chaise<\/span><br \/>\n<code class=\"email\">&lt;<a class=\"email\" href=\"mailto:fostine.chaise@etu.univ-st-etienne.fr\">fostine.chaise@etu.univ-st-etienne.fr<\/a>&gt;<\/code><\/p>\n<p><class=\"author\"><br \/>\n<span class=\"firstname\">Lauriane<\/span> <span class=\"surname\">Linossier<\/span><br \/>\n<code class=\"email\">&lt;<a class=\"email\" href=\"mailto:lauriane.linossier@etu.univ-st-etienne.fr\">lauriane.linossier@etu.univ-st-etienne.fr<\/a>&gt;<\/code>   <\/p>\n<hr \/>\n<p> &nbsp; <\/p>\n<h3>Table des mati\u00e8res<\/h3>\n<ul class=\"toc\">\n<li><span class=\"sect1\"><a href=\"\/codex\/petites-questions-de-physiologie\/petites-questions-de-physiologie-animale-2019-ouvrage\/posseder-un-squelette-externe-ou-un-squelette-interne-a-partir-des-exemples-des-euarthropodes-et-des-vertebres-introduction#d0e7817\" title=\"Poss\u00e9der un squelette externe ou un squelette interne \u00e0 partir des exemples des Euarthropodes et des Vert\u00e9br\u00e9s : introduction\">Introduction<\/a><\/span>\n<\/li>\n<li><span class=\"sect1\"><a href=\"\/codex\/petites-questions-de-physiologie\/petites-questions-de-physiologie-animale-2019-ouvrage\/posseder-un-squelette-externe-ou-interne-des-structures-de-soutien-et-de-protection\" title=\"Poss\u00e9der un squelette externe ou interne : des structures de soutien et de protection\">Poss\u00e9der un squelette externe ou interne : des structures de soutien et de protection<\/a><\/span>\n<ul>\n<li><span class=\"sect2\"><a href=\"\/codex\/petites-questions-de-physiologie\/petites-questions-de-physiologie-animale-2019-ouvrage\/posseder-un-squelette-externe-ou-interne-des-structures-de-soutien-et-de-protection#d0e7843\" title=\"La cuticule : un exosquelette form\u00e9 de pi\u00e8ces rigides, chitineuses et prot\u00e9iques\">La cuticule : un exosquelette form\u00e9 de pi\u00e8ces rigides, chitineuses et prot\u00e9iques<\/a><\/span>\n<\/li>\n<li><span class=\"sect2\"><a href=\"\/codex\/petites-questions-de-physiologie\/petites-questions-de-physiologie-animale-2019-ouvrage\/posseder-un-squelette-externe-ou-interne-des-structures-de-soutien-et-de-protection#d0e7944\" title=\"Les os : un endosquelette form\u00e9 de pi\u00e8ces rigides, prot\u00e9iques et calcifi\u00e9es\">Les os : un endosquelette form\u00e9 de pi\u00e8ces rigides, prot\u00e9iques et calcifi\u00e9es<\/a><\/span>\n<\/li>\n<\/ul>\n<\/li>\n<li><span class=\"sect1\"><a href=\"\/codex\/petites-questions-de-physiologie\/petites-questions-de-physiologie-animale-2019-ouvrage\/posseder-un-squelette-externe-ou-interne-des-pieces-articulees-permettant-la-mobilite\" title=\"Poss\u00e9der un squelette externe ou interne : des pi\u00e8ces articul\u00e9es permettant la mobilit\u00e9\">Poss\u00e9der un squelette externe ou interne : des pi\u00e8ces articul\u00e9es permettant la mobilit\u00e9<\/a><\/span>\n<ul>\n<li><span class=\"sect2\"><a href=\"\/codex\/petites-questions-de-physiologie\/petites-questions-de-physiologie-animale-2019-ouvrage\/posseder-un-squelette-externe-ou-interne-des-pieces-articulees-permettant-la-mobilite#d0e8110\" title=\"La cuticule : un exosquelette articul\u00e9\">La cuticule : un exosquelette articul\u00e9<\/a><\/span>\n<\/li>\n<li><span class=\"sect2\"><a href=\"\/codex\/petites-questions-de-physiologie\/petites-questions-de-physiologie-animale-2019-ouvrage\/posseder-un-squelette-externe-ou-interne-des-pieces-articulees-permettant-la-mobilite#d0e8187\" title=\"Les os : un endosquelette articul\u00e9\">Les os : un endosquelette articul\u00e9<\/a><\/span>\n<\/li>\n<\/ul>\n<\/li>\n<li><span class=\"sect1\"><a href=\"\/codex\/petites-questions-de-physiologie\/petites-questions-de-physiologie-animale-2019-ouvrage\/posseder-un-squelette-externe-ou-interne-realiser-une-croissance-discontinue-ou-continue\" title=\"Poss\u00e9der un squelette externe ou interne : r\u00e9aliser une croissance discontinue ou continue\">Poss\u00e9der un squelette externe ou interne : r\u00e9aliser une croissance discontinue ou continue<\/a><\/span>\n<ul>\n<li><span class=\"sect2\"><a href=\"\/codex\/petites-questions-de-physiologie\/petites-questions-de-physiologie-animale-2019-ouvrage\/posseder-un-squelette-externe-ou-interne-realiser-une-croissance-discontinue-ou-continue#d0e8245\" title=\"La cuticule : un exosquelette \u00e0 l'origine d'une croissance discontinue\">La cuticule : un exosquelette \u00e0 l&rsquo;origine d&rsquo;une croissance discontinue<\/a><\/span>\n<\/li>\n<li>\n<span class=\"sect2\"><a href=\"\/codex\/petites-questions-de-physiologie\/petites-questions-de-physiologie-animale-2019-ouvrage\/posseder-un-squelette-externe-ou-interne-realiser-une-croissance-discontinue-ou-continue#d0e8342\" title=\"Les os : un endosquelette \u00e0 l'origine d'une croissance continue\">Les os : un endosquelette \u00e0 l&rsquo;origine d&rsquo;une croissance continue<\/a><\/span>\n<\/li>\n<\/ul>\n<\/li>\n<li><span class=\"sect1\"><a href=\"\/codex\/petites-questions-de-physiologie\/petites-questions-de-physiologie-animale-2019-ouvrage\/posseder-un-squelette-externe-ou-un-squelette-interne-a-partir-des-exemples-des-euarthropodes-et-des-vertebres-conclusion\" title=\"Poss\u00e9der un squelette externe ou un squelette interne \u00e0 partir des exemples des Euarthropodes et des Vert\u00e9br\u00e9s : conclusion\">Conclusion<\/a><\/span>\n<\/li>\n<li>\n<span class=\"bibliography\"><a href=\"\/codex\/petites-questions-de-physiologie\/petites-questions-de-physiologie-animale-2019-ouvrage\/posseder-un-squelette-externe-ou-un-squelette-interne-a-partir-des-exemples-des-euarthropodes-et-des-vertebres-bibliographie-et-sitographie\" title=\"Poss\u00e9der un squelette externe ou un squelette interne \u00e0 partir des exemples des Euarthropodes et des Vert\u00e9br\u00e9s : bibliographie et sitographie\">Bibliographie et sitographie<\/a><\/span>\n<\/li>\n<\/ul>\n<\/section>\n<p> &nbsp; <\/p>\n<section class=\"sect1\" id=\"d0e7817\">\n<h2 class=\"title\" style=\"clear: both\">Introduction<\/h2>\n<p>Le corps des organismes animaux est majoritairement constitu\u00e9 d&rsquo;eau r\u00e9partie dans des compartiments liquidiens intracellulaire et extracellulaire. Il est \u00e9galement soumis \u00e0 des contraintes externes excerc\u00e9es par l&rsquo;environnement, notamment la force g\u00e9n\u00e9r\u00e9e par la gravit\u00e9.<br \/>\nOr, les organismes animaux poss\u00e8dent une forme d\u00e9finie. Elle est li\u00e9e \u00e0 l\u2019existence d\u2019une structure de soutien rigide, appel\u00e9e squelette, qui s\u2019oppose \u00e0 la tendance \u00e0 l\u2019effondrement du corps. <\/p>\n<p>Parmi les animaux figurent les Euarthropodes et les Vert\u00e9br\u00e9s. <\/p>\n<p>Le groupe des Euarthropodes inclut des animaux dont le corps est constitu\u00e9 de segments se succ\u00e9dant le long de l&rsquo;axe ant\u00e9ropost\u00e9rieur. Il est recouvert d&rsquo;une cuticule form\u00e9e de pi\u00e8ces rigides appel\u00e9es scl\u00e9rites. Elles sont mobiles les unes par rapport aux autres gr\u00e2ce \u00e0 des membranes articulaires souples qui les relient.<br \/>\nChaque segment corporel porte une paire d&rsquo;appendices \u00e9galement recouverts de pi\u00e8ces de cuticule articul\u00e9es, ils sont \u00e0 l&rsquo;origine du nom du groupe.<br \/>\nLe groupe des Euarthropodes est le plus diversifi\u00e9 des groupes animaux en termes de nombre d&rsquo;esp\u00e8ces. Il comprend deux sous-groupes majeurs, distincts notamment par les appendices associ\u00e9s \u00e0 la bouche. Ce sont les Che\u0301lice\u0301riformes comme les Araign\u00e9es, poss\u00e9dant des ch\u00e9lic\u00e8res, et les Mandibulates comme les Crabes et les Criquets, poss\u00e9dant des mandibules.<\/p>\n<p>Le groupe des Vert\u00e9br\u00e9s comprend des animaux dont le corps est form\u00e9 de trois r\u00e9gions, la t\u00eate ant\u00e9rieure, le tronc m\u00e9dian portant deux paires de membres et la queue post\u00e9rieure. Il est soutenu par des os, pi\u00e8ces rigides mobiles les unes par rapport aux autres gr\u00e2ce \u00e0 des articulations.<br \/>\nIls constituent le squelette, qui comporte notamment un axe longitudinal form\u00e9 d&rsquo;une succession de pi\u00e8ces osseuses, les vert\u00e8bres. La colonne vert\u00e9brale qui en r\u00e9sulte est \u00e0 l&rsquo;origine du nom du groupe.<br \/>\nLes Vert\u00e9br\u00e9s incluent des animaux aquatiques dont les Chondrichthyens comme les Requins et les Te\u0301le\u0301oste\u0301ens comme les Gardons, et a\u00e9riens dont les Lissamphibiens comme les Grenouilles, les Crocodiliens avec les Crocodiles, les Che\u0301loniens avec les Tortues, les Le\u0301pidosauriens comme les L\u00e9zards, les Mammife\u0300res comme les Lapins et les Sauropsid\u00e9s comme les Poules.<\/p>\n<p>La cuticule des Euarthropodes, de par sa rigidit\u00e9, joue le r\u00f4le de squelette. Localis\u00e9e \u00e0 l&rsquo;ext\u00e9rieur de l&rsquo;organisme, elle forme un squelette externe, l&rsquo;exosquelette.<br \/>\nL&rsquo;ensemble des os des Vert\u00e9br\u00e9s joue de m\u00eame le r\u00f4le de structure de soutien. Localis\u00e9s \u00e0 l&rsquo;int\u00e9rieur de l&rsquo;organisme, ils constituent un squelette interne, l&rsquo;endosquelette.<\/p>\n<p>\u00c0 partir des exemples de ces deux groupes, quelles sont les caract\u00e9ristiques des exosquelettes et des endosquelettes ?<\/p>\n<p>Quelles sont les cons\u00e9quences de leur pr\u00e9sence et de leurs localisations diff\u00e9rentes ?<\/p>\n<\/section>\n<p> &nbsp; <\/p>\n<footer>\n<hr \/>\n<table style=\"width: 100%; \">\n<tr>\n<td style=\"width: 40%; text-align: left; \">\n<a href=\"\/codex\/petites-questions-de-physiologie\/petites-questions-de-physiologie-animale-2019-ouvrage\/le-probleme-de-leau-et-des-ions-chez-les-teleosteens-bibliographie-et-sitographie\" title=\"Le probl\u00e8me de l\u2019eau et des ions chez les T\u00e9l\u00e9ost\u00e9ens : bibliographie et sitographie\">Pr\u00e9c\u00e9dent<\/a><\/td>\n<td style=\"width: 20%; text-align: center; \">\u00a0<\/td>\n<td style=\"width: 40%; text-align: right; \"><a href=\"\/codex\/petites-questions-de-physiologie\/petites-questions-de-physiologie-animale-2019-ouvrage\/posseder-un-squelette-externe-ou-interne-des-structures-de-soutien-et-de-protection\" title=\"Poss\u00e9der un squelette externe ou interne : des structures de soutien et de protection\">Suivant<\/a>\n<\/td>\n<\/tr>\n<tr>\n<td style=\"width: 40%; text-align: left; vertical-align: top; \">Bibliographie et sitographie\u00a0<\/td>\n<td style=\"width: 20%; text-align: center; \">\n<a href=\"\/codex\/petites-questions-de-physiologie\/petites-questions-de-physiologie-animale-2019-ouvrage\" title=\"Petites questions de physiologie animale 2019 : ouvrage\">Sommaire<\/a>\n<\/td>\n<td style=\"width: 40%; text-align: right; vertical-align: top; \">\u00a0Poss\u00e9der un squelette externe ou interne&nbsp;: des structures de soutien et de protection<\/td>\n<\/tr>\n<\/table>\n<\/footer>\n","protected":false},"excerpt":{"rendered":"<p>Poss\u00e9der un squelette externe ou un squelette interne \u00e0 partir des exemples des Euarthropodes et des Vert\u00e9br\u00e9s Pr\u00e9c\u00e9dent \u00a0 Suivant Amina Abdou Madi &lt;amina.abdoumadi@etu.univ-st-etienne.fr&gt; Fostine Chaise &lt;fostine.chaise@etu.univ-st-etienne.fr&gt; Lauriane Linossier &lt;lauriane.linossier@etu.univ-st-etienne.fr&gt; &nbsp; Table des mati\u00e8res Introduction Poss\u00e9der un squelette externe ou interne : des structures de soutien et de protection La cuticule : un exosquelette form\u00e9 [&hellip;]<\/p>\n","protected":false},"author":2,"featured_media":0,"parent":13169,"menu_order":49,"comment_status":"closed","ping_status":"closed","template":"","meta":{"site-sidebar-layout":"default","site-content-layout":"","ast-site-content-layout":"default","site-content-style":"default","site-sidebar-style":"default","ast-global-header-display":"","ast-banner-title-visibility":"","ast-main-header-display":"","ast-hfb-above-header-display":"","ast-hfb-below-header-display":"","ast-hfb-mobile-header-display":"","site-post-title":"","ast-breadcrumbs-content":"","ast-featured-img":"","footer-sml-layout":"","ast-disable-related-posts":"","theme-transparent-header-meta":"","adv-header-id-meta":"","stick-header-meta":"","header-above-stick-meta":"","header-main-stick-meta":"","header-below-stick-meta":"","astra-migrate-meta-layouts":"default","ast-page-background-enabled":"default","ast-page-background-meta":{"desktop":{"background-color":"var(--ast-global-color-4)","background-image":"","background-repeat":"repeat","background-position":"center center","background-size":"auto","background-attachment":"scroll","background-type":"","background-media":"","overlay-type":"","overlay-color":"","overlay-opacity":"","overlay-gradient":""},"tablet":{"background-color":"","background-image":"","background-repeat":"repeat","background-position":"center center","background-size":"auto","background-attachment":"scroll","background-type":"","background-media":"","overlay-type":"","overlay-color":"","overlay-opacity":"","overlay-gradient":""},"mobile":{"background-color":"","background-image":"","background-repeat":"repeat","background-position":"center center","background-size":"auto","background-attachment":"scroll","background-type":"","background-media":"","overlay-type":"","overlay-color":"","overlay-opacity":"","overlay-gradient":""}},"ast-content-background-meta":{"desktop":{"background-color":"var(--ast-global-color-5)","background-image":"","background-repeat":"repeat","background-position":"center center","background-size":"auto","background-attachment":"scroll","background-type":"","background-media":"","overlay-type":"","overlay-color":"","overlay-opacity":"","overlay-gradient":""},"tablet":{"background-color":"var(--ast-global-color-5)","background-image":"","background-repeat":"repeat","background-position":"center center","background-size":"auto","background-attachment":"scroll","background-type":"","background-media":"","overlay-type":"","overlay-color":"","overlay-opacity":"","overlay-gradient":""},"mobile":{"background-color":"var(--ast-global-color-5)","background-image":"","background-repeat":"repeat","background-position":"center center","background-size":"auto","background-attachment":"scroll","background-type":"","background-media":"","overlay-type":"","overlay-color":"","overlay-opacity":"","overlay-gradient":""}},"footnotes":""},"class_list":["post-13882","page","type-page","status-publish","hentry"],"aioseo_notices":[],"jetpack_sharing_enabled":true,"_links":{"self":[{"href":"https:\/\/codexvirtualis.fr\/codex\/wp-json\/wp\/v2\/pages\/13882","targetHints":{"allow":["GET"]}}],"collection":[{"href":"https:\/\/codexvirtualis.fr\/codex\/wp-json\/wp\/v2\/pages"}],"about":[{"href":"https:\/\/codexvirtualis.fr\/codex\/wp-json\/wp\/v2\/types\/page"}],"author":[{"embeddable":true,"href":"https:\/\/codexvirtualis.fr\/codex\/wp-json\/wp\/v2\/users\/2"}],"replies":[{"embeddable":true,"href":"https:\/\/codexvirtualis.fr\/codex\/wp-json\/wp\/v2\/comments?post=13882"}],"version-history":[{"count":11,"href":"https:\/\/codexvirtualis.fr\/codex\/wp-json\/wp\/v2\/pages\/13882\/revisions"}],"predecessor-version":[{"id":14159,"href":"https:\/\/codexvirtualis.fr\/codex\/wp-json\/wp\/v2\/pages\/13882\/revisions\/14159"}],"up":[{"embeddable":true,"href":"https:\/\/codexvirtualis.fr\/codex\/wp-json\/wp\/v2\/pages\/13169"}],"wp:attachment":[{"href":"https:\/\/codexvirtualis.fr\/codex\/wp-json\/wp\/v2\/media?parent=13882"}],"curies":[{"name":"wp","href":"https:\/\/api.w.org\/{rel}","templated":true}]}}