{"id":13727,"date":"2021-07-18T17:12:25","date_gmt":"2021-07-18T15:12:25","guid":{"rendered":"https:\/\/codexvirtualis.fr\/codex\/?page_id=13727"},"modified":"2021-07-31T17:53:43","modified_gmt":"2021-07-31T15:53:43","slug":"la-diversite-et-lunite-des-appareils-branchiaux-des-vertebres-introduction","status":"publish","type":"page","link":"https:\/\/codexvirtualis.fr\/codex\/petites-questions-de-physiologie\/petites-questions-de-physiologie-animale-2019-ouvrage\/la-diversite-et-lunite-des-appareils-branchiaux-des-vertebres-introduction","title":{"rendered":"La diversit\u00e9 et l&rsquo;unit\u00e9 des appareils branchiaux des Vert\u00e9br\u00e9s&nbsp;: introduction"},"content":{"rendered":"<header>\n<table style=\"width: 100%; \">\n<tr>\n<th style=\"text-align: center; \" colspan=\"3\">La diversit\u00e9 et l&rsquo;unit\u00e9 des appareils branchiaux des Vert\u00e9br\u00e9s<\/th>\n<\/tr>\n<tr>\n<td style=\"width: 20%; text-align: left; \">\n<a href=\"\/codex\/petites-questions-de-physiologie\/petites-questions-de-physiologie-animale-2019-ouvrage\/les-echanges-gazeux-respiratoires-des-euarthropodes-bibliographie-et-sitographie\" title=\"Les \u00e9changes gazeux respiratoires des Euarthropodes\u00a0: bibliographie et sitographie\">Pr\u00e9c\u00e9dent<\/a><\/td>\n<th style=\"width: 60%; text-align: center; \">\u00a0<\/th>\n<td style=\"width: 20%; text-align: right; \"><a href=\"\/codex\/petites-questions-de-physiologie\/petites-questions-de-physiologie-animale-2019-ouvrage\/les-appareils-branchiaux-des-vertebres-diversite-et-unite-de-la-realisation-des-echanges-gazeux-respiratoires\" title=\"Les appareils branchiaux des Vert\u00e9br\u00e9s\u00a0: diversit\u00e9 et unit\u00e9 de la r\u00e9alisation des \u00e9changes gazeux respiratoires\">Suivant<\/a>\n<\/td>\n<\/tr>\n<\/table>\n<hr \/>\n<\/header>\n<section class=\"article\" id=\"d0e5442\">\n<h2 class=\"title\">La diversit\u00e9 et l&rsquo;unit\u00e9 des appareils branchiaux des Vert\u00e9br\u00e9s<\/h2>\n<p><class=\"author\"><br \/>\n<span class=\"firstname\">Isma\u00ebl<\/span> <span class=\"surname\">Bamana<\/span><br \/>\n<code class=\"email\">&lt;<a class=\"email\" href=\"mailto:ismael.bamana@etu.univ-st-etienne.fr\">ismael.bamana@etu.univ-st-etienne.fr<\/a>&gt;<\/code><\/p>\n<p><class=\"author\"><br \/>\n<span class=\"firstname\">Perrine<\/span> <span class=\"surname\">Giunchi<\/span><br \/>\n<code class=\"email\">&lt;<a class=\"email\" href=\"mailto:perrine.giunchi@etu.univ-st-etienne.fr\">perrine.giunchi@etu.univ-st-etienne.fr<\/a>&gt;<\/code><\/p>\n<p><class=\"author\"><br \/>\n<span class=\"firstname\">Pierre<\/span> <span class=\"surname\">Hirt<\/span><br \/>\n<code class=\"email\">&lt;<a class=\"email\" href=\"mailto:pierre.hirt@etu.univ-st-etienne.fr\">pierre.hirt@etu.univ-st-etienne.fr<\/a>&gt;<\/code><\/p>\n<p><class=\"author\"><br \/>\n<span class=\"firstname\">Johanna<\/span> <span class=\"surname\">Ribes<\/span><br \/>\n<code class=\"email\">&lt;<a class=\"email\" href=\"mailto:johanna.ribes@etu.univ-st-etienne.fr\">johanna.ribes@etu.univ-st-etienne.fr<\/a>&gt;<\/code><\/p>\n<hr \/>\n<p> &nbsp; <\/p>\n<h3>Table des mati\u00e8res<\/h3>\n<ul class=\"toc\">\n<li><span class=\"sect1\"><a href=\"\/codex\/petites-questions-de-physiologie\/petites-questions-de-physiologie-animale-2019-ouvrage\/la-diversite-et-lunite-des-appareils-branchiaux-des-vertebres-introduction#d0e5491\" title=\"La diversit\u00e9 et l'unit\u00e9 des appareils branchiaux des Vert\u00e9br\u00e9s : introduction\">Introduction<\/a><\/span>\n<\/li>\n<li><span class=\"sect1\"><a href=\"\/codex\/petites-questions-de-physiologie\/petites-questions-de-physiologie-animale-2019-ouvrage\/les-appareils-branchiaux-des-vertebres-diversite-et-unite-de-la-realisation-des-echanges-gazeux-respiratoires\" title=\"Les appareils branchiaux des Vert\u00e9br\u00e9s\u00a0: diversit\u00e9 et unit\u00e9 de la r\u00e9alisation des \u00e9changes gazeux respiratoires\">Les appareils branchiaux des Vert\u00e9br\u00e9s : diversit\u00e9 et unit\u00e9 de la r\u00e9alisation des \u00e9changes gazeux respiratoires<\/a><\/span>\n<ul>\n<li><span class=\"sect2\"><a href=\"\/codex\/petites-questions-de-physiologie\/petites-questions-de-physiologie-animale-2019-ouvrage\/les-appareils-branchiaux-des-vertebres-diversite-et-unite-de-la-realisation-des-echanges-gazeux-respiratoires#d0e5519\" title=\"Les appareils branchiaux des Vert\u00e9br\u00e9s : des localisations et organisations diverses\">Les appareils branchiaux des Vert\u00e9br\u00e9s : des localisations et organisations diverses<\/a><\/span>\n<\/li>\n<li><span class=\"sect2\"><a href=\"\/codex\/petites-questions-de-physiologie\/petites-questions-de-physiologie-animale-2019-ouvrage\/les-appareils-branchiaux-des-vertebres-diversite-et-unite-de-la-realisation-des-echanges-gazeux-respiratoires#d0e5720\" title=\"Les appareils branchiaux des Vert\u00e9br\u00e9s : des \u00e9changeurs de grande surface, peu \u00e9pais et irrigu\u00e9s\"> Les appareils branchiaux des Vert\u00e9br\u00e9s : des \u00e9changeurs de grande surface, peu \u00e9pais et irrigu\u00e9s<\/a><\/span>\n<\/li>\n<\/ul>\n<\/li>\n<li><span class=\"sect1\"><a href=\"\/codex\/petites-questions-de-physiologie\/petites-questions-de-physiologie-animale-2019-ouvrage\/les-appareils-branchiaux-des-vertebres-diversite-et-unite-des-convections-des-milieux-interieur-et-exterieur\" title=\"Les appareils branchiaux des Vert\u00e9br\u00e9s\u00a0: diversit\u00e9 et unit\u00e9 des convections des milieux int\u00e9rieur et ext\u00e9rieur\">Les appareils branchiaux des Vert\u00e9br\u00e9s : diversit\u00e9 et unit\u00e9 des convections des milieux int\u00e9rieur et ext\u00e9rieur<\/a><\/span>\n<ul>\n<li><span class=\"sect2\"><a href=\"\/codex\/petites-questions-de-physiologie\/petites-questions-de-physiologie-animale-2019-ouvrage\/les-appareils-branchiaux-des-vertebres-diversite-et-unite-des-convections-des-milieux-interieur-et-exterieur#d0e5891\" title=\"Une irrigation sanguine\">Une irrigation sanguine<\/a><\/span>\n<\/li>\n<li><span class=\"sect2\"><a href=\"\/codex\/petites-questions-de-physiologie\/petites-questions-de-physiologie-animale-2019-ouvrage\/les-appareils-branchiaux-des-vertebres-diversite-et-unite-des-convections-des-milieux-interieur-et-exterieur#d0e5906\" title=\"Une circulation d'eau unidirectionnelle\">Une circulation d&rsquo;eau unidirectionnelle<\/a><\/span>\n<\/li>\n<li><span class=\"sect2\"><a href=\"\/codex\/petites-questions-de-physiologie\/petites-questions-de-physiologie-animale-2019-ouvrage\/les-appareils-branchiaux-des-vertebres-diversite-et-unite-des-convections-des-milieux-interieur-et-exterieur#d0e6128\" title=\"Une ventilation sans direction privil\u00e9gi\u00e9e ou bidirectionnelle\">Une ventilation sans direction privil\u00e9gi\u00e9e ou bidirectionnelle<\/a><\/span>\n<\/li>\n<li><span class=\"sect2\"><a href=\"\/codex\/petites-questions-de-physiologie\/petites-questions-de-physiologie-animale-2019-ouvrage\/les-appareils-branchiaux-des-vertebres-diversite-et-unite-des-convections-des-milieux-interieur-et-exterieur#d0e6139\" title=\"Des convections des milieux int\u00e9rieur et ext\u00e9rieur \u00e0 contre-courant\">Des convections des milieux int\u00e9rieur et ext\u00e9rieur \u00e0 contre-courant<\/a><\/span>\n<\/li>\n<\/ul>\n<\/li>\n<li><span class=\"sect1\"><a href=\"\/codex\/petites-questions-de-physiologie\/petites-questions-de-physiologie-animale-2019-ouvrage\/les-appareils-branchiaux-des-vertebres-unite-et-diversite-de-la-contribution-a-lequilibre-hydroelectrolytique\" title=\"Les appareils branchiaux des Vert\u00e9br\u00e9s : unit\u00e9 et diversit\u00e9 de la contribution \u00e0 l\u2019\u00e9quilibre hydro\u00e9lectrolytique\">Les appareils branchiaux des Vert\u00e9br\u00e9s : unit\u00e9 et diversit\u00e9 de la contribution \u00e0 l\u2019\u00e9quilibre hydro\u00e9lectrolytique<\/a><\/span>\n<ul>\n<li><span class=\"sect2\"><a href=\"\/codex\/petites-questions-de-physiologie\/petites-questions-de-physiologie-animale-2019-ouvrage\/les-appareils-branchiaux-des-vertebres-unite-et-diversite-de-la-contribution-a-lequilibre-hydroelectrolytique#d0e6209\" title=\"Les appareils branchiaux des Vert\u00e9br\u00e9s : des flux spontan\u00e9s d\u2019ions et d\u2019eau divers\">Les appareils branchiaux des Vert\u00e9br\u00e9s : des flux spontan\u00e9s d\u2019ions et d\u2019eau divers<\/a><\/span>\n<\/li>\n<li><span class=\"sect2\"><a href=\"\/codex\/petites-questions-de-physiologie\/petites-questions-de-physiologie-animale-2019-ouvrage\/les-appareils-branchiaux-des-vertebres-unite-et-diversite-de-la-contribution-a-lequilibre-hydroelectrolytique#d0e6228\" title=\"Les appareils branchiaux des Vert\u00e9br\u00e9s : une \u00e9limination d'ions chez les esp\u00e8ces hypoosmotiques \u00e0 leur milieu de vie\">Les appareils branchiaux des Vert\u00e9br\u00e9s : une \u00e9limination d&rsquo;ions chez les esp\u00e8ces hypoosmotiques \u00e0 leur milieu de vie<\/a><\/span>\n<\/li>\n<li><span class=\"sect2\"><a href=\"https:\/\/codexvirtualis.fr\/codex\/petites-questions-de-physiologie\/petites-questions-de-physiologie-animale-2019-ouvrage\/les-appareils-branchiaux-des-vertebres-unite-et-diversite-de-la-contribution-a-lequilibre-hydroelectrolytique#d0e6342\" title=\"Les appareils branchiaux des Vert\u00e9br\u00e9s : une absorption d'ions chez les esp\u00e8ces hyperosmotiques \u00e0 leur milieu de vie\">Les appareils branchiaux des Vert\u00e9br\u00e9s : une absorption d&rsquo;ions chez les esp\u00e8ces hyperosmotiques \u00e0 leur milieu de vie<\/a><\/span>\n<\/li>\n<li>\n<span class=\"sect2\"><a href=\"\/codex\/petites-questions-de-physiologie\/petites-questions-de-physiologie-animale-2019-ouvrage\/les-appareils-branchiaux-des-vertebres-unite-et-diversite-de-la-contribution-a-lequilibre-hydroelectrolytique#d0e6460\" title=\"Les appareils branchiaux des Vert\u00e9br\u00e9s : des \u00e9liminations et absorptions d'ions chez les esp\u00e8ces euryhalines\">Les appareils branchiaux des Vert\u00e9br\u00e9s : des \u00e9liminations et absorptions d&rsquo;ions chez les esp\u00e8ces euryhalines<\/a><\/span>\n<\/li>\n<\/ul>\n<\/li>\n<li><span class=\"sect1\"><a href=\"\/codex\/petites-questions-de-physiologie\/petites-questions-de-physiologie-animale-2019-ouvrage\/la-diversite-et-lunite-des-appareils-branchiaux-des-vertebres-conclusion\" title=\"La diversit\u00e9 et l\u2019unit\u00e9 des appareils branchiaux des Vert\u00e9br\u00e9s : conclusion\">Conclusion<\/a><\/span>\n<\/li>\n<li><span class=\"bibliography\"><a href=\"\/codex\/petites-questions-de-physiologie\/petites-questions-de-physiologie-animale-2019-ouvrage\/la-diversite-et-lunite-des-appareils-branchiaux-des-vertebres-bibliographie-et-sitographie\" title=\"La diversit\u00e9 et l\u2019unit\u00e9 des appareils branchiaux des Vert\u00e9br\u00e9s : bibliographie et sitographie\">Bibliographie et sitographie<\/a><\/span>\n<\/li>\n<\/ul>\n<\/section>\n<p> &nbsp; <\/p>\n<section class=\"sect1\" id=\"d0e5491\">\n<h2 class=\"title\" style=\"clear: both\">Introduction<\/h2>\n<p>Les animaux sont des organismes eucaryotes pluricellulaires, h\u00e9t\u00e9rotrophes pour le carbone et g\u00e9n\u00e9ralement mobiles. Ils r\u00e9alisent des \u00e9changes de mati\u00e8re et d&rsquo;\u00e9nergie avec leur milieu de vie.<br \/>\nIls ing\u00e8rent des aliments, pr\u00e9l\u00e8vent du dioxyg\u00e8ne, rejettent du dioxyde de carbone et divers d\u00e9chets du m\u00e9tabolisme. Ces \u00e9changes impliquent g\u00e9n\u00e9ralement des dispositifs anatomiques sp\u00e9cialis\u00e9s, les appareils digestif, respiratoire et excr\u00e9teur, comportant des \u00e9changeurs \u00e0 l&rsquo;interface organisme-milieu.<\/p>\n<p>Les \u00e9changes gazeux, absorption de dioxyg\u00e8ne et rejet de dioxyde de carbone, sont le reflet \u00e0 l&rsquo;\u00e9chelle de l&rsquo;organisme d&rsquo;une voie m\u00e9tabolique majeure des cellules le constituant : la respiration cellulaire.<br \/>\nEnsemble de r\u00e9actions de d\u00e9gradation de mol\u00e9cules organiques, elle consomme du dioxyg\u00e8ne et produit du dioxyde de carbone, tout en lib\u00e9rant de l&rsquo;\u00e9nergie.<\/p>\n<p>Les Vert\u00e9br\u00e9s forment un groupe d&rsquo;animaux dont le corps est constitu\u00e9 d&rsquo;une t\u00eate ant\u00e9rieure, d&rsquo;un tronc portant deux paires de membres et d&rsquo;une queue post\u00e9rieure.<br \/>\nTous poss\u00e8dent un squelette interne, de nature cartilagineuse ou osseuse. Il est divis\u00e9 en squelette c\u00e9phalique, situ\u00e9 dans la t\u00eate, squelette axial longitudinal soutenant le tronc et la queue, squelette appendiculaire localis\u00e9 dans les membres, et squelette zonal, reliant les membres au tronc. Le squelette axial est repr\u00e9sent\u00e9 par une colonne vert\u00e9brale form\u00e9e d&rsquo;unit\u00e9s r\u00e9p\u00e9t\u00e9es le long de l&rsquo;axe ant\u00e9ropost\u00e9rieur, les vert\u00e8bres, \u00e0 l&rsquo;origine du nom du groupe.<\/p>\n<p>Les Vert\u00e9br\u00e9s \u00e9voluent en milieu aquatique comme en milieu a\u00e9rien. Selon leur milieu de vie, ils r\u00e9alisent leurs \u00e9changes de gaz respiratoires avec l&rsquo;eau ou avec l&rsquo;air.<br \/>\nLe pr\u00e9l\u00e8vement du dioxyg\u00e8ne et le rejet du dioxyde de carbone sont influenc\u00e9s par les caract\u00e9ristiques chimiques et physiques du milieu de vie. \u00c0 cet \u00e9gard, le milieu aquatique est relativement pauvre en dioxyg\u00e8ne, de ce fait le pr\u00e9l\u00e8vement d&rsquo;une quantit\u00e9 de dioxyg\u00e8ne donn\u00e9e requiert le traitement d&rsquo;un volume d\u2019eau important. Il est \u00e9galement tr\u00e8s visqueux, sa mise en mouvement par les organismes est en cons\u00e9quence co\u00fbteuse en \u00e9nergie. Sa densit\u00e9 \u00e9lev\u00e9e, proche de celle des tissus animaux, est \u00e0 l&rsquo;origine d&rsquo;une forte pouss\u00e9e d\u2019Archim\u00e8de qui le rend porteur. <\/p>\n<p>L&rsquo;appareil respiratoire des Vert\u00e9br\u00e9s aquatiques est repr\u00e9sent\u00e9 par des organes appel\u00e9s branchies.<\/p>\n<p>Comment les appareils branchiaux des Vert\u00e9br\u00e9s sont-ils organis\u00e9s ?<\/p>\n<p>Comment les \u00e9changes de gaz respiratoires branchiaux sont-ils r\u00e9alis\u00e9s ?<\/p>\n<p>Existe-t-il des diff\u00e9rences et des points communs entre les appareils branchiaux des divers Vert\u00e9br\u00e9s aquatiques ?<\/p>\n<\/section>\n<p> &nbsp; <\/p>\n<footer>\n<hr \/>\n<table style=\"width: 100%; \">\n<tr>\n<td style=\"width: 40%; text-align: left; \">\n<a href=\"\/codex\/petites-questions-de-physiologie\/petites-questions-de-physiologie-animale-2019-ouvrage\/les-echanges-gazeux-respiratoires-des-euarthropodes-bibliographie-et-sitographie\" title=\"Les \u00e9changes gazeux respiratoires des Euarthropodes\u00a0: bibliographie et sitographie\">Pr\u00e9c\u00e9dent<\/a><\/td>\n<td style=\"width: 20%; text-align: center; \">\u00a0<\/td>\n<td style=\"width: 40%; text-align: right; \"><a href=\"\/codex\/petites-questions-de-physiologie\/petites-questions-de-physiologie-animale-2019-ouvrage\/les-appareils-branchiaux-des-vertebres-diversite-et-unite-de-la-realisation-des-echanges-gazeux-respiratoires\" title=\"Les appareils branchiaux des Vert\u00e9br\u00e9s\u00a0: diversit\u00e9 et unit\u00e9 de la r\u00e9alisation des \u00e9changes gazeux respiratoires\">Suivant<\/a>\n<\/td>\n<\/tr>\n<tr>\n<td style=\"width: 40%; text-align: left; vertical-align: top; \">Bibliographie et sitographie\u00a0<\/td>\n<td style=\"width: 20%; text-align: center; \">\n<a href=\"\/codex\/petites-questions-de-physiologie\/petites-questions-de-physiologie-animale-2019-ouvrage\" title=\"Petites questions de physiologie animale 2019 : ouvrage\">Sommaire<\/a>\n<\/td>\n<td style=\"width: 40%; text-align: right; vertical-align: top; \">\u00a0Les appareils branchiaux des Vert\u00e9br\u00e9s : diversit\u00e9 et unit\u00e9 de la r\u00e9alisation des \u00e9changes gazeux respiratoires<\/td>\n<\/tr>\n<\/table>\n<\/footer>\n","protected":false},"excerpt":{"rendered":"<p>La diversit\u00e9 et l&rsquo;unit\u00e9 des appareils branchiaux des Vert\u00e9br\u00e9s Pr\u00e9c\u00e9dent \u00a0 Suivant La diversit\u00e9 et l&rsquo;unit\u00e9 des appareils branchiaux des Vert\u00e9br\u00e9s Isma\u00ebl Bamana &lt;ismael.bamana@etu.univ-st-etienne.fr&gt; Perrine Giunchi &lt;perrine.giunchi@etu.univ-st-etienne.fr&gt; Pierre Hirt &lt;pierre.hirt@etu.univ-st-etienne.fr&gt; Johanna Ribes &lt;johanna.ribes@etu.univ-st-etienne.fr&gt; &nbsp; Table des mati\u00e8res Introduction Les appareils branchiaux des Vert\u00e9br\u00e9s : diversit\u00e9 et unit\u00e9 de la r\u00e9alisation des \u00e9changes gazeux respiratoires Les [&hellip;]<\/p>\n","protected":false},"author":2,"featured_media":0,"parent":13169,"menu_order":37,"comment_status":"closed","ping_status":"closed","template":"","meta":{"site-sidebar-layout":"default","site-content-layout":"","ast-site-content-layout":"default","site-content-style":"default","site-sidebar-style":"default","ast-global-header-display":"","ast-banner-title-visibility":"","ast-main-header-display":"","ast-hfb-above-header-display":"","ast-hfb-below-header-display":"","ast-hfb-mobile-header-display":"","site-post-title":"","ast-breadcrumbs-content":"","ast-featured-img":"","footer-sml-layout":"","ast-disable-related-posts":"","theme-transparent-header-meta":"","adv-header-id-meta":"","stick-header-meta":"","header-above-stick-meta":"","header-main-stick-meta":"","header-below-stick-meta":"","astra-migrate-meta-layouts":"default","ast-page-background-enabled":"default","ast-page-background-meta":{"desktop":{"background-color":"var(--ast-global-color-4)","background-image":"","background-repeat":"repeat","background-position":"center center","background-size":"auto","background-attachment":"scroll","background-type":"","background-media":"","overlay-type":"","overlay-color":"","overlay-opacity":"","overlay-gradient":""},"tablet":{"background-color":"","background-image":"","background-repeat":"repeat","background-position":"center center","background-size":"auto","background-attachment":"scroll","background-type":"","background-media":"","overlay-type":"","overlay-color":"","overlay-opacity":"","overlay-gradient":""},"mobile":{"background-color":"","background-image":"","background-repeat":"repeat","background-position":"center center","background-size":"auto","background-attachment":"scroll","background-type":"","background-media":"","overlay-type":"","overlay-color":"","overlay-opacity":"","overlay-gradient":""}},"ast-content-background-meta":{"desktop":{"background-color":"var(--ast-global-color-5)","background-image":"","background-repeat":"repeat","background-position":"center center","background-size":"auto","background-attachment":"scroll","background-type":"","background-media":"","overlay-type":"","overlay-color":"","overlay-opacity":"","overlay-gradient":""},"tablet":{"background-color":"var(--ast-global-color-5)","background-image":"","background-repeat":"repeat","background-position":"center center","background-size":"auto","background-attachment":"scroll","background-type":"","background-media":"","overlay-type":"","overlay-color":"","overlay-opacity":"","overlay-gradient":""},"mobile":{"background-color":"var(--ast-global-color-5)","background-image":"","background-repeat":"repeat","background-position":"center center","background-size":"auto","background-attachment":"scroll","background-type":"","background-media":"","overlay-type":"","overlay-color":"","overlay-opacity":"","overlay-gradient":""}},"footnotes":""},"class_list":["post-13727","page","type-page","status-publish","hentry"],"aioseo_notices":[],"jetpack_sharing_enabled":true,"_links":{"self":[{"href":"https:\/\/codexvirtualis.fr\/codex\/wp-json\/wp\/v2\/pages\/13727","targetHints":{"allow":["GET"]}}],"collection":[{"href":"https:\/\/codexvirtualis.fr\/codex\/wp-json\/wp\/v2\/pages"}],"about":[{"href":"https:\/\/codexvirtualis.fr\/codex\/wp-json\/wp\/v2\/types\/page"}],"author":[{"embeddable":true,"href":"https:\/\/codexvirtualis.fr\/codex\/wp-json\/wp\/v2\/users\/2"}],"replies":[{"embeddable":true,"href":"https:\/\/codexvirtualis.fr\/codex\/wp-json\/wp\/v2\/comments?post=13727"}],"version-history":[{"count":13,"href":"https:\/\/codexvirtualis.fr\/codex\/wp-json\/wp\/v2\/pages\/13727\/revisions"}],"predecessor-version":[{"id":13730,"href":"https:\/\/codexvirtualis.fr\/codex\/wp-json\/wp\/v2\/pages\/13727\/revisions\/13730"}],"up":[{"embeddable":true,"href":"https:\/\/codexvirtualis.fr\/codex\/wp-json\/wp\/v2\/pages\/13169"}],"wp:attachment":[{"href":"https:\/\/codexvirtualis.fr\/codex\/wp-json\/wp\/v2\/media?parent=13727"}],"curies":[{"name":"wp","href":"https:\/\/api.w.org\/{rel}","templated":true}]}}