{"id":13457,"date":"2021-03-14T16:19:09","date_gmt":"2021-03-14T15:19:09","guid":{"rendered":"https:\/\/codexvirtualis.fr\/codex\/?page_id=13457"},"modified":"2021-03-14T16:34:52","modified_gmt":"2021-03-14T15:34:52","slug":"les-coeurs-des-vertebres-et-des-euarthropodes-une-integration-fonctionnelle-dans-lorganisme","status":"publish","type":"page","link":"https:\/\/codexvirtualis.fr\/codex\/petites-questions-de-physiologie\/petites-questions-de-physiologie-animale-2019-ouvrage\/les-coeurs-des-vertebres-et-des-euarthropodes-une-integration-fonctionnelle-dans-lorganisme","title":{"rendered":"Les c\u0153urs des Vert\u00e9br\u00e9s et des Euarthropodes : une int\u00e9gration fonctionnelle dans l&rsquo;organisme"},"content":{"rendered":"<header>\n<table style=\"width: 100%; \">\n<tr>\n<th style=\"text-align: center; \" colspan=\"3\">Les c\u0153urs des Vert\u00e9br\u00e9s et des Euarthropodes : une int\u00e9gration fonctionnelle dans l&rsquo;organisme<\/th>\n<\/tr>\n<tr>\n<td style=\"width: 20%; text-align: left; \">\n                        <a href=\"\/codex\/petites-questions-de-physiologie\/petites-questions-de-physiologie-animale-2019-ouvrage\/les-coeurs-des-vertebres-et-des-euarthropodes-des-organes-propulsant-le-liquide-circulant\" title=\"Les c\u0153urs des Vert\u00e9br\u00e9s et des Euarthropodes : des organes propulsant le liquide circulant\">Pr\u00e9c\u00e9dent<\/a>\u00a0<\/td>\n<th style=\"width: 60%; text-align: center; \">Les c\u0153urs des Vert\u00e9br\u00e9s et des Euarthropodes<\/th>\n<td style=\"width: 20%; text-align: right; \"><a href=\"\/codex\/petites-questions-de-physiologie\/petites-questions-de-physiologie-animale-2019-ouvrage\/les-coeurs-des-vertebres-et-des-euarthropodes-conclusion\" title=\"Les c\u0153urs des Vert\u00e9br\u00e9s et des Euarthropodes : conclusion\">Suivant<\/a>\n                    <\/td>\n<\/tr>\n<\/table>\n<hr \/>\n<\/header>\n<section class=\"sect1\" id=\"d0e2173\">\n<\/section>\n<section class=\"sect2\" id=\"d0e2176\">\n<h3 class=\"title\">Le c\u0153ur des Vert\u00e9br\u00e9s : un organe au remplissage et au rythme autonomes<\/h3>\n<p>Le c\u0153ur des Vert\u00e9br\u00e9s est l&rsquo;organe responsable de la mise en mouvement du sang dans l&rsquo;appareil circulatoire clos. Les atriums et les ventricules connaissent des phases de diastoles et de systoles rythmiques et coordonn\u00e9es. <\/p>\n<p>Comment les contractions du myocarde sont-elles d\u00e9clench\u00e9es ?<\/p>\n<p>Comment la coordination des activit\u00e9s des atriums et des ventricules est-elle contr\u00f4l\u00e9e ?<\/p>\n<p> &nbsp; <\/p>\n<figure id=\"d0e2185\"\n                    class=\"img\"\n                    title=\"Figure\u00a012.\u00a0Fonctionnement du c\u0153ur des Mammif\u00e8res\"><\/p>\n<div class=\"figure\">\n<figure style=\"width: 300px\" class=\"wp-caption alignnone\"><a rel=\"lightbox\" href=\"\/documents\/images\/PetitesQuestionsDePhysiologie\/2019\/media\/images\/06_figure_12.jpg\"><img decoding=\"async\" src=\"\/documents\/images\/PetitesQuestionsDePhysiologie\/2019\/media\/images\/06_figure_12.jpg\" width=\"300\" \" alt=\"Fonctionnement du c\u0153ur des Mammif\u00e8res\" class=\"size-medium\" \/><figcaption class=\"wp-caption-text\">Figure\u00a012.\u00a0Fonctionnement du c\u0153ur des Mammif\u00e8res  <\/a><\/figcaption><\/figure>\n<\/div>\n<div class=\"copyright\">\n<p>Copyright : 2019 Sandrine Heusser<\/p>\n<\/p><\/div>\n<div class=\"legalnotice\" title=\"Note L\u00e9gale\">\n<p> Cette illustration est mise \u00e0 disposition selon les termes de la Licence Creative Commons Attribution &#8211; Pas d&rsquo;Utilisation Commerciale &#8211; Partage dans les m\u00eames conditions 4.0 International.<span class=\"inlinemediaobject\"><br \/>\n<img decoding=\"async\" class=\"ccimage\" src=\"\/documents\/images\/PetitesQuestionsDePhysiologie\/2019\/media\/images\/00_licence.png\" width=\"50\"\/> <\/span> <\/p>\n<\/div>\n<\/figure>\n<p> &nbsp; <\/p>\n<p>Par la contraction et le rel\u00e2chement des fibres musculaires qui le constituent, le myocarde est \u00e0 l&rsquo;origine des phases de systole et de diastole affectant les chambres cardiaques.<\/p>\n<p>Il comporte par ailleurs des cellules musculaires dou\u00e9es d&rsquo;autorythmicit\u00e9 : elles connaissent des d\u00e9polarisations spontan\u00e9es, mais se contractent peu. Elles appartiennent \u00e0 un ensemble qualifi\u00e9 de tissu nodal, agenc\u00e9 en n\u0153uds, faisceau et r\u00e9seau.<br \/>\nIl comprend un n\u0153ud sinoatrial localis\u00e9 dans la paroi de l&rsquo;atrium droit, un n\u0153ud atrioventriculaire situ\u00e9 \u00e0 la jonction entre atrium et ventricule droits, un faisceau de His courant dans la cloison interventriculaire et un r\u00e9seau de Purkinje d\u00e9ploy\u00e9 dans les parois externes des ventricules droit et gauche.<br \/>\nLa vague de d\u00e9polarisation na\u00eet dans le n\u0153ud sinoatrial et se propage dans la paroi des atriums \u00e0 la faveur des jonctions communicantes pr\u00e9sentes entre les cardiomyocyes, assurant la continuit\u00e9 \u00e9lectrique des cellules. En cons\u00e9quence, les deux atriums se contractent.<br \/>\nLa vague de d\u00e9polarisation atteint \u00e9galement le n\u0153ud atrioventriculaire puis se propage dans le faisceau de His et le r\u00e9seau de Purkinje, \u00e0 partir duquel elle parvient aux cardiomyocytes ventriculaires, provoquant leur contraction.<br \/>\nLe d\u00e9lai s\u00e9parant les systoles atriales des systoles ventriculaires est d\u00fb \u00e0 des vitesses de propagation des vagues de d\u00e9polarisation diff\u00e9rentes, plus importantes dans la paroi des atriums que dans celle des ventricules.<\/p>\n<p>Ainsi le c\u0153ur des Mammif\u00e8res et plus g\u00e9n\u00e9ralement des Vert\u00e9br\u00e9s pr\u00e9sente une rythmicit\u00e9 myog\u00e8ne.<\/p>\n<p>L&rsquo;appareil circulatoire des Vert\u00e9br\u00e9s est form\u00e9 d&rsquo;art\u00e8res reli\u00e9es aux ventricules, qui se ramifient dans l&rsquo;organisme et dont le diam\u00e8tre est de plus en plus r\u00e9duit. Dans les organes, elles s&rsquo;ouvrent sur les r\u00e9seaux de vaisseaux capillaires, tr\u00e8s fins. Ils convergent et donnent naissance aux veines de petit diam\u00e8tre, confluant en veines de diam\u00e8tres croissants, d\u00e9bouchant dans les atriums.<br \/>\nLa diminution du diam\u00e8tre des vaisseaux sur le versant art\u00e9riel de l&rsquo;appareil circulatoire est \u00e0 l&rsquo;origine d&rsquo;une augmentation de la r\u00e9sistance vasculaire provoquant, \u00e0 d\u00e9bit \u00e9gal, une diminution de la pression sanguine. La pression sanguine sur le versant veineux de l&rsquo;appareil circulatoire est relativement faible, elle suffit cependant \u00e0 ramener le sang au c\u0153ur, les contractions de la musculature corporelle y contribuant et la pr\u00e9sence de valves emp\u00eachant le reflux.<br \/>\nDans un r\u00e9seau de conduits, le liquide s&rsquo;\u00e9coule en effet du point o\u00f9 la pression est \u00e9lev\u00e9e vers le point o\u00f9 elle est faible.<\/p>\n<p>L&rsquo;activit\u00e9 cardiaque est caract\u00e9ris\u00e9e par la fr\u00e9quence des battements, correspondant au rythme, et par le volume de sang \u00e9ject\u00e9 lors de la contraction des ventricules, correspondant au volume d&rsquo;\u00e9jection systolique. Fr\u00e9quence cardiaque et volume d&rsquo;\u00e9jection systolique d\u00e9terminent le d\u00e9bit cardiaque, volume de sang \u00e9ject\u00e9 par le c\u0153ur par unit\u00e9 de temps. Les syst\u00e8mes nerveux autonomes parasympathique et orthosympathique innervent leur c\u0153ur et modulent l&rsquo;activit\u00e9 cardiaque : le syst\u00e8me parasympathique a une action cardiomod\u00e9ratrice alors que le syst\u00e8me orthosympathique a une action cadioacc\u00e9l\u00e9ratrice et augmente le volume d&rsquo;\u00e9jection systolique. Ils contr\u00f4lent de cette fa\u00e7on le d\u00e9bit cardiaque.<br \/>\nLe c\u0153ur est ainsi un effecteur essentiel de boucles de r\u00e9gulation, notamment de la pression art\u00e9rielle.<\/p>\n<p>Qu&rsquo;en est-il du c\u0153ur des Euarthropodes ?<\/p>\n<\/section>\n<section class=\"sect2\" id=\"d0e2221\">\n<h3 class=\"title\">Le c\u0153ur des Euarthropodes : un organe au remplissage et au rythme non autonomes<\/h3>\n<p>Le c\u0153ur des Euarthropodes est l&rsquo;organe responsable de la mise en mouvement de l&rsquo;h\u00e9molymphe dans l&rsquo;appareil circulatoire ouvert. Comme les atriums et ventricules du c\u0153ur des Vert\u00e9br\u00e9s, les chambres cardiaques connaissent des phases de diastoles et de systoles rythmiques et coordonn\u00e9es.<\/p>\n<p>Comment les contractions du myocarde sont-elles d\u00e9clench\u00e9es ?<\/p>\n<p> &nbsp; <\/p>\n<figure id=\"d0e2228\"\n                    class=\"img\"\n                    title=\"Figure\u00a013.\u00a0Fonctionnement du c\u0153ur des Insectes (d'apr\u00e8s Andr\u00e9 Beaumont et Pierre&#xA;                    Cassier)\"><\/p>\n<div class=\"figure\">\n<figure style=\"width: 300px\" class=\"wp-caption alignnone\"><a rel=\"lightbox\" href=\"\/documents\/images\/PetitesQuestionsDePhysiologie\/2019\/media\/images\/06_figure_13.jpg\"><img decoding=\"async\" src=\"\/documents\/images\/PetitesQuestionsDePhysiologie\/2019\/media\/images\/06_figure_13.jpg\" width=\"300\" \" alt=\"Fonctionnement du c\u0153ur des Insectes (d'apr\u00e8s Andr\u00e9 Beaumont et Pierre Cassier)\" class=\"size-medium\" \/><figcaption class=\"wp-caption-text\">Figure\u00a013.\u00a0Fonctionnement du c\u0153ur des Insectes (d&rsquo;apr\u00e8s Andr\u00e9 Beaumont et Pierre Cassier)  <\/a><\/figcaption><\/figure><\/p>\n<div class=\"copyright\">\n<p>Copyright : 2019 Sandrine Heusser<\/p>\n<\/p><\/div>\n<div class=\"legalnotice\" title=\"Note L\u00e9gale\">\n<p> Cette illustration est mise \u00e0 disposition selon les termes de la Licence Creative Commons Attribution &#8211; Pas d&rsquo;Utilisation Commerciale &#8211; Partage dans les m\u00eames conditions 4.0 International.<span class=\"inlinemediaobject\"><br \/>\n<img decoding=\"async\" class=\"ccimage\" src=\"\/documents\/images\/PetitesQuestionsDePhysiologie\/2019\/media\/images\/00_licence.png\" width=\"50\"\/> <\/span> <\/p>\n<\/div><\/div>\n<\/figure>\n<p> &nbsp; <\/p>\n<p>La contraction et le rel\u00e2chement des fibres musculaires constituant la paroi des chambres cardiaques d\u00e9terminent les phases de systole et de diastole.<\/p>\n<p>Le c\u0153ur de quelques Insectes comme le Criquet et la Blatte, mais \u00e9galement de nombreux Malacostrac\u00e9s comme le Homard, est associ\u00e9 \u00e0 un ganglion nerveux contenant des cellules nerveuses dou\u00e9es d&rsquo;autorythmicit\u00e9.<br \/>\nLa suppression des connexions nerveuses entre le ganglion et le c\u0153ur provoque un arr\u00eat des contractions cardiaques rythmiques. La rythmicit\u00e9 cardiaque est en cons\u00e9quence qualifi\u00e9e de neurog\u00e8ne. Cependant chez de nombreux Insectes, la rythmicit\u00e9 cardiaque est myog\u00e8ne comme chez les Vert\u00e9br\u00e9s.<\/p>\n<p>De m\u00eame que celui des Vert\u00e9br\u00e9s, le c\u0153ur des Euarthropodes est innerv\u00e9 par le syst\u00e8me nerveux sympathique, responsable d&rsquo;une modulation de l&rsquo;activit\u00e9 cardiaque en fonction des conditions physiologiques notamment, comme l&rsquo;activit\u00e9 ou la mue.<\/p>\n<p>L&rsquo;h\u00e9molymphe des Euarthropodes est propuls\u00e9e par le c\u0153ur dans quelques vaisseaux art\u00e9riels d\u00e9bouchant sur l&rsquo;h\u00e9moc\u0153le. La r\u00e9sistance vasculaire est tr\u00e8s faible et en cons\u00e9quence, la pression de l&rsquo;h\u00e9molymphe est tr\u00e8s r\u00e9duite. De ce fait, le retour de l&rsquo;h\u00e9molymphe au c\u0153ur est difficile.<\/p>\n<p>Chez les Insectes comme le Criquet le c\u0153ur est situ\u00e9 dans un sinus p\u00e9ricardique dorsal d\u00e9limit\u00e9 par le diaphragme sur lequel il repose et le tergite. Le diaphragme dorsal est associ\u00e9 \u00e0 des paires de muscles aliformes. La contraction des muscles aliformes intervient au moment de la diastole et provoque l&rsquo;abaissement du diaphragme, l&rsquo;augmentation du volume du sinus dorsal, aspirant l&rsquo;h\u00e9molymphe vers le c\u0153ur.<br \/>\nChez les Malacostrac\u00e9s, le c\u0153ur est log\u00e9 dans un sinus p\u00e9ricardique d\u00e9limit\u00e9 par une enveloppe relativement rigide, le p\u00e9ricarde, \u00e0 laquelle est il reli\u00e9 par des filaments. Des veines branchiales s&rsquo;ouvrent dans le sinus p\u00e9ricardique. La systole conduit \u00e0 une diminution du volume du c\u0153ur et une augmentation du volume du sinus p\u00e9ricardique, le p\u00e9ricarde \u00e9tant peu d\u00e9formable. La pression dans le sinus p\u00e9ricardique diminuant, l&rsquo;h\u00e9molymphe est aspir\u00e9e et son retour au c\u0153ur est facilit\u00e9.<\/p>\n<p>Ainsi en relation avec le caract\u00e8re ouvert de l&rsquo;appareil circulatoire, le retour de l&rsquo;h\u00e9molymphe au c\u0153ur est difficile chez les Euarthropodes, mais des dispositifs g\u00e9n\u00e9rant des d\u00e9pressions dans la r\u00e9gion cardiaque compensent la faible pression p\u00e9riph\u00e9rique.<\/p>\n<\/section>\n<p> &nbsp; <\/p>\n<footer>\n<hr \/>\n<table style=\"width: 100%; \">\n<tr>\n<td style=\"width: 40%; text-align: left; \">\n                         <a href=\"\/codex\/petites-questions-de-physiologie\/petites-questions-de-physiologie-animale-2019-ouvrage\/les-coeurs-des-vertebres-et-des-euarthropodes-des-organes-propulsant-le-liquide-circulant\" title=\"Les c\u0153urs des Vert\u00e9br\u00e9s et des Euarthropodes : des organes propulsant le liquide circulant\">Pr\u00e9c\u00e9dent<\/a> \u00a0<\/td>\n<td style=\"width: 20%; text-align: center; \">\n                         <a href=\"\/codex\/petites-questions-de-physiologie\/petites-questions-de-physiologie-animale-2019-ouvrage\/les-coeurs-des-vertebres-et-des-euarthropodes-introduction\" title=\"Les c\u0153urs des Vert\u00e9br\u00e9s et des Euarthropodes : introduction\">Niveau sup\u00e9rieur<\/a>\n                    <\/td>\n<td style=\"width: 40%; text-align: right; \">\u00a0 <a href=\"\/codex\/petites-questions-de-physiologie\/petites-questions-de-physiologie-animale-2019-ouvrage\/les-coeurs-des-vertebres-et-des-euarthropodes-conclusion\" title=\"Les c\u0153urs des Vert\u00e9br\u00e9s et des Euarthropodes : conclusion\">Suivant<\/a>\n                    <\/td>\n<\/tr>\n<tr>\n<td style=\"width: 40%; text-align: left; vertical-align: top; \">Les c\u0153urs des Vert\u00e9br\u00e9s et des Euarthropodes : des organes propulsant le liquide circulant\u00a0<\/td>\n<td style=\"width: 20%; text-align: center; \">\n                        <a href=\"\/codex\/petites-questions-de-physiologie\/petites-questions-de-physiologie-animale-2019-ouvrage\" title=\"Petites questions de physiologie animale 2019 : ouvrage\">Sommaire<\/a>\n                    <\/td>\n<td style=\"width: 40%; text-align: right; vertical-align: top; \">\u00a0Conclusion<\/td>\n<\/tr>\n<\/table>\n<\/footer>\n","protected":false},"excerpt":{"rendered":"<p>Les c\u0153urs des Vert\u00e9br\u00e9s et des Euarthropodes : une int\u00e9gration fonctionnelle dans l&rsquo;organisme Pr\u00e9c\u00e9dent\u00a0 Les c\u0153urs des Vert\u00e9br\u00e9s et des Euarthropodes Suivant Le c\u0153ur des Vert\u00e9br\u00e9s : un organe au remplissage et au rythme autonomes Le c\u0153ur des Vert\u00e9br\u00e9s est l&rsquo;organe responsable de la mise en mouvement du sang dans l&rsquo;appareil circulatoire clos. Les atriums [&hellip;]<\/p>\n","protected":false},"author":2,"featured_media":0,"parent":13169,"menu_order":17,"comment_status":"closed","ping_status":"closed","template":"","meta":{"site-sidebar-layout":"default","site-content-layout":"","ast-site-content-layout":"default","site-content-style":"default","site-sidebar-style":"default","ast-global-header-display":"","ast-banner-title-visibility":"","ast-main-header-display":"","ast-hfb-above-header-display":"","ast-hfb-below-header-display":"","ast-hfb-mobile-header-display":"","site-post-title":"","ast-breadcrumbs-content":"","ast-featured-img":"","footer-sml-layout":"","ast-disable-related-posts":"","theme-transparent-header-meta":"","adv-header-id-meta":"","stick-header-meta":"","header-above-stick-meta":"","header-main-stick-meta":"","header-below-stick-meta":"","astra-migrate-meta-layouts":"default","ast-page-background-enabled":"default","ast-page-background-meta":{"desktop":{"background-color":"var(--ast-global-color-4)","background-image":"","background-repeat":"repeat","background-position":"center center","background-size":"auto","background-attachment":"scroll","background-type":"","background-media":"","overlay-type":"","overlay-color":"","overlay-opacity":"","overlay-gradient":""},"tablet":{"background-color":"","background-image":"","background-repeat":"repeat","background-position":"center center","background-size":"auto","background-attachment":"scroll","background-type":"","background-media":"","overlay-type":"","overlay-color":"","overlay-opacity":"","overlay-gradient":""},"mobile":{"background-color":"","background-image":"","background-repeat":"repeat","background-position":"center center","background-size":"auto","background-attachment":"scroll","background-type":"","background-media":"","overlay-type":"","overlay-color":"","overlay-opacity":"","overlay-gradient":""}},"ast-content-background-meta":{"desktop":{"background-color":"var(--ast-global-color-5)","background-image":"","background-repeat":"repeat","background-position":"center center","background-size":"auto","background-attachment":"scroll","background-type":"","background-media":"","overlay-type":"","overlay-color":"","overlay-opacity":"","overlay-gradient":""},"tablet":{"background-color":"var(--ast-global-color-5)","background-image":"","background-repeat":"repeat","background-position":"center center","background-size":"auto","background-attachment":"scroll","background-type":"","background-media":"","overlay-type":"","overlay-color":"","overlay-opacity":"","overlay-gradient":""},"mobile":{"background-color":"var(--ast-global-color-5)","background-image":"","background-repeat":"repeat","background-position":"center center","background-size":"auto","background-attachment":"scroll","background-type":"","background-media":"","overlay-type":"","overlay-color":"","overlay-opacity":"","overlay-gradient":""}},"footnotes":""},"class_list":["post-13457","page","type-page","status-publish","hentry"],"aioseo_notices":[],"jetpack_sharing_enabled":true,"_links":{"self":[{"href":"https:\/\/codexvirtualis.fr\/codex\/wp-json\/wp\/v2\/pages\/13457","targetHints":{"allow":["GET"]}}],"collection":[{"href":"https:\/\/codexvirtualis.fr\/codex\/wp-json\/wp\/v2\/pages"}],"about":[{"href":"https:\/\/codexvirtualis.fr\/codex\/wp-json\/wp\/v2\/types\/page"}],"author":[{"embeddable":true,"href":"https:\/\/codexvirtualis.fr\/codex\/wp-json\/wp\/v2\/users\/2"}],"replies":[{"embeddable":true,"href":"https:\/\/codexvirtualis.fr\/codex\/wp-json\/wp\/v2\/comments?post=13457"}],"version-history":[{"count":6,"href":"https:\/\/codexvirtualis.fr\/codex\/wp-json\/wp\/v2\/pages\/13457\/revisions"}],"predecessor-version":[{"id":13506,"href":"https:\/\/codexvirtualis.fr\/codex\/wp-json\/wp\/v2\/pages\/13457\/revisions\/13506"}],"up":[{"embeddable":true,"href":"https:\/\/codexvirtualis.fr\/codex\/wp-json\/wp\/v2\/pages\/13169"}],"wp:attachment":[{"href":"https:\/\/codexvirtualis.fr\/codex\/wp-json\/wp\/v2\/media?parent=13457"}],"curies":[{"name":"wp","href":"https:\/\/api.w.org\/{rel}","templated":true}]}}