{"id":13271,"date":"2020-12-24T17:16:12","date_gmt":"2020-12-24T16:16:12","guid":{"rendered":"https:\/\/codexvirtualis.fr\/codex\/?page_id=13271"},"modified":"2021-08-01T12:56:08","modified_gmt":"2021-08-01T10:56:08","slug":"la-metamerie-un-fonctionnement-segmentaire-et-coordonne-de-lorganisme","status":"publish","type":"page","link":"https:\/\/codexvirtualis.fr\/codex\/petites-questions-de-physiologie\/petites-questions-de-physiologie-animale-2019-ouvrage\/la-metamerie-un-fonctionnement-segmentaire-et-coordonne-de-lorganisme","title":{"rendered":"La m\u00e9tam\u00e9rie : un fonctionnement segmentaire et coordonn\u00e9 de l&rsquo;organisme"},"content":{"rendered":"<br \/>\n<header>\n<table style=\"width: 100%; \">\n<tr>\n<th style=\"text-align: center; \" colspan=\"3\">La m\u00e9tam\u00e9rie : un fonctionnement segmentaire et coordonn\u00e9 de l&rsquo;organisme<\/th>\n<\/tr>\n<tr>\n<td style=\"width: 20%; text-align: left; \">\n<a href=\"\/codex\/petites-questions-de-physiologie\/petites-questions-de-physiologie-animale-2019-ouvrage\/la-metamerie-une-organisation-corporelle-modifiee-par-la-tagmatisation-et-la-regression\" title=\"La m\u00e9tam\u00e9rie : une organisation corporelle modifi\u00e9e par la tagmatisation et la r\u00e9gression\">Pr\u00e9c\u00e9dent<\/a>\u00a0<\/td>\n<th style=\"width: 60%; text-align: center; \">La m\u00e9tam\u00e9rie des animaux<\/th>\n<td style=\"width: 20%; text-align: right; \"><a href=\"\/codex\/petites-questions-de-physiologie\/petites-questions-de-physiologie-animale-2019-ouvrage\/la-metamerie-des-animaux-conclusion\" title=\"La m\u00e9tam\u00e9rie des animaux : conclusion\">Suivant<\/a>\n <\/td>\n<\/tr>\n<\/table>\n<hr \/>\n<\/header>\n<p> &nbsp; <\/p>\n<section class=\"sect1\" id=\"d0e608\">\n<\/section>\n<section class=\"sect2\" id=\"d0e611\">\n<h3 class=\"title\">La m\u00e9tam\u00e9rie : des fonctions de nutrition segmentaires<\/h3>\n<p>Les fonctions de nutrition regroupent l&rsquo;alimentation, les \u00e9changes gazeux respiratoires et l&rsquo;excr\u00e9tion.<\/p>\n<p>Les organes excr\u00e9teurs ayant une disposition m\u00e9tam\u00e9rique chez les Ann\u00e9lides comme le Lombric, il est vraisemblable que la fonction excr\u00e9trice est r\u00e9alis\u00e9e au niveau de chaque m\u00e9tam\u00e8re.<\/p>\n<p> &nbsp; <\/p>\n<figure id=\"d0e618\" class=\"img\" title=\"Figure\u00a013.\u00a0M\u00e9tan\u00e9phridie de Lombric\">\n<div class=\"figure\">\n<p><figure style=\"width: 300px\" class=\"wp-caption alignnone\"><a rel=\"lightbox\" href=\"\/documents\/images\/PetitesQuestionsDePhysiologie\/2019\/media\/images\/01_figure_13.jpg\"><img decoding=\"async\" src=\"\/documents\/images\/PetitesQuestionsDePhysiologie\/2019\/media\/images\/01_figure_13.jpg\" width=\"300\" \" alt=\"M\u00e9tan\u00e9phridie de Lombric\" class=\"size-medium\" \/><figcaption class=\"wp-caption-text\">Figure 13. M\u00e9tan\u00e9phridie de Lombric <\/a><\/figcaption><\/figure>\n<\/div>\n<div class=\"copyright\">\n<p>Copyright : 2019 Sandrine Heusser<\/p>\n<\/div>\n<div class=\"legalnotice\" title=\"Note L\u00e9gale\">\n<p> Cette illustration est mise \u00e0 disposition selon les termes de la Licence Creative Commons Attribution &#8211; Pas d&rsquo;Utilisation Commerciale &#8211; Partage dans les m\u00eames conditions 4.0 International.<span class=\"inlinemediaobject\"><br \/>\n<img decoding=\"async\" class=\"ccimage\" src=\"\/documents\/images\/PetitesQuestionsDePhysiologie\/2019\/media\/images\/00_licence.png\" width=\"50\"\/> <\/span> <\/p>\n<\/div>\n<p> &nbsp; <\/p>\n<p>Les m\u00e9tan\u00e9phridies, organes excr\u00e9teurs, sont constitu\u00e9es d&rsquo;un pavillon cili\u00e9, le n\u00e9phrostome, ouvert sur la cavit\u00e9 c\u0153lomique du m\u00e9tam\u00e8re n, d&rsquo;un tube n\u00e9phridien contourn\u00e9 traversant le diss\u00e9piment, et d\u00e9bouchent sur l&rsquo;ext\u00e9rieur par un n\u00e9phridiopore situ\u00e9 dans le m\u00e9tam\u00e8re n+1.<\/p>\n<p>Les d\u00e9chets du m\u00e9tabolisme sont pris en charge par le sang circulant dans l&rsquo;appareil circulatoire. Ils sont transf\u00e9r\u00e9s au liquide c\u0153lomique par filtration \u00e0 travers la paroi des vaisseaux sanguins et l&rsquo;enveloppe des cavit\u00e9s c\u0153lomiques. Le liquide c\u0153lomique contenant les d\u00e9chets p\u00e9n\u00e8tre dans les m\u00e9tan\u00e9phridies par le n\u00e9phrostome, d\u00e9plac\u00e9 par les battements de sa ciliature. Il forme l&rsquo;urine primitive. Sa composition est modifi\u00e9e par des r\u00e9absorptions et s\u00e9cr\u00e9tions intervenant le long du tube n\u00e9phridien. Elle est ainsi transform\u00e9e en urine d\u00e9finitive, \u00e9vacu\u00e9e dans le milieu par le n\u00e9phridiopore.<\/p>\n<p>En l&rsquo;occurrence, l&rsquo;excr\u00e9tion est r\u00e9alis\u00e9e par chaque m\u00e9tam\u00e8re, ind\u00e9pendamment.<\/p>\n<\/figure>\n<\/section>\n<section class=\"sect2\" id=\"d0e648\">\n<h3 class=\"title\">La m\u00e9tam\u00e9rie : des fonctions de relation segmentaires<\/h3>\n<p>Les fonctions de relation regroupent la protection, la mobilit\u00e9 et la sensibilit\u00e9.<\/p>\n<p>Le d\u00e9placement du Lombric est r\u00e9alis\u00e9 par reptation.<\/p>\n<p> &nbsp; <\/p>\n<figure id=\"d0e655\" class=\"img\" title=\"Figure\u00a014.\u00a0Locomotion du Lombric\">\n<div class=\"figure\">\n<p><figure style=\"width: 300px\" class=\"wp-caption alignnone\"><a rel=\"lightbox\" href=\"\/documents\/images\/PetitesQuestionsDePhysiologie\/2019\/media\/images\/01_figure_14.jpg\"><img decoding=\"async\" src=\"\/documents\/images\/PetitesQuestionsDePhysiologie\/2019\/media\/images\/01_figure_14.jpg\" width=\"300\" \" alt=\"Locomotion du Lombric\" class=\"size-medium\" \/><figcaption class=\"wp-caption-text\">Figure 14. Locomotion du Lombric <\/a><\/figcaption><\/figure>\n<\/div>\n<div class=\"copyright\">\n<p>Copyright : 2019 Sandrine Heusser<\/p>\n<\/div>\n<div class=\"legalnotice\" title=\"Note L\u00e9gale\">\n<p> Cette illustration est mise \u00e0 disposition selon les termes de la Licence Creative Commons Attribution &#8211; Pas d&rsquo;Utilisation Commerciale &#8211; Partage dans les m\u00eames conditions 4.0 International.<span class=\"inlinemediaobject\"><br \/>\n<img decoding=\"async\" class=\"ccimage\" src=\"\/documents\/images\/PetitesQuestionsDePhysiologie\/2019\/media\/images\/00_licence.png\" width=\"50\"\/> <\/span> <\/p>\n<\/div>\n<\/figure>\n<p> &nbsp; <\/p>\n<p>La reptation implique une alternance :<\/p>\n<ul class=\"itemizedlist\" style=\"list-style-type: disc; \">\n<li class=\"listitem\">\nde raccourcissement des m\u00e9tam\u00e8res accompagn\u00e9 d&rsquo;une augmentation de leur diam\u00e8tre et de l&rsquo;ancrage de leurs soies ;\n<\/li>\n<li class=\"listitem\">\nd&rsquo;allongement des m\u00e9tam\u00e8res accompagn\u00e9 d&rsquo;une r\u00e9duction de leur diam\u00e8tre et de la r\u00e9traction de leurs soies.\n<\/li>\n<\/ul>\n<p>Les raccourcissements sont la cons\u00e9quence d&rsquo;une contraction des muscles longitudinaux et d&rsquo;un rel\u00e2chement des muscles circulaires, les allongements r\u00e9sultent du rel\u00e2chement des muscles longitudinaux et de la contraction des muscles circulaires.<\/p>\n<p>Le d\u00e9placement implique une coordination des actions des muscles longitudinaux et circulaires ainsi que des soies au niveau de chaque m\u00e9tam\u00e8re. Elle r\u00e9v\u00e8le l&rsquo;existence d&rsquo;un contr\u00f4le nerveux local de l&rsquo;activit\u00e9 musculaire, r\u00e9alis\u00e9 par les ganglions et les nerfs segmentaires associ\u00e9s. <\/p>\n<p>De la m\u00eame mani\u00e8re, chez les Vert\u00e9br\u00e9s, les unit\u00e9s corporelles musculaires et squelettiques de l&rsquo;axe vert\u00e9bral peuvent \u00eatre \u00e0 l&rsquo;origine de mouvements locaux.<\/p>\n<p>Cependant, la mobilit\u00e9 de l&rsquo;organisme r\u00e9sulte d&rsquo;une coordination g\u00e9n\u00e9rale des activit\u00e9s des diff\u00e9rents segments.<\/p>\n<\/section>\n<section class=\"sect2\" id=\"d0e696\">\n<h3 class=\"title\">La m\u00e9tam\u00e9rie : des fonctions segmentaires int\u00e9gr\u00e9es<\/h3>\n<p>Les fonctions d&rsquo;int\u00e9gration regroupent la coordination et la distribution.<\/p>\n<p>Le syst\u00e8me nerveux assure, avec le syst\u00e8me endocrinien, la coordination dans l&rsquo;organisme.  Chez les Ann\u00e9lides, il est form\u00e9 d&rsquo;une cha\u00eene nerveuse ventrale comportant une paire de ganglions par m\u00e9tam\u00e8re, reli\u00e9s entre eux par une commissure. Les ganglions des m\u00e9tam\u00e8res successifs sont \u00e9galement reli\u00e9s entre eux par des connectifs.<\/p>\n<p>S&rsquo;il existe des neurones strictement localis\u00e9s dans un m\u00e9tam\u00e8re, d&rsquo;autres s&rsquo;\u00e9tendent sur plusieurs m\u00e9tam\u00e8res. Ils font synapse entre eux et avec les neurones locaux. Un tel agencement permet la coordination des activit\u00e9s des diff\u00e9rents m\u00e9tam\u00e8res, en particulier dans le cas de la locomotion.<\/p>\n<p>De la m\u00eame mani\u00e8re chez les Vert\u00e9br\u00e9s, la moelle \u00e9pini\u00e8re est le support de r\u00e9flexes locaux et de l&rsquo;acheminement d&rsquo;informations en direction et provenant de l&rsquo;enc\u00e9phale.<\/p>\n<p>L&rsquo;appareil circulatoire est un dispositif anatomique assurant la distribution dans l&rsquo;organisme. Chez les Ann\u00e9lides, il comporte deux vaisseaux sanguins longitudinaux, dorsal et ventral, assurant la circulation de sang d&rsquo;arri\u00e8re en avant et d&rsquo;avant en arri\u00e8re respectivement. Ils sont responsable de la distribution sur toute la longueur de l&rsquo;organisme. Des vaisseaux sanguins transverses sont \u00e9galement pr\u00e9sents, irriguant individuellement les m\u00e9tam\u00e8res.<\/p>\n<\/section>\n<p> &nbsp; <\/p>\n<footer>\n<hr \/>\n<table style=\"width: 100%; \">\n<tr>\n<td style=\"width: 40%; text-align: left; \">\n<a href=\"\/codex\/petites-questions-de-physiologie\/petites-questions-de-physiologie-animale-2019-ouvrage\/la-metamerie-une-organisation-corporelle-modifiee-par-la-tagmatisation-et-la-regression\" title=\"La m\u00e9tam\u00e9rie : une organisation corporelle modifi\u00e9e par la tagmatisation et la r\u00e9gression\">Pr\u00e9c\u00e9dent<\/a>\u00a0<\/td>\n<td style=\"width: 20%; text-align: center; \">\n <a href=\"\/codex\/petites-questions-de-physiologie\/petites-questions-de-physiologie-animale-2019-ouvrage\/la-metamerie-des-animaux-introduction\" title=\"La m\u00e9tam\u00e9rie des animaux : introduction\">Niveau sup\u00e9rieur<\/a>\n <\/td>\n<td style=\"width: 40%; text-align: right; \">\u00a0<br \/>\n<a href=\"\/codex\/petites-questions-de-physiologie\/petites-questions-de-physiologie-animale-2019-ouvrage\/la-metamerie-des-animaux-conclusion\" title=\"La m\u00e9tam\u00e9rie des animaux : conclusion\">Suivant<\/a>\n<\/td>\n<\/tr>\n<tr>\n<td style=\"width: 40%; text-align: left; vertical-align: top; \">La m\u00e9tam\u00e9rie : une organisation corporelle modifi\u00e9e par la tagmatisation et la r\u00e9gression \u00a0<\/td>\n<td style=\"width: 20%; text-align: center; \">\n<a href=\"\/codex\/petites-questions-de-physiologie\/petites-questions-de-physiologie-animale-2019-ouvrage\" title=\"Petites questions de physiologie animale 2019 : ouvrage\">Sommaire<\/a>\n<\/td>\n<td style=\"width: 40%; text-align: right; vertical-align: top; \">\u00a0Conclusion<\/td>\n<\/tr>\n<\/table>\n<\/footer>\n","protected":false},"excerpt":{"rendered":"<p>La m\u00e9tam\u00e9rie : un fonctionnement segmentaire et coordonn\u00e9 de l&rsquo;organisme Pr\u00e9c\u00e9dent\u00a0 La m\u00e9tam\u00e9rie des animaux Suivant &nbsp; La m\u00e9tam\u00e9rie : des fonctions de nutrition segmentaires Les fonctions de nutrition regroupent l&rsquo;alimentation, les \u00e9changes gazeux respiratoires et l&rsquo;excr\u00e9tion. Les organes excr\u00e9teurs ayant une disposition m\u00e9tam\u00e9rique chez les Ann\u00e9lides comme le Lombric, il est vraisemblable que la [&hellip;]<\/p>\n","protected":false},"author":2,"featured_media":0,"parent":13169,"menu_order":5,"comment_status":"closed","ping_status":"closed","template":"","meta":{"site-sidebar-layout":"default","site-content-layout":"","ast-site-content-layout":"default","site-content-style":"default","site-sidebar-style":"default","ast-global-header-display":"","ast-banner-title-visibility":"","ast-main-header-display":"","ast-hfb-above-header-display":"","ast-hfb-below-header-display":"","ast-hfb-mobile-header-display":"","site-post-title":"","ast-breadcrumbs-content":"","ast-featured-img":"","footer-sml-layout":"","ast-disable-related-posts":"","theme-transparent-header-meta":"","adv-header-id-meta":"","stick-header-meta":"","header-above-stick-meta":"","header-main-stick-meta":"","header-below-stick-meta":"","astra-migrate-meta-layouts":"default","ast-page-background-enabled":"default","ast-page-background-meta":{"desktop":{"background-color":"var(--ast-global-color-4)","background-image":"","background-repeat":"repeat","background-position":"center center","background-size":"auto","background-attachment":"scroll","background-type":"","background-media":"","overlay-type":"","overlay-color":"","overlay-opacity":"","overlay-gradient":""},"tablet":{"background-color":"","background-image":"","background-repeat":"repeat","background-position":"center center","background-size":"auto","background-attachment":"scroll","background-type":"","background-media":"","overlay-type":"","overlay-color":"","overlay-opacity":"","overlay-gradient":""},"mobile":{"background-color":"","background-image":"","background-repeat":"repeat","background-position":"center center","background-size":"auto","background-attachment":"scroll","background-type":"","background-media":"","overlay-type":"","overlay-color":"","overlay-opacity":"","overlay-gradient":""}},"ast-content-background-meta":{"desktop":{"background-color":"var(--ast-global-color-5)","background-image":"","background-repeat":"repeat","background-position":"center center","background-size":"auto","background-attachment":"scroll","background-type":"","background-media":"","overlay-type":"","overlay-color":"","overlay-opacity":"","overlay-gradient":""},"tablet":{"background-color":"var(--ast-global-color-5)","background-image":"","background-repeat":"repeat","background-position":"center center","background-size":"auto","background-attachment":"scroll","background-type":"","background-media":"","overlay-type":"","overlay-color":"","overlay-opacity":"","overlay-gradient":""},"mobile":{"background-color":"var(--ast-global-color-5)","background-image":"","background-repeat":"repeat","background-position":"center center","background-size":"auto","background-attachment":"scroll","background-type":"","background-media":"","overlay-type":"","overlay-color":"","overlay-opacity":"","overlay-gradient":""}},"footnotes":""},"class_list":["post-13271","page","type-page","status-publish","hentry"],"aioseo_notices":[],"jetpack_sharing_enabled":true,"_links":{"self":[{"href":"https:\/\/codexvirtualis.fr\/codex\/wp-json\/wp\/v2\/pages\/13271","targetHints":{"allow":["GET"]}}],"collection":[{"href":"https:\/\/codexvirtualis.fr\/codex\/wp-json\/wp\/v2\/pages"}],"about":[{"href":"https:\/\/codexvirtualis.fr\/codex\/wp-json\/wp\/v2\/types\/page"}],"author":[{"embeddable":true,"href":"https:\/\/codexvirtualis.fr\/codex\/wp-json\/wp\/v2\/users\/2"}],"replies":[{"embeddable":true,"href":"https:\/\/codexvirtualis.fr\/codex\/wp-json\/wp\/v2\/comments?post=13271"}],"version-history":[{"count":12,"href":"https:\/\/codexvirtualis.fr\/codex\/wp-json\/wp\/v2\/pages\/13271\/revisions"}],"predecessor-version":[{"id":13369,"href":"https:\/\/codexvirtualis.fr\/codex\/wp-json\/wp\/v2\/pages\/13271\/revisions\/13369"}],"up":[{"embeddable":true,"href":"https:\/\/codexvirtualis.fr\/codex\/wp-json\/wp\/v2\/pages\/13169"}],"wp:attachment":[{"href":"https:\/\/codexvirtualis.fr\/codex\/wp-json\/wp\/v2\/media?parent=13271"}],"curies":[{"name":"wp","href":"https:\/\/api.w.org\/{rel}","templated":true}]}}