{"id":12626,"date":"2020-03-21T16:59:52","date_gmt":"2020-03-21T15:59:52","guid":{"rendered":"https:\/\/codexvirtualis.fr\/codex\/?page_id=12626"},"modified":"2020-03-21T16:59:52","modified_gmt":"2020-03-21T15:59:52","slug":"glossaire-z","status":"publish","type":"page","link":"https:\/\/codexvirtualis.fr\/codex\/glossaire\/glossaire-z","title":{"rendered":"Glossaire : Z"},"content":{"rendered":"<p><!DOCTYPE html><br \/>\n<html><\/p>\n<p><span style=\"color: #999999;\">\u2022 <a name=\"zeugopode\"><\/a> <strong>zeugopode<\/strong><\/span> (nom masculin ; pluriel : zeugopodes) : r\u00e9gion interm\u00e9diaire du membre chiridien soutenue par deux os parall\u00e8les, correspondant \u00e0 l&rsquo;avant-bras pour le membre ant\u00e9rieur et \u00e0 la jambe pour le membre post\u00e9rieur (Vert\u00e9br\u00e9s)<br \/>\n<em>zeug(o)- = couple ; -pode = pied, patte (de zeugos = couple ; podos = pied)<\/em><\/p>\n<p>&nbsp;<\/p>\n<p><span style=\"color: #999999;\">\u2022 <a name=\"zonal\"><\/a> <strong>zonal<\/strong><\/span> (zonale ; pluriel : zonaux, zonales) : relatif aux ceintures (pectorale ou scapulaire, pelvienne), r\u00e9gions corporelles au niveau desquelles les membres sont reli\u00e9s au corps (Vert\u00e9br\u00e9s)<br \/>\n<em>(de zone = ceinture)<\/em><br \/>\n&nbsp;<\/p>\n<p><span style=\"color: #999999;\">\u2022 <a name=\"zoologie\"><\/a><strong>zoologie<\/strong><\/span> : \u00e9tude des \u00eatres vivants animaux<br \/>\n<em>zo(o)- = animal ; -logie = science (de zoon = animal ; logos = discours)<\/em><\/p>\n<p>&nbsp;<\/p>\n<p><span style=\"color: #999999;\">\u2022 <a name=\"zooparasite\"><\/a> <strong>zooparasite<\/strong><\/span> (nom masculin ; pluriel : zooparasites) : qualifie un organisme vivant aux d\u00e9pens d&rsquo;un animal<br \/>\n<em>zo(o)- = animal ; parasite (de zoon = animal ; parasitos = parasite)<\/em><\/p>\n<p>&nbsp;<\/p>\n<p><span style=\"color: #999999;\">\u2022 <a name=\"zoophage\"><\/a> <strong>zoophage<\/strong><\/span> (zoophage ; pluriel : zoophages, zoophages) : qui se nourrit principalement de substances d&rsquo;origine animale<br \/>\n<em>zo(o)- = animal ; -phage = qui mange (de zoon = animal ; phagein = manger)<\/em><\/p>\n<p>&nbsp;<\/p>\n<p><span style=\"color: #999999;\">\u2022 <a name=\"zygote\"><\/a> <strong>zygote<\/strong><\/span> (nom masculin ; pluriel : zygotes) : cellule diplo\u00efde r\u00e9sultant de la f\u00e9condation, fusion d&rsquo;un gam\u00e8te m\u00e2le (spermatozo\u00efde) et d&rsquo;un gam\u00e8te femelle (ovule) ; le zygote est \u00e9galement appel\u00e9 cellule \u0153uf et est \u00e0 l&rsquo;origine de l&#8217;embryon dans le cas d&rsquo;une reproduction sexu\u00e9e<br \/>\n<em>(de zugotos = attel\u00e9)<\/em><br \/>\n<em>Chez les animaux, le zygote est diplo\u00efde, poss\u00e9dant un lot de chromosomes apport\u00e9 par le gam\u00e8te femelle et un lot de chromosomes issu du gam\u00e8te m\u00e2le.<\/em><\/p>\n<p><\/html><\/p>\n","protected":false},"excerpt":{"rendered":"<p>\u2022 zeugopode (nom masculin ; pluriel : zeugopodes) : r\u00e9gion interm\u00e9diaire du membre chiridien soutenue par deux os parall\u00e8les, correspondant \u00e0 l&rsquo;avant-bras pour le membre ant\u00e9rieur et \u00e0 la jambe pour le membre post\u00e9rieur (Vert\u00e9br\u00e9s) zeug(o)- = couple ; -pode = pied, patte (de zeugos = couple ; podos = pied) &nbsp; \u2022 zonal (zonale [&hellip;]<\/p>\n","protected":false},"author":2,"featured_media":0,"parent":26,"menu_order":26,"comment_status":"closed","ping_status":"closed","template":"","meta":{"site-sidebar-layout":"default","site-content-layout":"","ast-site-content-layout":"default","site-content-style":"default","site-sidebar-style":"default","ast-global-header-display":"","ast-banner-title-visibility":"","ast-main-header-display":"","ast-hfb-above-header-display":"","ast-hfb-below-header-display":"","ast-hfb-mobile-header-display":"","site-post-title":"","ast-breadcrumbs-content":"","ast-featured-img":"","footer-sml-layout":"","ast-disable-related-posts":"","theme-transparent-header-meta":"","adv-header-id-meta":"","stick-header-meta":"","header-above-stick-meta":"","header-main-stick-meta":"","header-below-stick-meta":"","astra-migrate-meta-layouts":"default","ast-page-background-enabled":"default","ast-page-background-meta":{"desktop":{"background-color":"var(--ast-global-color-4)","background-image":"","background-repeat":"repeat","background-position":"center center","background-size":"auto","background-attachment":"scroll","background-type":"","background-media":"","overlay-type":"","overlay-color":"","overlay-opacity":"","overlay-gradient":""},"tablet":{"background-color":"","background-image":"","background-repeat":"repeat","background-position":"center center","background-size":"auto","background-attachment":"scroll","background-type":"","background-media":"","overlay-type":"","overlay-color":"","overlay-opacity":"","overlay-gradient":""},"mobile":{"background-color":"","background-image":"","background-repeat":"repeat","background-position":"center center","background-size":"auto","background-attachment":"scroll","background-type":"","background-media":"","overlay-type":"","overlay-color":"","overlay-opacity":"","overlay-gradient":""}},"ast-content-background-meta":{"desktop":{"background-color":"var(--ast-global-color-5)","background-image":"","background-repeat":"repeat","background-position":"center center","background-size":"auto","background-attachment":"scroll","background-type":"","background-media":"","overlay-type":"","overlay-color":"","overlay-opacity":"","overlay-gradient":""},"tablet":{"background-color":"var(--ast-global-color-5)","background-image":"","background-repeat":"repeat","background-position":"center center","background-size":"auto","background-attachment":"scroll","background-type":"","background-media":"","overlay-type":"","overlay-color":"","overlay-opacity":"","overlay-gradient":""},"mobile":{"background-color":"var(--ast-global-color-5)","background-image":"","background-repeat":"repeat","background-position":"center center","background-size":"auto","background-attachment":"scroll","background-type":"","background-media":"","overlay-type":"","overlay-color":"","overlay-opacity":"","overlay-gradient":""}},"footnotes":""},"class_list":["post-12626","page","type-page","status-publish","hentry"],"aioseo_notices":[],"jetpack_sharing_enabled":true,"_links":{"self":[{"href":"https:\/\/codexvirtualis.fr\/codex\/wp-json\/wp\/v2\/pages\/12626","targetHints":{"allow":["GET"]}}],"collection":[{"href":"https:\/\/codexvirtualis.fr\/codex\/wp-json\/wp\/v2\/pages"}],"about":[{"href":"https:\/\/codexvirtualis.fr\/codex\/wp-json\/wp\/v2\/types\/page"}],"author":[{"embeddable":true,"href":"https:\/\/codexvirtualis.fr\/codex\/wp-json\/wp\/v2\/users\/2"}],"replies":[{"embeddable":true,"href":"https:\/\/codexvirtualis.fr\/codex\/wp-json\/wp\/v2\/comments?post=12626"}],"version-history":[{"count":4,"href":"https:\/\/codexvirtualis.fr\/codex\/wp-json\/wp\/v2\/pages\/12626\/revisions"}],"predecessor-version":[{"id":12630,"href":"https:\/\/codexvirtualis.fr\/codex\/wp-json\/wp\/v2\/pages\/12626\/revisions\/12630"}],"up":[{"embeddable":true,"href":"https:\/\/codexvirtualis.fr\/codex\/wp-json\/wp\/v2\/pages\/26"}],"wp:attachment":[{"href":"https:\/\/codexvirtualis.fr\/codex\/wp-json\/wp\/v2\/media?parent=12626"}],"curies":[{"name":"wp","href":"https:\/\/api.w.org\/{rel}","templated":true}]}}