{"id":12546,"date":"2020-03-21T15:55:44","date_gmt":"2020-03-21T14:55:44","guid":{"rendered":"https:\/\/codexvirtualis.fr\/codex\/?page_id=12546"},"modified":"2020-03-21T15:55:44","modified_gmt":"2020-03-21T14:55:44","slug":"glossaire-i","status":"publish","type":"page","link":"https:\/\/codexvirtualis.fr\/codex\/glossaire\/glossaire-i","title":{"rendered":"Glossaire : I"},"content":{"rendered":"<p><!DOCTYPE html><br \/>\n<html><br \/>\n<span style=\"color: #999999;\">\u2022 <a name=\"ileon\"><\/a> <strong>il\u00e9on<\/strong><\/span> (nom masculin ; pluriel : il\u00e9ons) : r\u00e9gion du tube digestif (Euarthropodes), derni\u00e8re partie de l&rsquo;intestin gr\u00eale (Vert\u00e9br\u00e9s)<br \/>\n<em>(de eilein = rouler)<\/em><\/p>\n<p>&nbsp;<\/p>\n<p><span style=\"color: #999999;\">\u2022 <a name=\"imaginal\"><\/a> <strong>imaginal<\/strong><\/span> (f\u00e9minin : imaginale ; pluriel : imaginaux, imaginales) : relatif \u00e0 un imago<br \/>\n<em>imag- = imago (de imago = image)<\/em><\/p>\n<p> &nbsp; <\/p>\n<p><span style=\"color: #999999;\">\u2022 <a name=\"imago\"><\/a><strong>imago<\/strong><\/span> (nom masculin ; pluriel : imagos) : stade du cycle de vie d&rsquo;un organisme animal, caract\u00e9ris\u00e9 par la capacit\u00e9 de se reproduire ; ce terme est surtout utilis\u00e9 dans le cas des Insectes ; le terme adulte est utilis\u00e9 comme synonyme mais \u00e9tymologiquement, adulte signifie \u00ab\u00a0qui ne grandit plus\u00a0\u00bb)<br \/>\n<em>(de imago = image)<\/em><\/p>\n<p>&nbsp;<\/p>\n<p><span style=\"color: #999999;\">\u2022 <a name=\"immunitaire\"><\/a> <strong>immunitaire<\/strong><\/span> (f\u00e9minin : immunitaire ; pluriel : immunitaires, immunitaires) : relatif \u00e0 l&rsquo;immunit\u00e9<br \/>\n<em>immunit- = immunit\u00e9 (de immunitas = s\u00fbret\u00e9, exemption de charge)<\/em><\/p>\n<p>&nbsp;<\/p>\n<p><span style=\"color: #999999;\">\u2022 <a name=\"immunite\"><\/a> <strong>immunit\u00e9<\/strong><\/span> (nom f\u00e9minin ; pluriel : immunit\u00e9s) : ensemble des m\u00e9canismes de d\u00e9fense d&rsquo;un animal vis-\u00e0-vis de facteurs \u00e9trangers, notamment pathog\u00e8nes<br \/>\n<em>(de immunitas = s\u00fbret\u00e9, exemption de charge)<\/em><\/p>\n<p>&nbsp;<\/p>\n<p><span style=\"color: #999999;\">\u2022 <a name=\"incisive\"><\/a> <strong>incisive<\/strong><\/span> (nom f\u00e9minin ; pluriel : incisives) : dent labiale g\u00e9n\u00e9ralement plate et tranchante en position m\u00e9diane par rapport aux canines (Mammif\u00e8res)<br \/>\n<em>(de incisivus = tranchant)<\/em><\/p>\n<p>&nbsp;<\/p>\n<p><span style=\"color: #999999;\">\u2022 <a name=\"indirect\"><\/a> <strong>indirect<\/strong><\/span> (f\u00e9minin : indirecte ; pluriel : indirects, indirectes) : qualifie un d\u00e9veloppement dans lequel l&rsquo;individu issu du d\u00e9veloppement embryonnaire est diff\u00e9rent l&rsquo;adulte en termes de morphologie, d&rsquo;anatomie, de milieu et de mode de vie ;  le d\u00e9veloppement embryonnaire conduit \u00e0 une larve<br \/>\n<em>in- = n\u00e9gation ; direct (de in = n\u00e9gation ; directus = en ligne droite)<\/em><\/p>\n<p>&nbsp;<\/p>\n<p><span style=\"color: #999999;\">\u2022 <a name=\"inferieur\"><\/a> <strong>inf\u00e9rieur<\/strong><\/span> (f\u00e9minin : inf\u00e9rieure ; pluriel : inf\u00e9rieurs, inf\u00e9rieures) : qualifie une structure situ\u00e9e en bas, ou en dessous d&rsquo;une autre<br \/>\n<em>(de inferior = comparatif de inferus = qui se trouve dessous)<\/em><\/p>\n<p>&nbsp;<\/p>\n<p><span style=\"color: #999999;\">\u2022 <a name=\"ingestion\"><\/a> <strong>ingestion<\/strong><\/span> (nom f\u00e9minin ; pluriel : ingestions) : introduction de nourriture dans le tube digestif par la bouche<br \/>\n<em>(de ingestio = introduction)<\/em><\/p>\n<p>&nbsp;<\/p>\n<p><span style=\"color: #999999;\">\u2022 <a name=\"innerve\"><\/a> <strong>innerv\u00e9<\/strong><\/span> (f\u00e9minin : innerv\u00e9e ; pluriel : innerv\u00e9s, innerv\u00e9es) : qualifie une structure dans laquelle des nerfs sont pr\u00e9sents<br \/>\n<em>in- = dans ; -nerv- = nerf (de in = en, dans ; nervus = nerf)<\/em><\/p>\n<p>&nbsp;<\/p>\n<p><span style=\"color: #999999;\">\u2022 <a name=\"insecte\"><\/a> <strong>Insecte<\/strong><\/span> (nom masculin ; pluriel : Insectes) : d\u00e9signe un taxon d&rsquo;animaux dont le corps est divis\u00e9 en segments ; les Insectes sont des Euarthropodes hexapodes incluant par exemple le Criquet et la Mouche<br \/>\n<em>(de insecta = coup\u00e9, divis\u00e9)<\/em><\/p>\n<p>&nbsp;<\/p>\n<p><span style=\"color: #999999;\">\u2022 <a name=\"inspiration\"><\/a> <strong>inspiration<\/strong><\/span> (nom f\u00e9minin ; pluriel : inspirations) : processus permettant la p\u00e9n\u00e9tration de l&rsquo;air dans l&rsquo;appareil respiratoire, \u00e9tape de la ventilation en milieu a\u00e9rien<br \/>\n<em>(de inspiratio avec in = en, dans ; spiratio = souffler)<\/em><\/p>\n<p>&nbsp;<\/p>\n<p><span style=\"color: #999999;\">\u2022 <a name=\"intercalaire\"><\/a> <strong>intercalaire<\/strong><\/span> (f\u00e9minin : intercalaire ; pluriel :  intercalaires, intercalaires) : qualifie une structure situ\u00e9e entre deux autres de nature similaire<br \/>\n<em>(de intercalarius = intercalaire)<\/em><\/p>\n<p>&nbsp;<\/p>\n<p><span style=\"color: #999999;\">\u2022 <a name=\"intercellulaire\"><\/a> <strong>intercellulaire<\/strong><\/span> (f\u00e9minin : intercellulaire ; pluriel : intercellulaires, intercellulaires) : qualifie une structure situ\u00e9e ou un processus intervenant entre deux cellules<br \/>\n<em>inter- = entre ; cellulaire (de inter = entre ; kutos = cellule)<\/em><\/p>\n<p>&nbsp;<\/p>\n<p><span style=\"color: #999999;\">\u2022 <a name=\"intercostal\"><\/a> <strong>intercostal<\/strong><\/span> (f\u00e9minin : intercostale ; pluriel : intercostaux, intercostales) : qualifie une structure situ\u00e9e ou un ph\u00e9nom\u00e8ne localis\u00e9 entre deux c\u00f4tes (Vert\u00e9br\u00e9s)<br \/>\n<em>inter- = entre ; cost- = c\u00f4te (de inter = entre ; costa = c\u00f4te)<\/em><\/p>\n<p>&nbsp;<\/p>\n<p><span style=\"color: #999999;\">\u2022 <a name=\"intermetamerique\"><\/a> <strong>interm\u00e9tam\u00e9rique<\/strong><\/span> (f\u00e9minin : interm\u00e9tam\u00e9rique ; pluriel : interm\u00e9tam\u00e9riques, interm\u00e9tam\u00e9riques) : qualifie une structure situ\u00e9e ou un processus intervenant entre deux m\u00e9tam\u00e8res<br \/>\n<em>inter- = entre ; m\u00e9tam\u00e9rique (de inter = entre ; meta = ensuite ; meros = partie)<\/em><\/p>\n<p>&nbsp;<\/p>\n<p><span style=\"color: #999999;\">\u2022 <a name=\"internalisation\"><\/a> <strong>internalisation<\/strong><\/span> (nom f\u00e9minin ; pluriel : internalisations) : processus de p\u00e9n\u00e9tration d&rsquo;une substance ou d&rsquo;int\u00e9gration d&rsquo;une structure, \u00e0 l&rsquo;int\u00e9rieur d&rsquo;une cellule ou d&rsquo;un organisme<br \/>\n<em>(de internus = \u00e0 l&rsquo;int\u00e9rieur)<\/em><\/p>\n<p>&nbsp;<\/p>\n<p><span style=\"color: #999999;\">\u2022 <a name=\"internalise\"><\/a> <strong>internalis\u00e9<\/strong><\/span> (f\u00e9minin : internalis\u00e9e ; pluriel : internalis\u00e9s, internalis\u00e9es) : qui a subi une internalisation (substance, structure)<br \/>\n<em>internalis- = internalisation (de internus = \u00e0 l&rsquo;int\u00e9rieur)<\/em><\/p>\n<p>&nbsp;<\/p>\n<p><span style=\"color: #999999;\">\u2022 <a name=\"interocepteur\"><\/a> <strong>int\u00e9rocepteur<\/strong><\/span> (nom masculin ; pluriel : int\u00e9rocepteurs) : r\u00e9cepteur sensoriel sensible \u00e0 des stimulations provenant de l&rsquo;int\u00e9rieur de l&rsquo;organisme<br \/>\n<em>int\u00e9ro- = \u00e0 l&rsquo;int\u00e9rieur ; -cepteur = r\u00e9cepteur (de interus = int\u00e9rieur ; receptus = recevoir)<\/em><\/p>\n<p>&nbsp;<\/p>\n<p><span style=\"color: #999999;\">\u2022 <a name=\"interradial\"><\/a> <strong>interradial<\/strong><\/span> (f\u00e9minin : interradiale ; pluriel : interradiaux, interradiales) : relatif \u00e0 l&rsquo;interradius (\u00c9chinodermes)<br \/>\n<em>interradi- = interradius (de inter = entre ; radius = rayon, baguette)<\/em><\/p>\n<p>&nbsp;<\/p>\n<p><span style=\"color: #999999;\">\u2022 <a name=\"interradius\"><\/a> <strong>interradius<\/strong><\/span> (nom masculin ; pluriel : interradius) : r\u00e9gion du corps ne portant pas de pieds ambulacraires, \u00e9galement appel\u00e9e zone interambulacraire (\u00c9chinodermes)<br \/>\n<em>inter- = entre ; radius (de inter = entre ; radius = rayon, baguette)<\/em><\/p>\n<p>&nbsp;<\/p>\n<p><span style=\"color: #999999;\">\u2022 <a name=\"interrelation\"><\/a> <strong>interrelation<\/strong><\/span> (nom f\u00e9minin ; pluriel : interrelations) : relation r\u00e9ciproque entre deux cellules, tissus, organes, organismes<br \/>\n<em>inter- = entre ; relation (de inter = entre ; relatio = rapport, amiti\u00e9)<\/em><\/p>\n<p>&nbsp;<\/p>\n<p><span style=\"color: #999999;\">\u2022 <a name=\"interspecifique\"><\/a> <strong>intersp\u00e9cifique<\/strong><\/span> (f\u00e9minin : intersp\u00e9cifique ; pluriel : intersp\u00e9cifiques, intersp\u00e9cifiques) : qui concerne deux esp\u00e8ces distinctes<br \/>\n<em>inter- = entre ; sp\u00e9cifique (de inter = entre ; specificus = propre \u00e0 une esp\u00e8ce)<\/em><\/p>\n<p>&nbsp;<\/p>\n<p><span style=\"color: #999999;\">\u2022 <a name=\"interstitiel\"><\/a> <strong>interstitiel<\/strong><\/span> (f\u00e9minin : interstitielle ; pluriel : interstitiels, interstitielles) : qui est localis\u00e9 dans les interstices d&rsquo;un tissu ou d&rsquo;un organe (cellule, tissu, liquide)<br \/>\n<em>interstiti- = interstitium (de interstitium = se tenant entre)<\/em><\/p>\n<p>&nbsp;<\/p>\n<p><span style=\"color: #999999;\">\u2022 <a name=\"interstitium\"><\/a> <strong>interstitium<\/strong><\/span> (nom masculin ; pluriel : interstitiums) : espace situ\u00e9 entre les unit\u00e9s fonctionnelles d&rsquo;un organe, g\u00e9n\u00e9ralement occup\u00e9 par du tissu conjonctif fibreux et du liquide interstitiel (Vert\u00e9br\u00e9s)<br \/>\n<em>(de interstitium = se tenant entre)<\/em><\/p>\n<p>&nbsp;<\/p>\n<p><span style=\"color: #999999;\">\u2022 <a name=\"intertubulaire\"><\/a> <strong>intertubulaire<\/strong><\/span> (f\u00e9minin : intertubulaire ; pluriel : intertubulaires, intertubulaires) : qualifie un ph\u00e9nom\u00e8ne intervenant ou une structure localis\u00e9e entre deux tubules<br \/>\n<em>inter -= entre ; tubulaire (de inter = entre ; tubulus = diminutif de tubus = tube)<\/em><\/p>\n<p>&nbsp;<\/p>\n<p><span style=\"color: #999999;\">\u2022 <a name=\"intestin\"><\/a> <strong>intestin<\/strong><\/span> (nom masculin ; pluriel : intestins) : organe du tube digestif, situ\u00e9 g\u00e9n\u00e9ralement entre l&rsquo;estomac et le rectum, impliqu\u00e9 dans la digestion des mol\u00e9cules alimentaires et l&rsquo;absorption des mol\u00e9cules en r\u00e9sultant<br \/>\n<em>(de intestinum = intestin)<\/em><\/p>\n<p>&nbsp;<\/p>\n<p><span style=\"color: #999999;\">\u2022 <a name=\"intestinal\"><\/a> <strong>intestinal<\/strong><\/span> (f\u00e9minin : intestinale ; pluriel : intestinaux, intestinales) : relatif \u00e0 l&rsquo;intestin<br \/>\n<em>intestin- = intestin (de intestinum = intestin)<\/em><\/p>\n<p>&nbsp;<\/p>\n<p><span style=\"color: #999999;\">\u2022 <a name=\"intima\"><\/a> <strong>intima<\/strong><\/span> (nom f\u00e9minin ; pluriel : intimas) : tunique interne de la paroi des vaisseaux sanguins, constitu\u00e9e d&rsquo;un endoth\u00e9lium et de tissu conjonctif fibreux (Vert\u00e9br\u00e9s)<br \/>\n<em>(de intimus = tout \u00e0 fait int\u00e9rieur)<\/em><\/p>\n<p>&nbsp;<\/p>\n<p><span style=\"color: #999999;\">\u2022 <a name=\"intracellulaire\"><\/a> <strong>intracellulaire<\/strong><\/span> (f\u00e9minin : intracellulaire ; pluriel : intracellulaires, intracellulaires) : localis\u00e9 \u00e0 l&rsquo;int\u00e9rieur d&rsquo;une cellule<br \/>\n<em>intra- = \u00e0 l&rsquo;int\u00e9rieur ; cellulaire (de intra = en-dedans ; kutos = cellule)<\/em><\/p>\n<p>&nbsp;<\/p>\n<p><span style=\"color: #999999;\">\u2022 <a name=\"intracoelomique\"><\/a> <strong>intrac\u0153lomique<\/strong><\/span> (f\u00e9minin : intrac\u0153lomique ; pluriel : intrac\u0153lomiques, intrac\u0153lomiques) : localis\u00e9 dans une cavit\u00e9 c\u0153lomique<br \/>\n<em>intra- = \u00e0 l&rsquo;int\u00e9rieur ; c\u0153lomique (de intra = en-dedans ; koiloma = cavit\u00e9)<\/em><\/p>\n<p>&nbsp;<\/p>\n<p><span style=\"color: #999999;\">\u2022 <a name=\"intracytoplasmique\"><\/a> <strong>intracytoplasmique<\/strong><\/span> (f\u00e9minin : intracytoplasmique ; pluriel : intracytoplasmiques, intracytoplasmiques) : localis\u00e9 dans le cytoplasme<br \/>\n<em>intra- = \u00e0 l&rsquo;int\u00e9rieur ; cytoplasmique (de intra = en-dedans ; kutos = cellule ; plasma = ouvrage fa\u00e7onn\u00e9)<\/em><\/p>\n<p>&nbsp;<\/p>\n<p><span style=\"color: #999999;\">\u2022 <a name=\"intranephronique\"><\/a> <strong>intran\u00e9phronique<\/strong><\/span> (f\u00e9minin : intran\u00e9phronique ; pluriel : intran\u00e9phroniques, intran\u00e9phroniques) : situ\u00e9 dans un n\u00e9phron<br \/>\n<em>intra- = \u00e0 l&rsquo;int\u00e9rieur ; n\u00e9phronique (de intra = en-dedans ; nephros = rein)<\/em><\/p>\n<p>&nbsp;<\/p>\n<p><span style=\"color: #999999;\">\u2022 <a name=\"intrapulmonaire\"><\/a> <strong>intrapulmonaire<\/strong><\/span> (f\u00e9minin : intrapulmonaires ; pluriel : intrapulmonaires, intrapulmonaires) : localis\u00e9 \u00e0 l&rsquo;int\u00e9rieur d&rsquo;un poumon<br \/>\n<em>intra = \u00e0 l&rsquo;int\u00e9rieur ; pulmonaire (de intra = en-dedans ; pulmo = poumon)<\/em><\/p>\n<p>&nbsp;<\/p>\n<p><span style=\"color: #999999;\">\u2022 <a name=\"intraspecifique\"><\/a> <strong>intrasp\u00e9cifique<\/strong><\/span> (f\u00e9minin : intrasp\u00e9cifique ; pluriel : intrasp\u00e9cifiques, intrasp\u00e9cifiques) : qui concerne une unique esp\u00e8ce<br \/>\n<em>intra- = \u00e0 l&rsquo;int\u00e9rieur ; sp\u00e9cifique (de intra = en-dedans ; specificus = propre \u00e0 une esp\u00e8ce)<\/em><\/p>\n<p>&nbsp;<\/p>\n<p><span style=\"color: #999999;\">\u2022 <a name=\"intratissulaire\"><\/a> <strong>intratissulaire<\/strong><\/span> (f\u00e9minin : intratissulaire ; pluriel : intratissulaires, intratissulaires) : situ\u00e9 \u00e0 l&rsquo;int\u00e9rieur d&rsquo;un tissu<br \/>\n<em>intra- = \u00e0 l&rsquo;int\u00e9rieur ; tissulaire (de intra = en-dedans ; tistre = tisser)<\/em><\/p>\n<p>&nbsp;<\/p>\n<p><span style=\"color: #999999;\">\u2022 <a name=\"invagination\"><\/a> <strong>invagination<\/strong><\/span> (nom f\u00e9minin ; pluriel : invaginations) : repli d&rsquo;une structure (paroi d&rsquo;un organe, couche de cellules, membrane plasmique) vers l&rsquo;int\u00e9rieur<br \/>\n<em>(de in = en, dans ; vagina = gaine)<\/em><\/p>\n<p>&nbsp;<\/p>\n<p><span style=\"color: #999999;\">\u2022 <a name=\"involution\"><\/a> <strong>involution<\/strong><\/span> (nom f\u00e9minin ; pluriel : involutions) : processus conduisant \u00e0 la r\u00e9gression ou \u00e0 l&rsquo;invagination d&rsquo;une structure<br \/>\n<em>(de involutio = enroulement)<\/em><\/p>\n<p>&nbsp;<\/p>\n<p><span style=\"color: #999999;\">\u2022 <a name=\"ionoregulation\"><\/a> <strong>ionor\u00e9gulation<\/strong><\/span> (nom f\u00e9minin ; pluriel : ionor\u00e9gulations) : processus permettant le maintien de la concentration d&rsquo;un ion du milieu int\u00e9rieur dans une fourchette de valeurs<br \/>\n<em>ion- = ion ; r\u00e9gulation (de ion = allant ; regularer = r\u00e9gler)<\/em><\/p>\n<p>&nbsp;<\/p>\n<p><span style=\"color: #999999;\">\u2022 <a name=\"irrigation\"><\/a> <strong>irrigation<\/strong><\/span> (nom f\u00e9minin ; pluriel : irrigations) : circulation du milieu int\u00e9rieur dans un organe<br \/>\n<em>(de irrigatio = arrosage)<\/em><\/p>\n<p>&nbsp;<\/p>\n<p><span style=\"color: #999999;\">\u2022 <a name=\"irrigue\"><\/a> <strong>irrigu\u00e9<\/strong><\/span> (f\u00e9minin : irrigu\u00e9e ; pluriel : irrigu\u00e9s, irrigu\u00e9es) : qui est perfus\u00e9, dans lequel le milieu int\u00e9rieur circule<br \/>\n<em>irrig- = irrigation (de irrigatio = arrosage)<\/em><\/p>\n<p>&nbsp;<\/p>\n<p><span style=\"color: #999999;\">\u2022 <a name=\"isoosmotique\"><\/a> <strong>isoosmotique<\/strong><\/span> (f\u00e9minin : isoosmotique ; pluriel : isoosmotiques, isoosmotiques) : qualifie une solution dont la concentration osmotique est identique \u00e0 celle de la solution \u00e0 laquelle elle est compar\u00e9e<br \/>\n<em>is(o)- = \u00e9gal ; osmotique (de isos = \u00e9gal ; osmos = pouss\u00e9e)<\/em><\/p>\n<p><\/html><\/p>\n","protected":false},"excerpt":{"rendered":"<p>\u2022 il\u00e9on (nom masculin ; pluriel : il\u00e9ons) : r\u00e9gion du tube digestif (Euarthropodes), derni\u00e8re partie de l&rsquo;intestin gr\u00eale (Vert\u00e9br\u00e9s) (de eilein = rouler) &nbsp; \u2022 imaginal (f\u00e9minin : imaginale ; pluriel : imaginaux, imaginales) : relatif \u00e0 un imago imag- = imago (de imago = image) &nbsp; \u2022 imago (nom masculin ; pluriel : [&hellip;]<\/p>\n","protected":false},"author":2,"featured_media":0,"parent":26,"menu_order":9,"comment_status":"closed","ping_status":"closed","template":"","meta":{"site-sidebar-layout":"default","site-content-layout":"","ast-site-content-layout":"default","site-content-style":"default","site-sidebar-style":"default","ast-global-header-display":"","ast-banner-title-visibility":"","ast-main-header-display":"","ast-hfb-above-header-display":"","ast-hfb-below-header-display":"","ast-hfb-mobile-header-display":"","site-post-title":"","ast-breadcrumbs-content":"","ast-featured-img":"","footer-sml-layout":"","ast-disable-related-posts":"","theme-transparent-header-meta":"","adv-header-id-meta":"","stick-header-meta":"","header-above-stick-meta":"","header-main-stick-meta":"","header-below-stick-meta":"","astra-migrate-meta-layouts":"default","ast-page-background-enabled":"default","ast-page-background-meta":{"desktop":{"background-color":"var(--ast-global-color-4)","background-image":"","background-repeat":"repeat","background-position":"center center","background-size":"auto","background-attachment":"scroll","background-type":"","background-media":"","overlay-type":"","overlay-color":"","overlay-opacity":"","overlay-gradient":""},"tablet":{"background-color":"","background-image":"","background-repeat":"repeat","background-position":"center center","background-size":"auto","background-attachment":"scroll","background-type":"","background-media":"","overlay-type":"","overlay-color":"","overlay-opacity":"","overlay-gradient":""},"mobile":{"background-color":"","background-image":"","background-repeat":"repeat","background-position":"center center","background-size":"auto","background-attachment":"scroll","background-type":"","background-media":"","overlay-type":"","overlay-color":"","overlay-opacity":"","overlay-gradient":""}},"ast-content-background-meta":{"desktop":{"background-color":"var(--ast-global-color-5)","background-image":"","background-repeat":"repeat","background-position":"center center","background-size":"auto","background-attachment":"scroll","background-type":"","background-media":"","overlay-type":"","overlay-color":"","overlay-opacity":"","overlay-gradient":""},"tablet":{"background-color":"var(--ast-global-color-5)","background-image":"","background-repeat":"repeat","background-position":"center center","background-size":"auto","background-attachment":"scroll","background-type":"","background-media":"","overlay-type":"","overlay-color":"","overlay-opacity":"","overlay-gradient":""},"mobile":{"background-color":"var(--ast-global-color-5)","background-image":"","background-repeat":"repeat","background-position":"center center","background-size":"auto","background-attachment":"scroll","background-type":"","background-media":"","overlay-type":"","overlay-color":"","overlay-opacity":"","overlay-gradient":""}},"footnotes":""},"class_list":["post-12546","page","type-page","status-publish","hentry"],"aioseo_notices":[],"jetpack_sharing_enabled":true,"_links":{"self":[{"href":"https:\/\/codexvirtualis.fr\/codex\/wp-json\/wp\/v2\/pages\/12546","targetHints":{"allow":["GET"]}}],"collection":[{"href":"https:\/\/codexvirtualis.fr\/codex\/wp-json\/wp\/v2\/pages"}],"about":[{"href":"https:\/\/codexvirtualis.fr\/codex\/wp-json\/wp\/v2\/types\/page"}],"author":[{"embeddable":true,"href":"https:\/\/codexvirtualis.fr\/codex\/wp-json\/wp\/v2\/users\/2"}],"replies":[{"embeddable":true,"href":"https:\/\/codexvirtualis.fr\/codex\/wp-json\/wp\/v2\/comments?post=12546"}],"version-history":[{"count":4,"href":"https:\/\/codexvirtualis.fr\/codex\/wp-json\/wp\/v2\/pages\/12546\/revisions"}],"predecessor-version":[{"id":12548,"href":"https:\/\/codexvirtualis.fr\/codex\/wp-json\/wp\/v2\/pages\/12546\/revisions\/12548"}],"up":[{"embeddable":true,"href":"https:\/\/codexvirtualis.fr\/codex\/wp-json\/wp\/v2\/pages\/26"}],"wp:attachment":[{"href":"https:\/\/codexvirtualis.fr\/codex\/wp-json\/wp\/v2\/media?parent=12546"}],"curies":[{"name":"wp","href":"https:\/\/api.w.org\/{rel}","templated":true}]}}