{"id":113,"date":"2011-02-01T15:20:24","date_gmt":"2011-02-01T15:20:24","guid":{"rendered":"http:\/\/codexvirtualis.fr\/codex"},"modified":"2011-06-18T14:45:17","modified_gmt":"2011-06-18T12:45:17","slug":"invasion-despeces","status":"publish","type":"page","link":"https:\/\/codexvirtualis.fr\/codex\/de-la-biodiversite\/la-biodiversite-urbaine\/invasion-despeces","title":{"rendered":"Invasion d&rsquo;esp\u00e8ces"},"content":{"rendered":"<p> &nbsp; <\/p>\n<p> Acc\u00e9der au site de <a title=\"Site du magazine Pour la Science\" href=\"http:\/\/www.pourlascience.fr\/\" target=\"_blank\">Pour la Science<\/a> (adresse : http:\/\/www.pourlascience.fr\/)<\/p>\n<p> &nbsp; <\/p>\n<p>L&rsquo;article \u00ab\u00a0Invasions d&rsquo;esp\u00e8ces : cause ou cons\u00e9quence de la perturbation des \u00e9cosyst\u00e8mes ?\u00a0\u00bb d&rsquo;Anne Teyss\u00e8dre et Robert Barbault, paru dans la rubrique Opinions du magazine Pour la science de f\u00e9vrier 2009 \u00e9tudie l&rsquo;\u00e9volution de la biodiversit\u00e9 et ses relations avec la perturbation des \u00e9cosyst\u00e8mes.<\/p>\n<p><a href=\"\/documents\/telechargement\/biodiversite-urbaine\/invasions-despeces-cause-ou-consequence-de-la-perturbation-des-ecosystemes.pdf\" target=\"_blank\"><img loading=\"lazy\" decoding=\"async\" class=\"alignnone\" title=\"Article Pour la Science\" src=\"\/documents\/images\/vignette-pour-la-science-fevrier-2009.jpg\" alt=\"Article Pour la Science\" width=\"160\" height=\"220\" \/><\/a><\/p>\n<p><a href=\"\/documents\/telechargement\/biodiversite-urbaine\/invasions-despeces-cause-ou-consequence-de-la-perturbation-des-ecosystemes.pdf\" target=\"_blank\">Invasions d&rsquo;esp\u00e8ces : cause ou cons\u00e9quence de la perturbation des \u00e9cosyst\u00e8mes ?<\/a><\/p>\n<p> &nbsp; <\/p>\n<h2>Contenu<\/h2>\n<ul>\n<li>Certaines esp\u00e8ces ont modifi\u00e9 le milieu<\/li>\n<\/ul>\n<ul>\n<li>Des envahisseurs venus de l&rsquo;int\u00e9rieur<\/li>\n<\/ul>\n<ul>\n<li>Sp\u00e9cialistes remplac\u00e9s par g\u00e9n\u00e9ralistes<\/li>\n<\/ul>\n<h2>Encadr\u00e9s<\/h2>\n<ul>\n<li>De prairies en toundras<\/li>\n<\/ul>\n<ul>\n<li>Gramin\u00e9es exotiques et prairies \u00e0 ch\u00eanes<\/li>\n<\/ul>\n<ul>\n<li>Indices de sp\u00e9cialisation<\/li>\n<\/ul>\n","protected":false},"excerpt":{"rendered":"<p>&nbsp; Acc\u00e9der au site de Pour la Science (adresse : http:\/\/www.pourlascience.fr\/) &nbsp; L&rsquo;article \u00ab\u00a0Invasions d&rsquo;esp\u00e8ces : cause ou cons\u00e9quence de la perturbation des \u00e9cosyst\u00e8mes ?\u00a0\u00bb d&rsquo;Anne Teyss\u00e8dre et Robert Barbault, paru dans la rubrique Opinions du magazine Pour la science de f\u00e9vrier 2009 \u00e9tudie l&rsquo;\u00e9volution de la biodiversit\u00e9 et ses relations avec la perturbation des [&hellip;]<\/p>\n","protected":false},"author":2,"featured_media":0,"parent":18,"menu_order":4,"comment_status":"closed","ping_status":"closed","template":"","meta":{"site-sidebar-layout":"default","site-content-layout":"","ast-site-content-layout":"default","site-content-style":"default","site-sidebar-style":"default","ast-global-header-display":"","ast-banner-title-visibility":"","ast-main-header-display":"","ast-hfb-above-header-display":"","ast-hfb-below-header-display":"","ast-hfb-mobile-header-display":"","site-post-title":"","ast-breadcrumbs-content":"","ast-featured-img":"","footer-sml-layout":"","ast-disable-related-posts":"","theme-transparent-header-meta":"","adv-header-id-meta":"","stick-header-meta":"","header-above-stick-meta":"","header-main-stick-meta":"","header-below-stick-meta":"","astra-migrate-meta-layouts":"default","ast-page-background-enabled":"default","ast-page-background-meta":{"desktop":{"background-color":"var(--ast-global-color-4)","background-image":"","background-repeat":"repeat","background-position":"center center","background-size":"auto","background-attachment":"scroll","background-type":"","background-media":"","overlay-type":"","overlay-color":"","overlay-opacity":"","overlay-gradient":""},"tablet":{"background-color":"","background-image":"","background-repeat":"repeat","background-position":"center center","background-size":"auto","background-attachment":"scroll","background-type":"","background-media":"","overlay-type":"","overlay-color":"","overlay-opacity":"","overlay-gradient":""},"mobile":{"background-color":"","background-image":"","background-repeat":"repeat","background-position":"center center","background-size":"auto","background-attachment":"scroll","background-type":"","background-media":"","overlay-type":"","overlay-color":"","overlay-opacity":"","overlay-gradient":""}},"ast-content-background-meta":{"desktop":{"background-color":"var(--ast-global-color-5)","background-image":"","background-repeat":"repeat","background-position":"center center","background-size":"auto","background-attachment":"scroll","background-type":"","background-media":"","overlay-type":"","overlay-color":"","overlay-opacity":"","overlay-gradient":""},"tablet":{"background-color":"var(--ast-global-color-5)","background-image":"","background-repeat":"repeat","background-position":"center center","background-size":"auto","background-attachment":"scroll","background-type":"","background-media":"","overlay-type":"","overlay-color":"","overlay-opacity":"","overlay-gradient":""},"mobile":{"background-color":"var(--ast-global-color-5)","background-image":"","background-repeat":"repeat","background-position":"center center","background-size":"auto","background-attachment":"scroll","background-type":"","background-media":"","overlay-type":"","overlay-color":"","overlay-opacity":"","overlay-gradient":""}},"footnotes":""},"class_list":["post-113","page","type-page","status-publish","hentry"],"aioseo_notices":[],"jetpack_sharing_enabled":true,"_links":{"self":[{"href":"https:\/\/codexvirtualis.fr\/codex\/wp-json\/wp\/v2\/pages\/113","targetHints":{"allow":["GET"]}}],"collection":[{"href":"https:\/\/codexvirtualis.fr\/codex\/wp-json\/wp\/v2\/pages"}],"about":[{"href":"https:\/\/codexvirtualis.fr\/codex\/wp-json\/wp\/v2\/types\/page"}],"author":[{"embeddable":true,"href":"https:\/\/codexvirtualis.fr\/codex\/wp-json\/wp\/v2\/users\/2"}],"replies":[{"embeddable":true,"href":"https:\/\/codexvirtualis.fr\/codex\/wp-json\/wp\/v2\/comments?post=113"}],"version-history":[{"count":13,"href":"https:\/\/codexvirtualis.fr\/codex\/wp-json\/wp\/v2\/pages\/113\/revisions"}],"predecessor-version":[{"id":2494,"href":"https:\/\/codexvirtualis.fr\/codex\/wp-json\/wp\/v2\/pages\/113\/revisions\/2494"}],"up":[{"embeddable":true,"href":"https:\/\/codexvirtualis.fr\/codex\/wp-json\/wp\/v2\/pages\/18"}],"wp:attachment":[{"href":"https:\/\/codexvirtualis.fr\/codex\/wp-json\/wp\/v2\/media?parent=113"}],"curies":[{"name":"wp","href":"https:\/\/api.w.org\/{rel}","templated":true}]}}